{"id":82380,"date":"2025-05-19T16:42:22","date_gmt":"2025-05-19T16:42:22","guid":{"rendered":"https:\/\/brandss.com.py\/index\/?post_type=product&#038;p=82380"},"modified":"2025-05-19T16:43:13","modified_gmt":"2025-05-19T16:43:13","slug":"auricular-g-tide-l21-bt-inalambrico-black","status":"publish","type":"product","link":"https:\/\/brandss.com.py\/index\/producto\/auricular-g-tide-l21-bt-inalambrico-black\/","title":{"rendered":"AURICULAR G-TIDE L21 BT INAL\u00c1MBRICO BLACK"},"content":{"rendered":"<p><img loading=\"lazy\" decoding=\"async\" class=\"\" src=\"https:\/\/gtide.com.br\/wp-content\/uploads\/2024\/04\/gtideazul.svg\" alt=\"REJOJ UNISEX G-TIDE SMARTWATCH R3 BLACK - Brands\" width=\"106\" height=\"41\" \/><\/p>\n<h1>L21<\/h1>\n<p>Los auriculares inal\u00e1mbricos G-Tide L21 ofrecen una experiencia de audio c\u00f3moda y pr\u00e1ctica con su conectividad Bluetooth, ideal para usuarios que buscan libertad de movimiento y sonido de calidad. Con un micr\u00f3fono incorporado, estos auriculares permiten realizar llamadas con claridad sin necesidad de utilizar el tel\u00e9fono directamente. Su dise\u00f1o resistente al agua con certificaci\u00f3n IP54 los hace aptos para su uso en exteriores o durante actividades f\u00edsicas, brindando protecci\u00f3n contra el polvo y las salpicaduras. Equipados con un puerto de carga USB-C, la carga es r\u00e1pida y eficiente, asegurando que los auriculares est\u00e9n listos para su uso en poco tiempo. La bater\u00eda de 250 mAh proporciona una buena duraci\u00f3n, permitiendo largas sesiones de m\u00fasica o llamadas sin interrupciones. Estos auriculares combinan comodidad, durabilidad y funcionalidad para el d\u00eda a d\u00eda.<\/p>\n<section class=\"elementor-section elementor-top-section elementor-element elementor-element-d769a24 elementor-section-boxed elementor-section-height-default elementor-section-height-default\" data-id=\"d769a24\" data-element_type=\"section\">\n<div class=\"elementor-container elementor-column-gap-default\">\n<div class=\"elementor-column elementor-col-100 elementor-top-column elementor-element elementor-element-5f3051b\" data-id=\"5f3051b\" data-element_type=\"column\">\n<div class=\"elementor-widget-wrap elementor-element-populated\">\n<div class=\"elementor-element elementor-element-d3bd76c elementor-position-left elementor-view-default elementor-mobile-position-top elementor-vertical-align-top elementor-widget elementor-widget-icon-box\" data-id=\"d3bd76c\" data-element_type=\"widget\" data-widget_type=\"icon-box.default\">\n<div class=\"elementor-widget-container\">\n<div class=\"elementor-icon-box-wrapper\">\n<div class=\"elementor-icon-box-content\">\n<h3 class=\"elementor-icon-box-title\">Caracter\u00edsticas<\/h3>\n<\/div>\n<\/div>\n<\/div>\n<\/div>\n<\/div>\n<\/div>\n<\/div>\n<\/section>\n<section class=\"elementor-section elementor-top-section elementor-element elementor-element-2645c91 elementor-section-boxed elementor-section-height-default elementor-section-height-default\" data-id=\"2645c91\" data-element_type=\"section\">\n<div class=\"elementor-container elementor-column-gap-default\">\n<div class=\"elementor-column elementor-col-100 elementor-top-column elementor-element elementor-element-211a426\" data-id=\"211a426\" data-element_type=\"column\">\n<div class=\"elementor-widget-wrap elementor-element-populated\">\n<div class=\"elementor-element elementor-element-e87fbda elementor-widget elementor-widget-woocommerce-product-content\" data-id=\"e87fbda\" data-element_type=\"widget\" data-widget_type=\"woocommerce-product-content.default\">\n<div class=\"elementor-widget-container\">\n<div class=\"elementor elementor-50156\" data-elementor-type=\"product-post\" data-elementor-id=\"50156\" data-elementor-post-type=\"product\">\n<div class=\"elementor-element elementor-element-37d7079d e-flex e-con-boxed e-con e-parent e-lazyloaded\" data-id=\"37d7079d\" data-element_type=\"container\">\n<div class=\"e-con-inner\">\n<div class=\"elementor-element elementor-element-251ba57d elementor-widget elementor-widget-text-editor\" data-id=\"251ba57d\" data-element_type=\"widget\" data-widget_type=\"text-editor.default\">\n<div class=\"elementor-widget-container\">\n<div>\u2022 Sonido n\u00edtido y envolvente que mejora la experiencia musical.<\/div>\n<div>\u2022\u00a0Compatible para iOS o Android<\/div>\n<div>\u2022 Dise\u00f1o ergon\u00f3mico y elegante<\/div>\n<div>\u2022 Bluetooth 5.3 para conexi\u00f3n inmediata y reconexi\u00f3n autom\u00e1tica.<\/div>\n<div>\u2022 Sensor t\u00e1ctil para: Pausar, reproducir, pasar canciones, subir y bajar volumen.<\/div>\n<div>\u2022 Cambio Libre Izquierda &amp; Derecha: Libertad para usar cualquiera de los auriculares, adapt\u00e1ndose a las preferencias y comodidad del usuario.<\/div>\n<div>\u2022 Carga r\u00e1pida tipo C<\/div>\n<div>\u2022 Incluye micr\u00f3fono para llamadas<\/div>\n<div>\u2022 Duraci\u00f3n de bater\u00eda\u00a0promedio hasta 5 horas, seg\u00fan el volumen.<\/div>\n<div>\u2022 Incluye funda con cord\u00f3n para guardarlos<\/div>\n<div>\u2022 Alcance de promedio 10 metros<\/div>\n<div>\u2022 Entrada de carga: DC 5V-500mA<br \/>\n\u2022 Capacidad de la bater\u00eda de los auriculares: 25 mAh<br \/>\n\u2022 Tiempo de espera de la caja de carga: 90 d\u00edas<\/div>\n<div>\u2022 Capacidad de la bater\u00eda de la caja de carga: 250 mAh<br \/>\n\u2022 Protocolo de soporte: A2DP\/AVRCP\/HFP\/HSP<\/div>\n<div><\/div>\n<div>Garant\u00eda 3 meses por defectos de fabricaci\u00f3n<\/div>\n<div><\/div>\n<div><strong>Contenido de caja:<\/strong><\/div>\n<div>\u2022 1 Aud\u00edfonos G-TIDE L21<\/div>\n<div>\u2022 1 Estuche de carga<\/div>\n<div>\u2022 1 Cable de carga<\/div>\n<div>\u2022 1 Funda con cord\u00f3n<\/div>\n<div>\u2022 1 Manual de usuario<\/div>\n<\/div>\n<\/div>\n<\/div>\n<\/div>\n<\/div>\n<\/div>\n<\/div>\n<\/div>\n<\/div>\n<\/div>\n<\/section>\n","protected":false},"excerpt":{"rendered":"<p>L21 Los auriculares inal\u00e1mbricos G-Tide L21 ofrecen una experiencia de audio c\u00f3moda y pr\u00e1ctica con su conectividad Bluetooth, ideal para<\/p>\n","protected":false},"featured_media":82381,"comment_status":"open","ping_status":"closed","template":"","meta":{"nf_dc_page":""},"product_brand":[],"product_cat":[89],"product_tag":[],"class_list":{"0":"post-82380","1":"product","2":"type-product","3":"status-publish","4":"has-post-thumbnail","6":"product_cat-electronicos","8":"first","9":"instock","10":"shipping-taxable","11":"purchasable","12":"product-type-simple"},"_links":{"self":[{"href":"https:\/\/brandss.com.py\/index\/wp-json\/wp\/v2\/product\/82380","targetHints":{"allow":["GET"]}}],"collection":[{"href":"https:\/\/brandss.com.py\/index\/wp-json\/wp\/v2\/product"}],"about":[{"href":"https:\/\/brandss.com.py\/index\/wp-json\/wp\/v2\/types\/product"}],"replies":[{"embeddable":true,"href":"https:\/\/brandss.com.py\/index\/wp-json\/wp\/v2\/comments?post=82380"}],"version-history":[{"count":1,"href":"https:\/\/brandss.com.py\/index\/wp-json\/wp\/v2\/product\/82380\/revisions"}],"predecessor-version":[{"id":82389,"href":"https:\/\/brandss.com.py\/index\/wp-json\/wp\/v2\/product\/82380\/revisions\/82389"}],"wp:featuredmedia":[{"embeddable":true,"href":"https:\/\/brandss.com.py\/index\/wp-json\/wp\/v2\/media\/82381"}],"wp:attachment":[{"href":"https:\/\/brandss.com.py\/index\/wp-json\/wp\/v2\/media?parent=82380"}],"wp:term":[{"taxonomy":"product_brand","embeddable":true,"href":"https:\/\/brandss.com.py\/index\/wp-json\/wp\/v2\/product_brand?post=82380"},{"taxonomy":"product_cat","embeddable":true,"href":"https:\/\/brandss.com.py\/index\/wp-json\/wp\/v2\/product_cat?post=82380"},{"taxonomy":"product_tag","embeddable":true,"href":"https:\/\/brandss.com.py\/index\/wp-json\/wp\/v2\/product_tag?post=82380"}],"curies":[{"name":"wp","href":"https:\/\/api.w.org\/{rel}","templated":true}]}}