{"id":82750,"date":"2025-05-23T18:54:33","date_gmt":"2025-05-23T18:54:33","guid":{"rendered":"https:\/\/brandss.com.py\/index\/?post_type=product&#038;p=82750"},"modified":"2026-01-09T11:01:10","modified_gmt":"2026-01-09T11:01:10","slug":"camiseta-deportivo-masculino-under-armour-tech-2-0-mangas-cortas-2","status":"publish","type":"product","link":"https:\/\/brandss.com.py\/index\/producto\/camiseta-deportivo-masculino-under-armour-tech-2-0-mangas-cortas-2\/","title":{"rendered":"CAMISETA DEPORTIVO MASCULINO UNDER ARMOUR TECH 2.0 MANGAS CORTAS"},"content":{"rendered":"<p><img loading=\"lazy\" decoding=\"async\" class=\"\" src=\"https:\/\/upload.wikimedia.org\/wikipedia\/commons\/4\/44\/Under_armour_logo.svg\" alt=\"Archivo:Under armour logo.svg - Wikipedia, la enciclopedia libre\" width=\"104\" height=\"61\" \/><\/p>\n<h1>TECH 2.0<\/h1>\n<p>La\u00a0<strong>Tech<\/strong>\u00a0es una\u00a0<strong>camiseta de Under Armour\u00a0<\/strong>con un ajuste aerodin\u00e1mico que te har\u00e1 sentir m\u00e1s c\u00f3modo en tus rutinas. Est\u00e1 confeccionado con tejido\u00a0<strong>UA Tech<\/strong>\u00a0para un r\u00e1pido secado delsudor y m\u00e1xima suavidad.<\/p>\n<h3>Beneficios del producto<\/h3>\n<ul>\n<li>Confeccionado con tejido\u00a0UA Tech\u00a0que te proporciona confort.<\/li>\n<li>Posee tecnolog\u00eda antiolor.<\/li>\n<li>Hecho con 100 % poli\u00e9ster.<\/li>\n<li data-mce-fragment=\"1\"><span class=\"Y2IQFc\" lang=\"es\" data-mce-fragment=\"1\">UA Tech \u2122 es un\u00a0equipo de entrenamiento original de UA: suelto, ligero y te mantiene fresco; por eso, esta camiseta es todo lo que necesitas.<\/span><\/li>\n<li data-mce-fragment=\"1\"><span class=\"Y2IQFc\" lang=\"es\" data-mce-fragment=\"1\">La tela UA Tech \u2122 es de secado r\u00e1pido, ultra suave y tiene una sensaci\u00f3n m\u00e1s natural.<\/span><\/li>\n<li data-mce-fragment=\"1\"><span class=\"Y2IQFc\" lang=\"es\" data-mce-fragment=\"1\">El material absorbe el sudor y se seca muy r\u00e1pido.<\/span><\/li>\n<li data-mce-fragment=\"1\"><span class=\"Y2IQFc\" lang=\"es\" data-mce-fragment=\"1\">La tecnolog\u00eda antiolor previene el crecimiento de microbios que causan olores.<\/span><\/li>\n<li data-mce-fragment=\"1\"><span class=\"Y2IQFc\" lang=\"es\" data-mce-fragment=\"1\">Nuevo ajuste aerodin\u00e1mico y dobladillo con forma.<\/span><\/li>\n<li>Color: Rosa.<\/li>\n<li data-mce-fragment=\"1\">Modelo:\u00a01326413-686.<\/li>\n<\/ul>\n","protected":false},"excerpt":{"rendered":"<p>TECH 2.0 La\u00a0Tech\u00a0es una\u00a0camiseta de Under Armour\u00a0con un ajuste aerodin\u00e1mico que te har\u00e1 sentir m\u00e1s c\u00f3modo en tus rutinas. Est\u00e1<\/p>\n","protected":false},"featured_media":82751,"comment_status":"open","ping_status":"closed","template":"","meta":{"nf_dc_page":""},"product_brand":[2332],"product_cat":[76],"product_tag":[2335],"class_list":{"0":"post-82750","1":"product","2":"type-product","3":"status-publish","4":"has-post-thumbnail","6":"product_brand-under-armour","7":"product_cat-masculino","8":"product_tag-1326413-686","10":"first","11":"instock","12":"shipping-taxable","13":"purchasable","14":"product-type-simple"},"_links":{"self":[{"href":"https:\/\/brandss.com.py\/index\/wp-json\/wp\/v2\/product\/82750","targetHints":{"allow":["GET"]}}],"collection":[{"href":"https:\/\/brandss.com.py\/index\/wp-json\/wp\/v2\/product"}],"about":[{"href":"https:\/\/brandss.com.py\/index\/wp-json\/wp\/v2\/types\/product"}],"replies":[{"embeddable":true,"href":"https:\/\/brandss.com.py\/index\/wp-json\/wp\/v2\/comments?post=82750"}],"version-history":[{"count":1,"href":"https:\/\/brandss.com.py\/index\/wp-json\/wp\/v2\/product\/82750\/revisions"}],"predecessor-version":[{"id":82755,"href":"https:\/\/brandss.com.py\/index\/wp-json\/wp\/v2\/product\/82750\/revisions\/82755"}],"wp:featuredmedia":[{"embeddable":true,"href":"https:\/\/brandss.com.py\/index\/wp-json\/wp\/v2\/media\/82751"}],"wp:attachment":[{"href":"https:\/\/brandss.com.py\/index\/wp-json\/wp\/v2\/media?parent=82750"}],"wp:term":[{"taxonomy":"product_brand","embeddable":true,"href":"https:\/\/brandss.com.py\/index\/wp-json\/wp\/v2\/product_brand?post=82750"},{"taxonomy":"product_cat","embeddable":true,"href":"https:\/\/brandss.com.py\/index\/wp-json\/wp\/v2\/product_cat?post=82750"},{"taxonomy":"product_tag","embeddable":true,"href":"https:\/\/brandss.com.py\/index\/wp-json\/wp\/v2\/product_tag?post=82750"}],"curies":[{"name":"wp","href":"https:\/\/api.w.org\/{rel}","templated":true}]}}