{"id":82840,"date":"2025-05-24T17:32:28","date_gmt":"2025-05-24T17:32:28","guid":{"rendered":"https:\/\/brandss.com.py\/index\/?post_type=product&#038;p=82840"},"modified":"2026-01-09T13:03:07","modified_gmt":"2026-01-09T13:03:07","slug":"hoodie-deportivo-femenino-under-armour-essential-fleece","status":"publish","type":"product","link":"https:\/\/brandss.com.py\/index\/producto\/hoodie-deportivo-femenino-under-armour-essential-fleece\/","title":{"rendered":"HOODIE DEPORTIVO FEMENINO UNDER ARMOUR ESSENTIAL FLEECE"},"content":{"rendered":"<p><img loading=\"lazy\" decoding=\"async\" class=\"\" src=\"https:\/\/upload.wikimedia.org\/wikipedia\/commons\/4\/44\/Under_armour_logo.svg\" alt=\"Archivo:Under armour logo.svg - Wikipedia, la enciclopedia libre\" width=\"131\" height=\"77\" \/><\/p>\n<h1>ESSENTIAL FLEECE<\/h1>\n<p><span>Los calentamientos no se tratan solo de estar c\u00f3modo antes del gran juego (aunque esta tela polar es f\u00e1cilmente una de las m\u00e1s c\u00f3modas que jam\u00e1s sentir\u00e1s), se trata de estar en el espacio correcto, permanecer concentrado y mantener el cuerpo listo.<\/span><\/p>\n<ul class=\"underarmourbr-store-theme-6-x-descriptionListItemContentList\">\n<li><span>Polar de mezcla de algod\u00f3n ultra suave y de peso medio con interior cepillado para mayor calidez.<\/span><\/li>\n<li><span>Bolsillo canguro delantero.<\/span><\/li>\n<li><span>Pu\u00f1os y dobladillo acanalados.<\/span><\/li>\n<li><span>Dobladillo de hombro ca\u00eddo.<\/span><\/li>\n<li><span>Contra defectos de fabricaci\u00f3n.<\/span><\/li>\n<li><span>Importado.<\/span><\/li>\n<li>Compisicion:\u00a0<span><span>80% algod\u00f3n y 20% poli\u00e9ster.<\/span><\/span><\/li>\n<li>Color: Naranja.<\/li>\n<li>Modelo: 1373033-811.<\/li>\n<\/ul>\n","protected":false},"excerpt":{"rendered":"<p>ESSENTIAL FLEECE Los calentamientos no se tratan solo de estar c\u00f3modo antes del gran juego (aunque esta tela polar es<\/p>\n","protected":false},"featured_media":82841,"comment_status":"open","ping_status":"closed","template":"","meta":{"nf_dc_page":""},"product_brand":[2332],"product_cat":[73],"product_tag":[2358],"class_list":{"0":"post-82840","1":"product","2":"type-product","3":"status-publish","4":"has-post-thumbnail","6":"product_brand-under-armour","7":"product_cat-femenino","8":"product_tag-1373033-811","10":"first","11":"outofstock","12":"shipping-taxable","13":"purchasable","14":"product-type-simple"},"_links":{"self":[{"href":"https:\/\/brandss.com.py\/index\/wp-json\/wp\/v2\/product\/82840","targetHints":{"allow":["GET"]}}],"collection":[{"href":"https:\/\/brandss.com.py\/index\/wp-json\/wp\/v2\/product"}],"about":[{"href":"https:\/\/brandss.com.py\/index\/wp-json\/wp\/v2\/types\/product"}],"replies":[{"embeddable":true,"href":"https:\/\/brandss.com.py\/index\/wp-json\/wp\/v2\/comments?post=82840"}],"version-history":[{"count":1,"href":"https:\/\/brandss.com.py\/index\/wp-json\/wp\/v2\/product\/82840\/revisions"}],"predecessor-version":[{"id":82846,"href":"https:\/\/brandss.com.py\/index\/wp-json\/wp\/v2\/product\/82840\/revisions\/82846"}],"wp:featuredmedia":[{"embeddable":true,"href":"https:\/\/brandss.com.py\/index\/wp-json\/wp\/v2\/media\/82841"}],"wp:attachment":[{"href":"https:\/\/brandss.com.py\/index\/wp-json\/wp\/v2\/media?parent=82840"}],"wp:term":[{"taxonomy":"product_brand","embeddable":true,"href":"https:\/\/brandss.com.py\/index\/wp-json\/wp\/v2\/product_brand?post=82840"},{"taxonomy":"product_cat","embeddable":true,"href":"https:\/\/brandss.com.py\/index\/wp-json\/wp\/v2\/product_cat?post=82840"},{"taxonomy":"product_tag","embeddable":true,"href":"https:\/\/brandss.com.py\/index\/wp-json\/wp\/v2\/product_tag?post=82840"}],"curies":[{"name":"wp","href":"https:\/\/api.w.org\/{rel}","templated":true}]}}