{"id":82900,"date":"2025-05-26T12:08:08","date_gmt":"2025-05-26T12:08:08","guid":{"rendered":"https:\/\/brandss.com.py\/index\/?post_type=product&#038;p=82900"},"modified":"2026-01-09T13:27:28","modified_gmt":"2026-01-09T13:27:28","slug":"hoddie-deportivo-masculino-under-armour-rival-fleece-colorblock","status":"publish","type":"product","link":"https:\/\/brandss.com.py\/index\/producto\/hoddie-deportivo-masculino-under-armour-rival-fleece-colorblock\/","title":{"rendered":"HODDIE DEPORTIVO MASCULINO UNDER ARMOUR RIVAL FLEECE COLORBLOCK"},"content":{"rendered":"<p><img loading=\"lazy\" decoding=\"async\" class=\"\" src=\"https:\/\/upload.wikimedia.org\/wikipedia\/commons\/thumb\/4\/44\/Under_armour_logo.svg\/1280px-Under_armour_logo.svg.png\" alt=\"Archivo:Under armour logo.svg - Wikipedia, la enciclopedia libre\" width=\"155\" height=\"91\" \/><\/p>\n<h1>RIVAL FLEECE COLORBLOCK<\/h1>\n<p><span>Si quieres estar c\u00f3modo, abrigado y listo antes o despu\u00e9s del partido, esto es lo que debes usar. Lo llamamos &#8220;Rival Terry&#8221;. Quiz\u00e1s lo consideres tu nuevo favorito.<\/span><\/p>\n<ul class=\"underarmourbr-store-theme-6-x-descriptionListItemContentList\">\n<li><span>Tejido interior de vell\u00f3n de mezcla de algod\u00f3n de peso medio ultra suave para mayor calidez.<\/span><\/li>\n<li><span>bolsillo de canguro.<\/span><\/li>\n<li><span>Pu\u00f1os y dobladillo acanalados.<\/span><\/li>\n<li><span>mangas ragl\u00e1n.<\/span><\/li>\n<li><span>Contra defectos de fabricaci\u00f3n.<\/span><\/li>\n<li><span>Importado.<\/span><\/li>\n<li>Composici\u00f3n: 80% algod\u00f3n y 20% poli\u00e9ster.<\/li>\n<li>Color: Gris.<\/li>\n<li>Modelo: 1383095-011.<\/li>\n<\/ul>\n","protected":false},"excerpt":{"rendered":"<p>RIVAL FLEECE COLORBLOCK Si quieres estar c\u00f3modo, abrigado y listo antes o despu\u00e9s del partido, esto es lo que debes<\/p>\n","protected":false},"featured_media":82901,"comment_status":"open","ping_status":"closed","template":"","meta":{"nf_dc_page":""},"product_brand":[2332],"product_cat":[76],"product_tag":[2368],"class_list":{"0":"post-82900","1":"product","2":"type-product","3":"status-publish","4":"has-post-thumbnail","6":"product_brand-under-armour","7":"product_cat-masculino","8":"product_tag-1383095-011","10":"first","11":"outofstock","12":"shipping-taxable","13":"purchasable","14":"product-type-simple"},"_links":{"self":[{"href":"https:\/\/brandss.com.py\/index\/wp-json\/wp\/v2\/product\/82900","targetHints":{"allow":["GET"]}}],"collection":[{"href":"https:\/\/brandss.com.py\/index\/wp-json\/wp\/v2\/product"}],"about":[{"href":"https:\/\/brandss.com.py\/index\/wp-json\/wp\/v2\/types\/product"}],"replies":[{"embeddable":true,"href":"https:\/\/brandss.com.py\/index\/wp-json\/wp\/v2\/comments?post=82900"}],"version-history":[{"count":1,"href":"https:\/\/brandss.com.py\/index\/wp-json\/wp\/v2\/product\/82900\/revisions"}],"predecessor-version":[{"id":82911,"href":"https:\/\/brandss.com.py\/index\/wp-json\/wp\/v2\/product\/82900\/revisions\/82911"}],"wp:featuredmedia":[{"embeddable":true,"href":"https:\/\/brandss.com.py\/index\/wp-json\/wp\/v2\/media\/82901"}],"wp:attachment":[{"href":"https:\/\/brandss.com.py\/index\/wp-json\/wp\/v2\/media?parent=82900"}],"wp:term":[{"taxonomy":"product_brand","embeddable":true,"href":"https:\/\/brandss.com.py\/index\/wp-json\/wp\/v2\/product_brand?post=82900"},{"taxonomy":"product_cat","embeddable":true,"href":"https:\/\/brandss.com.py\/index\/wp-json\/wp\/v2\/product_cat?post=82900"},{"taxonomy":"product_tag","embeddable":true,"href":"https:\/\/brandss.com.py\/index\/wp-json\/wp\/v2\/product_tag?post=82900"}],"curies":[{"name":"wp","href":"https:\/\/api.w.org\/{rel}","templated":true}]}}