{"id":82952,"date":"2025-05-26T17:37:56","date_gmt":"2025-05-26T17:37:56","guid":{"rendered":"https:\/\/brandss.com.py\/index\/?post_type=product&#038;p=82952"},"modified":"2025-05-28T18:53:03","modified_gmt":"2025-05-28T18:53:03","slug":"pelota-de-futbol-unisex-adidas-universadi","status":"publish","type":"product","link":"https:\/\/brandss.com.py\/index\/producto\/pelota-de-futbol-unisex-adidas-universadi\/","title":{"rendered":"PELOTA DE F\u00daTBOL UNISEX ADIDAS UNIVERSADI"},"content":{"rendered":"<p><img loading=\"lazy\" decoding=\"async\" class=\"\" src=\"https:\/\/upload.wikimedia.org\/wikipedia\/commons\/2\/20\/Adidas_Logo.svg\" alt=\"Archivo:Adidas Logo.svg - Wikipedia, la enciclopedia libre\" width=\"91\" height=\"63\" \/><\/p>\n<h1>UNIVERSADI<\/h1>\n<p>Disfruta de los juegos o entrenamientos m\u00e1s emocionantes, ya que adidas ha creado el bal\u00f3n Starlancer. Con materiales resistentes te dar\u00e1 la oportunidad de hacer tus mejores goles. Es perfecta para jugar con los amigos o entrenar tus habilidades.<\/p>\n<h5><strong>Caracter\u00edsticas destacadas:<\/strong><\/h5>\n<ul class=\"gl-list gl-list--s\">\n<li class=\"gl-vspace-bpall-small\">Exterior 100 % TPU.<\/li>\n<li class=\"gl-vspace-bpall-small\">C\u00e1mara de butilo.<\/li>\n<li class=\"gl-vspace-bpall-small\">Exterior cosido a m\u00e1quina.<\/li>\n<li>Circunferencia aproximada: 68 \u2013 70 cm.<\/li>\n<li>Peso aproximado: 420 \u2013 440 g.<\/li>\n<li>Tipo de Uniones: Cosida.<\/li>\n<li>Certificaci\u00f3n: Recreativo\/Entrenamiento.<\/li>\n<li>Superficie Recomendada: Grass Natural y\/o Sint\u00e9tico.<\/li>\n<li>Color: Blanco\/ Negro.<\/li>\n<li>Modelo: IW3729.<\/li>\n<\/ul>\n","protected":false},"excerpt":{"rendered":"<p>UNIVERSADI Disfruta de los juegos o entrenamientos m\u00e1s emocionantes, ya que adidas ha creado el bal\u00f3n Starlancer. Con materiales resistentes<\/p>\n","protected":false},"featured_media":82953,"comment_status":"open","ping_status":"closed","template":"","meta":{"nf_dc_page":""},"product_brand":[],"product_cat":[93],"product_tag":[],"class_list":{"0":"post-82952","1":"product","2":"type-product","3":"status-publish","4":"has-post-thumbnail","6":"product_cat-deportivo","8":"first","9":"instock","10":"shipping-taxable","11":"purchasable","12":"product-type-simple"},"_links":{"self":[{"href":"https:\/\/brandss.com.py\/index\/wp-json\/wp\/v2\/product\/82952","targetHints":{"allow":["GET"]}}],"collection":[{"href":"https:\/\/brandss.com.py\/index\/wp-json\/wp\/v2\/product"}],"about":[{"href":"https:\/\/brandss.com.py\/index\/wp-json\/wp\/v2\/types\/product"}],"replies":[{"embeddable":true,"href":"https:\/\/brandss.com.py\/index\/wp-json\/wp\/v2\/comments?post=82952"}],"version-history":[{"count":1,"href":"https:\/\/brandss.com.py\/index\/wp-json\/wp\/v2\/product\/82952\/revisions"}],"predecessor-version":[{"id":82958,"href":"https:\/\/brandss.com.py\/index\/wp-json\/wp\/v2\/product\/82952\/revisions\/82958"}],"wp:featuredmedia":[{"embeddable":true,"href":"https:\/\/brandss.com.py\/index\/wp-json\/wp\/v2\/media\/82953"}],"wp:attachment":[{"href":"https:\/\/brandss.com.py\/index\/wp-json\/wp\/v2\/media?parent=82952"}],"wp:term":[{"taxonomy":"product_brand","embeddable":true,"href":"https:\/\/brandss.com.py\/index\/wp-json\/wp\/v2\/product_brand?post=82952"},{"taxonomy":"product_cat","embeddable":true,"href":"https:\/\/brandss.com.py\/index\/wp-json\/wp\/v2\/product_cat?post=82952"},{"taxonomy":"product_tag","embeddable":true,"href":"https:\/\/brandss.com.py\/index\/wp-json\/wp\/v2\/product_tag?post=82952"}],"curies":[{"name":"wp","href":"https:\/\/api.w.org\/{rel}","templated":true}]}}