{"id":82976,"date":"2025-05-27T11:37:50","date_gmt":"2025-05-27T11:37:50","guid":{"rendered":"https:\/\/brandss.com.py\/index\/?post_type=product&#038;p=82976"},"modified":"2026-01-10T18:11:20","modified_gmt":"2026-01-10T18:11:20","slug":"pala-de-padel-unisex-head-extreme-pro-2023","status":"publish","type":"product","link":"https:\/\/brandss.com.py\/index\/producto\/pala-de-padel-unisex-head-extreme-pro-2023\/","title":{"rendered":"PALA DE P\u00c1DEL UNISEX HEAD EXTREME PRO 2023"},"content":{"rendered":"<p><img loading=\"lazy\" decoding=\"async\" class=\"\" src=\"https:\/\/cdn.worldvectorlogo.com\/logos\/head-logo.svg\" alt=\"Head Logo Logotipo Vector - Descarga Gratis SVG | Worldvectorlogo\" width=\"87\" height=\"68\" \/><\/p>\n<h1>EXTREME PRO 2023<\/h1>\n<h4><strong>Controla tu potencia explosiva con la pala EXTREME PRO, ideada para jugadores de nivel avanzado y renovada con la estructura Auxetic para un tacto mejorado.<\/strong><\/h4>\n<p>&nbsp;<\/p>\n<p>La potencia siempre es m\u00e1s efectiva cuando puedes controlarla y dirigirla. Con cada golpe que des con la pala de p\u00e1del EXTREME PRO, podr\u00e1s sentir la potencia caracter\u00edstica de la serie EXTREME. Adem\u00e1s, el carbono en la superficie de golpeo aumentar\u00e1 tu precisi\u00f3n y tacto. La pala, con forma de diamante, est\u00e1 hecha para jugadores de nivel avanzado. Cuenta con la nueva estructura Auxetic para un tacto mejorado en cada golpe.<\/p>\n<h3><strong>Auxetic<\/strong><\/h3>\n<p>La construcci\u00f3n Auxetic tiene una deformaci\u00f3n \u00fanica en comparaci\u00f3n con las construcciones no aux\u00e9ticas. La construcci\u00f3n Auxetic se ensanchan cuando se aplica una fuerza de &#8220;tracci\u00f3n&#8221; y se contraen cuando se aprietan. Cuanto mayor sea la fuerza aplicada, mayor ser\u00e1 la reacci\u00f3n Auxetic.<\/p>\n<h3><strong>POWER FOAM<\/strong><\/h3>\n<p>POWER FOAM: es el aliado perfecto para una potencia m\u00e1xima. La velocidad que alcanzar\u00e1 la pelota sorprender\u00e1 a tus rivales tanto como a ti mismo.<\/p>\n<h3><strong>EXTREME SPIN<\/strong><\/h3>\n<p>EXTREME SPIN: la textura rugosa multiplica la creaci\u00f3n de efecto sobre la pelota. Consigue efectos imposibles gracias al Extreme Spin.<\/p>\n<h3><strong>Optimized Sweet Spot<\/strong><\/h3>\n<p>Cada pala tiene su ADN, su identidad. Unas buscar\u00e1n control y precisi\u00f3n, otras potencia o confort o efecto. De modo que Head ha desarrollado el Optimized Sweet Spot. Aportando la caracter\u00edstica deseada.<\/p>\n<h3><strong>Smart Bridge<\/strong><\/h3>\n<p>Cada pala tiene su ADN. Unas buscar\u00e1n control y precisi\u00f3n, otras potencia o confort. Es por ello que HEAD ha desarrollado el Smart Bridge, para adaptar la zona del puente a las necesidades de cada pala.<\/p>\n<h3><strong>Detalles<\/strong><\/h3>\n<ul>\n<li>Potencia explosiva para jugadores de nivel avanzado.<\/li>\n<li>Nueva estructura Auxetic para un tacto mejorado.<\/li>\n<li>Carbono en la superficie de golpeo para precisi\u00f3n y tacto.<\/li>\n<li>Pala con forma de diamante.<\/li>\n<li>Tecnolog\u00eda: Auxetic.<\/li>\n<li>Peso: 370 gramos +\/-10.<\/li>\n<li>Balance: 272 mm.<\/li>\n<li>Tama\u00f1o de cabeza: 494 cm\u00b2 \/ 77 in\u00b2.<\/li>\n<li>Longitud: 455 mm \/ 17.9 in.<\/li>\n<li>G\u00e9nero: Unisex.<\/li>\n<li>Colecci\u00f3n: 2023.<\/li>\n<li>Referencia: 223013.<\/li>\n<\/ul>\n","protected":false},"excerpt":{"rendered":"<p>EXTREME PRO 2023 Controla tu potencia explosiva con la pala EXTREME PRO, ideada para jugadores de nivel avanzado y renovada<\/p>\n","protected":false},"featured_media":82977,"comment_status":"open","ping_status":"closed","template":"","meta":{"nf_dc_page":""},"product_brand":[],"product_cat":[93],"product_tag":[2416],"class_list":{"0":"post-82976","1":"product","2":"type-product","3":"status-publish","4":"has-post-thumbnail","6":"product_cat-deportivo","7":"product_tag-2416","9":"first","10":"outofstock","11":"shipping-taxable","12":"purchasable","13":"product-type-simple"},"_links":{"self":[{"href":"https:\/\/brandss.com.py\/index\/wp-json\/wp\/v2\/product\/82976","targetHints":{"allow":["GET"]}}],"collection":[{"href":"https:\/\/brandss.com.py\/index\/wp-json\/wp\/v2\/product"}],"about":[{"href":"https:\/\/brandss.com.py\/index\/wp-json\/wp\/v2\/types\/product"}],"replies":[{"embeddable":true,"href":"https:\/\/brandss.com.py\/index\/wp-json\/wp\/v2\/comments?post=82976"}],"version-history":[{"count":1,"href":"https:\/\/brandss.com.py\/index\/wp-json\/wp\/v2\/product\/82976\/revisions"}],"predecessor-version":[{"id":82984,"href":"https:\/\/brandss.com.py\/index\/wp-json\/wp\/v2\/product\/82976\/revisions\/82984"}],"wp:featuredmedia":[{"embeddable":true,"href":"https:\/\/brandss.com.py\/index\/wp-json\/wp\/v2\/media\/82977"}],"wp:attachment":[{"href":"https:\/\/brandss.com.py\/index\/wp-json\/wp\/v2\/media?parent=82976"}],"wp:term":[{"taxonomy":"product_brand","embeddable":true,"href":"https:\/\/brandss.com.py\/index\/wp-json\/wp\/v2\/product_brand?post=82976"},{"taxonomy":"product_cat","embeddable":true,"href":"https:\/\/brandss.com.py\/index\/wp-json\/wp\/v2\/product_cat?post=82976"},{"taxonomy":"product_tag","embeddable":true,"href":"https:\/\/brandss.com.py\/index\/wp-json\/wp\/v2\/product_tag?post=82976"}],"curies":[{"name":"wp","href":"https:\/\/api.w.org\/{rel}","templated":true}]}}