{"id":82993,"date":"2025-05-27T12:21:14","date_gmt":"2025-05-27T12:21:14","guid":{"rendered":"https:\/\/brandss.com.py\/index\/?post_type=product&#038;p=82993"},"modified":"2026-01-10T18:31:28","modified_gmt":"2026-01-10T18:31:28","slug":"pala-de-padel-unisex-adidas-adipower-ctrl-multiweight-3-4","status":"publish","type":"product","link":"https:\/\/brandss.com.py\/index\/producto\/pala-de-padel-unisex-adidas-adipower-ctrl-multiweight-3-4\/","title":{"rendered":"PALA DE P\u00c1DEL UNISEX ADIDAS ADIPOWER CTRL MULTIWEIGHT 3.4"},"content":{"rendered":"<p><img loading=\"lazy\" decoding=\"async\" class=\"\" src=\"https:\/\/upload.wikimedia.org\/wikipedia\/commons\/2\/20\/Adidas_Logo.svg\" alt=\"Archivo:Adidas Logo.svg - Wikipedia, la enciclopedia libre\" width=\"74\" height=\"51\" \/><\/p>\n<h1>ADIPOWER CTRL MULTIWEIGHT 3.4<\/h1>\n<h4 class=\"value content product-sub-headline\"><span>Una pala de p\u00e1del para jugadores de nivel profesional.<\/span><\/h4>\n<div class=\"value content product-desc-short\"><span>La Adipower CTRL Multiweight es la raqueta de \u00c1lex Ruiz, meticulosamente dise\u00f1ada para alcanzar la perfecci\u00f3n en cada detalle. El sistema de peso y balance permite personalizarla seg\u00fan las exigencias de cada partido. La estructura de doble exoesqueleto y el borde de carbono Power Embossed Ridge en el marco garantizan la rigidez necesaria para destacar en el juego agresivo. Los golpes con efecto alcanzan un nuevo nivel con la calcoman\u00eda Spin Blade.<\/span><\/div>\n<div><\/div>\n<div>\n<div class=\"col-12\">\n<h2 class=\"title accordionParent\"><a><span>Detalles<\/span><\/a><\/h2>\n<\/div>\n<div class=\"col-12 value content accordionChild\">\n<ul class=\"product-bullets list-unstyled\">\n<li class=\"product-bullet\"><span>Peso: 360-375 g +(0-9,1).<\/span><\/li>\n<li class=\"product-bullet\"><span>Goma EVA de alta densidad y alta memoria para jugadores altamente t\u00e9cnicos.<\/span><\/li>\n<li class=\"product-bullet\"><span>Calcoman\u00eda de hoja giratoria con relieve y cresta estampada con nervio de carbono.<\/span><\/li>\n<li class=\"product-bullet\"><span>Sistema de peso y equilibrio Adipower para personalizar el peso.<\/span><\/li>\n<li class=\"product-bullet\"><span>Carbono 18K para potencia y rigidez, junto con una durabilidad excepcional.<\/span><\/li>\n<li class=\"product-bullet\"><span>Formato redondo, con m\u00e1s peso cerca del grip para un mayor control en tiros defensivos.<\/span><\/li>\n<li class=\"product-bullet\"><span>Exoesqueleto dual con estructura nerviosa de carbono de doble altura que refuerza el n\u00facleo y el marco.<\/span><\/li>\n<li class=\"product-bullet\"><span>Raqueta de nivel profesional para un jugador de alto nivel y muy frecuente.<\/span><\/li>\n<li class=\"product-bullet\"><span>Modelo: JK5299.<\/span><\/li>\n<\/ul>\n<\/div>\n<\/div>\n","protected":false},"excerpt":{"rendered":"<p>ADIPOWER CTRL MULTIWEIGHT 3.4 Una pala de p\u00e1del para jugadores de nivel profesional. La Adipower CTRL Multiweight es la raqueta<\/p>\n","protected":false},"featured_media":82994,"comment_status":"open","ping_status":"closed","template":"","meta":{"nf_dc_page":""},"product_brand":[1368],"product_cat":[93],"product_tag":[2419],"class_list":{"0":"post-82993","1":"product","2":"type-product","3":"status-publish","4":"has-post-thumbnail","6":"product_brand-adidas","7":"product_cat-deportivo","8":"product_tag-2419","10":"first","11":"outofstock","12":"shipping-taxable","13":"purchasable","14":"product-type-simple"},"_links":{"self":[{"href":"https:\/\/brandss.com.py\/index\/wp-json\/wp\/v2\/product\/82993","targetHints":{"allow":["GET"]}}],"collection":[{"href":"https:\/\/brandss.com.py\/index\/wp-json\/wp\/v2\/product"}],"about":[{"href":"https:\/\/brandss.com.py\/index\/wp-json\/wp\/v2\/types\/product"}],"replies":[{"embeddable":true,"href":"https:\/\/brandss.com.py\/index\/wp-json\/wp\/v2\/comments?post=82993"}],"version-history":[{"count":1,"href":"https:\/\/brandss.com.py\/index\/wp-json\/wp\/v2\/product\/82993\/revisions"}],"predecessor-version":[{"id":83000,"href":"https:\/\/brandss.com.py\/index\/wp-json\/wp\/v2\/product\/82993\/revisions\/83000"}],"wp:featuredmedia":[{"embeddable":true,"href":"https:\/\/brandss.com.py\/index\/wp-json\/wp\/v2\/media\/82994"}],"wp:attachment":[{"href":"https:\/\/brandss.com.py\/index\/wp-json\/wp\/v2\/media?parent=82993"}],"wp:term":[{"taxonomy":"product_brand","embeddable":true,"href":"https:\/\/brandss.com.py\/index\/wp-json\/wp\/v2\/product_brand?post=82993"},{"taxonomy":"product_cat","embeddable":true,"href":"https:\/\/brandss.com.py\/index\/wp-json\/wp\/v2\/product_cat?post=82993"},{"taxonomy":"product_tag","embeddable":true,"href":"https:\/\/brandss.com.py\/index\/wp-json\/wp\/v2\/product_tag?post=82993"}],"curies":[{"name":"wp","href":"https:\/\/api.w.org\/{rel}","templated":true}]}}