{"id":83181,"date":"2025-05-29T13:57:00","date_gmt":"2025-05-29T13:57:00","guid":{"rendered":"https:\/\/brandss.com.py\/index\/?post_type=product&#038;p=83181"},"modified":"2026-01-12T13:29:42","modified_gmt":"2026-01-12T13:29:42","slug":"camiseta-deportivo-masculino-nike-jordan-jumpman-mangas-cortas","status":"publish","type":"product","link":"https:\/\/brandss.com.py\/index\/producto\/camiseta-deportivo-masculino-nike-jordan-jumpman-mangas-cortas\/","title":{"rendered":"CAMISETA DEPORTIVO MASCULINO NIKE JORDAN JUMPMAN MANGAS CORTAS"},"content":{"rendered":"<p><img loading=\"lazy\" decoding=\"async\" class=\"\" src=\"https:\/\/1000marcas.net\/wp-content\/uploads\/2019\/11\/Logo-Nike.jpg\" alt=\"Logo de Nike: la historia y el significado del logotipo, la marca y el  s\u00edmbolo. | png, vector\" width=\"89\" height=\"50\" \/><\/p>\n<h1>JORDAN JUMPMAN<\/h1>\n<p><span>El\u00e9vate con la camiseta de manga corta Jordan Jumpman. Fabricada en algod\u00f3n suave y c\u00f3modo, presenta un Jumpman cl\u00e1sico y limpio bordado en el pecho. La camiseta con cuello redondo bordado Jordan Jumpman est\u00e1 confeccionada con tela de algod\u00f3n suave para una apariencia informal pero c\u00f3moda. El modelo est\u00e1 decorado con el cl\u00e1sico logotipo Jumpman bordado en el pecho. Jumpman es el logotipo de la marca Jordan, y tenerlo en una camiseta resaltar\u00e1 tu inter\u00e9s en la marca y en la ropa elegante.<\/span><\/p>\n<p>&nbsp;<\/p>\n<p><strong><span>Detalles del producto<\/span><\/strong><\/p>\n<ul>\n<li><span>Ajuste est\u00e1ndar de Jordan.<\/span><\/li>\n<li><span>Cuello acanalado.<\/span><\/li>\n<li><span>Jumpman bordado.<\/span><\/li>\n<li><span>100% algod\u00f3n.<\/span><\/li>\n<li><span>Lavado a m\u00e1quina.<\/span><\/li>\n<li>Color: Verde.<\/li>\n<li>Modelo: DC7485-349.<\/li>\n<li><span>Importado.<\/span><\/li>\n<\/ul>\n","protected":false},"excerpt":{"rendered":"<p>JORDAN JUMPMAN El\u00e9vate con la camiseta de manga corta Jordan Jumpman. Fabricada en algod\u00f3n suave y c\u00f3modo, presenta un Jumpman<\/p>\n","protected":false},"featured_media":83182,"comment_status":"open","ping_status":"closed","template":"","meta":{"nf_dc_page":""},"product_brand":[1333],"product_cat":[76],"product_tag":[2447],"class_list":{"0":"post-83181","1":"product","2":"type-product","3":"status-publish","4":"has-post-thumbnail","6":"product_brand-nike","7":"product_cat-masculino","8":"product_tag-dc7485-349","10":"first","11":"instock","12":"shipping-taxable","13":"purchasable","14":"product-type-simple"},"_links":{"self":[{"href":"https:\/\/brandss.com.py\/index\/wp-json\/wp\/v2\/product\/83181","targetHints":{"allow":["GET"]}}],"collection":[{"href":"https:\/\/brandss.com.py\/index\/wp-json\/wp\/v2\/product"}],"about":[{"href":"https:\/\/brandss.com.py\/index\/wp-json\/wp\/v2\/types\/product"}],"replies":[{"embeddable":true,"href":"https:\/\/brandss.com.py\/index\/wp-json\/wp\/v2\/comments?post=83181"}],"version-history":[{"count":1,"href":"https:\/\/brandss.com.py\/index\/wp-json\/wp\/v2\/product\/83181\/revisions"}],"predecessor-version":[{"id":83189,"href":"https:\/\/brandss.com.py\/index\/wp-json\/wp\/v2\/product\/83181\/revisions\/83189"}],"wp:featuredmedia":[{"embeddable":true,"href":"https:\/\/brandss.com.py\/index\/wp-json\/wp\/v2\/media\/83182"}],"wp:attachment":[{"href":"https:\/\/brandss.com.py\/index\/wp-json\/wp\/v2\/media?parent=83181"}],"wp:term":[{"taxonomy":"product_brand","embeddable":true,"href":"https:\/\/brandss.com.py\/index\/wp-json\/wp\/v2\/product_brand?post=83181"},{"taxonomy":"product_cat","embeddable":true,"href":"https:\/\/brandss.com.py\/index\/wp-json\/wp\/v2\/product_cat?post=83181"},{"taxonomy":"product_tag","embeddable":true,"href":"https:\/\/brandss.com.py\/index\/wp-json\/wp\/v2\/product_tag?post=83181"}],"curies":[{"name":"wp","href":"https:\/\/api.w.org\/{rel}","templated":true}]}}