{"id":83222,"date":"2025-05-29T17:36:11","date_gmt":"2025-05-29T17:36:11","guid":{"rendered":"https:\/\/brandss.com.py\/index\/?post_type=product&#038;p=83222"},"modified":"2026-01-12T14:36:59","modified_gmt":"2026-01-12T14:36:59","slug":"hoddie-deportivo-masculino-nike-jordan-dri-fit-sport-crossover","status":"publish","type":"product","link":"https:\/\/brandss.com.py\/index\/producto\/hoddie-deportivo-masculino-nike-jordan-dri-fit-sport-crossover\/","title":{"rendered":"HODDIE DEPORTIVO MASCULINO NIKE JORDAN DRI-FIT SPORT CROSSOVER"},"content":{"rendered":"<p><img loading=\"lazy\" decoding=\"async\" class=\"\" src=\"https:\/\/1000marcas.net\/wp-content\/uploads\/2019\/11\/Logo-Nike.jpg\" alt=\"Logo de Nike: la historia y el significado del logotipo, la marca y el  s\u00edmbolo. | png, vector\" width=\"90\" height=\"51\" \/><\/p>\n<h1>JORDAN DRI-FIT SPORT CROSSOVER<\/h1>\n<p>Ya sea que est\u00e9s pasando el rato o encestando unas canastas, mantente en estilo con esta relajada sudadera. Confeccionada con un suave tejido Fleece y tecnolog\u00eda Dri-FIT absorbente de trasnpiracion, te mantendr\u00e1n fresco y listo en cada oportunidad que se presente.<\/p>\n<h4>Beneficios<\/h4>\n<p>\u2022Las l\u00edneas de costura se inspiran en la campera Wings original para darle un toque de herencia.<br \/>\n\u2022La tecnolog\u00eda de absorci\u00f3n de trasnpiracion Dri-FIT ayuda a mantenerte fresco.<br \/>\n\u2022Los pu\u00f1os y el dobladillo de tela de canal\u00e9 se estiran contigo para que te sientas c\u00f3modo y te muevas f\u00e1cilmente.<\/p>\n<h4>Detalles<\/h4>\n<ul>\n<li>Gorro forrado con cord\u00f3n de ajuste.<\/li>\n<li>Pu\u00f1os y dobladillo de tela de canal\u00e9 el\u00e1sticos.<\/li>\n<li>Bolsillo en la parte delantera.<\/li>\n<li>Estampado impreso.<\/li>\n<li>Composici\u00f3n:<br \/>\n-Cuerpo: 62% algod\u00f3n, 38% poli\u00e9ster.<br \/>\n-Tela de canal\u00e9: 97% algod\u00f3n, 3% spandex.<br \/>\n-Lado de los nudillos del bolsillo lateral\/forro de la capucha: 100% algod\u00f3n.<\/li>\n<li>Lavar a m\u00e1quina.<\/li>\n<li>Color: <span class=\"nikear-store-components-0-x-specificationValue nikear-store-components-0-x-specificationValue--product-specification\">Negro\/Blanco.<\/span><\/li>\n<li>Modelo<span class=\"vtex-product-identifier-0-x-product-identifier__separator\">:\u00a0<\/span><span class=\"vtex-product-identifier-0-x-product-identifier__value\">DQ7327-010.<\/span><\/li>\n<li>Producto importado<\/li>\n<\/ul>\n","protected":false},"excerpt":{"rendered":"<p>JORDAN DRI-FIT SPORT CROSSOVER Ya sea que est\u00e9s pasando el rato o encestando unas canastas, mantente en estilo con esta<\/p>\n","protected":false},"featured_media":83223,"comment_status":"open","ping_status":"closed","template":"","meta":{"nf_dc_page":""},"product_brand":[1333],"product_cat":[76],"product_tag":[2453],"class_list":{"0":"post-83222","1":"product","2":"type-product","3":"status-publish","4":"has-post-thumbnail","6":"product_brand-nike","7":"product_cat-masculino","8":"product_tag-dq7327-010","10":"first","11":"outofstock","12":"shipping-taxable","13":"purchasable","14":"product-type-simple"},"_links":{"self":[{"href":"https:\/\/brandss.com.py\/index\/wp-json\/wp\/v2\/product\/83222","targetHints":{"allow":["GET"]}}],"collection":[{"href":"https:\/\/brandss.com.py\/index\/wp-json\/wp\/v2\/product"}],"about":[{"href":"https:\/\/brandss.com.py\/index\/wp-json\/wp\/v2\/types\/product"}],"replies":[{"embeddable":true,"href":"https:\/\/brandss.com.py\/index\/wp-json\/wp\/v2\/comments?post=83222"}],"version-history":[{"count":1,"href":"https:\/\/brandss.com.py\/index\/wp-json\/wp\/v2\/product\/83222\/revisions"}],"predecessor-version":[{"id":83232,"href":"https:\/\/brandss.com.py\/index\/wp-json\/wp\/v2\/product\/83222\/revisions\/83232"}],"wp:featuredmedia":[{"embeddable":true,"href":"https:\/\/brandss.com.py\/index\/wp-json\/wp\/v2\/media\/83223"}],"wp:attachment":[{"href":"https:\/\/brandss.com.py\/index\/wp-json\/wp\/v2\/media?parent=83222"}],"wp:term":[{"taxonomy":"product_brand","embeddable":true,"href":"https:\/\/brandss.com.py\/index\/wp-json\/wp\/v2\/product_brand?post=83222"},{"taxonomy":"product_cat","embeddable":true,"href":"https:\/\/brandss.com.py\/index\/wp-json\/wp\/v2\/product_cat?post=83222"},{"taxonomy":"product_tag","embeddable":true,"href":"https:\/\/brandss.com.py\/index\/wp-json\/wp\/v2\/product_tag?post=83222"}],"curies":[{"name":"wp","href":"https:\/\/api.w.org\/{rel}","templated":true}]}}