{"id":83425,"date":"2025-05-31T14:00:03","date_gmt":"2025-05-31T14:00:03","guid":{"rendered":"https:\/\/brandss.com.py\/index\/?post_type=product&#038;p=83425"},"modified":"2025-06-21T19:09:20","modified_gmt":"2025-06-21T19:09:20","slug":"base-de-maquillaje-maybelline-super-stay-polvo-hybrid-24h","status":"publish","type":"product","link":"https:\/\/brandss.com.py\/index\/producto\/base-de-maquillaje-maybelline-super-stay-polvo-hybrid-24h\/","title":{"rendered":"BASE DE MAQUILLAJE MAYBELLINE SUPER STAY POLVO HYBRID 24H"},"content":{"rendered":"<p><img loading=\"lazy\" decoding=\"async\" class=\"\" src=\"https:\/\/1000marcas.net\/wp-content\/uploads\/2020\/02\/logo-Maybelline.png\" alt=\"Maybelline Logo - s\u00edmbolo, significado logotipo, historia, PNG\" width=\"124\" height=\"70\" \/><\/p>\n<h1>SUPER STAY POLVO HYBRID 24H<\/h1>\n<p>Maybelline New York Super Stay Hybrid Powder-Foundation te ofrece una cobertura impecable que dura hasta 24 horas, resistiendo al sudor, al agua y al roce.<br \/>\nNuestra f\u00f3rmula h\u00edbrida revolucionaria combina lo mejor de dos mundos:<br \/>\nLa alta cobertura y larga duraci\u00f3n de una base l\u00edquida.<br \/>\nLa ligereza y comodidad de un polvo.<br \/>\nCon Super Stay Hybrid Powder-Foundation, disfruta de un acabado mate suave y natural, sin efecto m\u00e1scara. Su tecnolog\u00eda Super Resistant Hybrid se funde con la piel, difuminando imperfecciones y unificando el tono sin resecar.<\/p>\n<p><strong><span>Caracter\u00edsticas principales:<\/span><\/strong><\/p>\n<ul>\n<li><span>Sensaci\u00f3n ligera y acabado mate suave.<\/span><\/li>\n<li><span>Base de maquillaje en polvo de cobertura media a completa<\/span><\/li>\n<li><span>Resiste el sudor, el agua y la transferencia.<\/span><\/li>\n<li><span>Aplicador de esponja incluido<\/span><\/li>\n<li><span>Dise\u00f1ado para funcionar como una base l\u00edquida con la comodidad de un polvo.<\/span><\/li>\n<li><span>Resiste el apelmazamiento y la formaci\u00f3n de manchas.<\/span><\/li>\n<\/ul>\n<p><strong><span>Base de maquillaje en polvo Superhero Hybrid Powder Foundation de cobertura media a alta<\/span><\/strong><span>\u00a0que ofrece hasta 24 horas de duraci\u00f3n.<\/span><\/p>\n<p><strong><span>Su f\u00f3rmula h\u00edbrida de larga duraci\u00f3n<\/span><\/strong><span>\u00a0es resistente a las transferencias, al agua y al sudor. Disponible en<\/span><\/p>\n<p><strong><span>16 tonos diferentes<\/span><\/strong><span>\u00a0con subtonos c\u00e1lidos, neutros y fr\u00edos, con un acabado mate suave.<\/span><\/p>\n<p><strong><span>Tama\u00f1o:<\/span><\/strong><span>\u00a01,76 x 7,1 x 1,7 cm (0,67 x 2,8 x 0,67 pulgadas); 50 g (1,76 onzas).<\/span><\/p>\n","protected":false},"excerpt":{"rendered":"<p>SUPER STAY POLVO HYBRID 24H Maybelline New York Super Stay Hybrid Powder-Foundation te ofrece una cobertura impecable que dura hasta<\/p>\n","protected":false},"featured_media":83426,"comment_status":"open","ping_status":"closed","template":"","meta":{"nf_dc_page":""},"product_brand":[],"product_cat":[95],"product_tag":[],"class_list":{"0":"post-83425","1":"product","2":"type-product","3":"status-publish","4":"has-post-thumbnail","6":"product_cat-maquillaje","8":"first","9":"instock","10":"shipping-taxable","11":"purchasable","12":"product-type-simple"},"_links":{"self":[{"href":"https:\/\/brandss.com.py\/index\/wp-json\/wp\/v2\/product\/83425","targetHints":{"allow":["GET"]}}],"collection":[{"href":"https:\/\/brandss.com.py\/index\/wp-json\/wp\/v2\/product"}],"about":[{"href":"https:\/\/brandss.com.py\/index\/wp-json\/wp\/v2\/types\/product"}],"replies":[{"embeddable":true,"href":"https:\/\/brandss.com.py\/index\/wp-json\/wp\/v2\/comments?post=83425"}],"version-history":[{"count":1,"href":"https:\/\/brandss.com.py\/index\/wp-json\/wp\/v2\/product\/83425\/revisions"}],"predecessor-version":[{"id":83438,"href":"https:\/\/brandss.com.py\/index\/wp-json\/wp\/v2\/product\/83425\/revisions\/83438"}],"wp:featuredmedia":[{"embeddable":true,"href":"https:\/\/brandss.com.py\/index\/wp-json\/wp\/v2\/media\/83426"}],"wp:attachment":[{"href":"https:\/\/brandss.com.py\/index\/wp-json\/wp\/v2\/media?parent=83425"}],"wp:term":[{"taxonomy":"product_brand","embeddable":true,"href":"https:\/\/brandss.com.py\/index\/wp-json\/wp\/v2\/product_brand?post=83425"},{"taxonomy":"product_cat","embeddable":true,"href":"https:\/\/brandss.com.py\/index\/wp-json\/wp\/v2\/product_cat?post=83425"},{"taxonomy":"product_tag","embeddable":true,"href":"https:\/\/brandss.com.py\/index\/wp-json\/wp\/v2\/product_tag?post=83425"}],"curies":[{"name":"wp","href":"https:\/\/api.w.org\/{rel}","templated":true}]}}