{"id":83585,"date":"2025-06-03T13:54:53","date_gmt":"2025-06-03T13:54:53","guid":{"rendered":"https:\/\/brandss.com.py\/index\/?post_type=product&#038;p=83585"},"modified":"2025-12-11T19:07:56","modified_gmt":"2025-12-11T19:07:56","slug":"perfume-masculino-alviero-martini-timeless-edp-100ml","status":"publish","type":"product","link":"https:\/\/brandss.com.py\/index\/producto\/perfume-masculino-alviero-martini-timeless-edp-100ml\/","title":{"rendered":"PERFUME MASCULINO ALVIERO MARTINI TIMELESS EDP 100ML"},"content":{"rendered":"<p><img loading=\"lazy\" decoding=\"async\" class=\"\" src=\"https:\/\/www.estasiprofumerie.it\/img\/cms\/brands-w_250\/logo-alv.png\" alt=\"ALV by Alviero Martini Fragranze Donna\" width=\"137\" height=\"35\" \/><\/p>\n<h1>TIMELESS<\/h1>\n<p>Emb\u00e1rcate en un viaje olfativo \u00fanico con el perfume Alviero Martini. Esta fragancia cautivadora captura la esencia del estilo italiano y la elegancia atemporal. Cada rociada despierta los sentidos con una mezcla exquisita de notas frescas y florales, creando una experiencia arom\u00e1tica que evoca la sofisticaci\u00f3n y el encanto caracter\u00edsticos de la marca. El perfume Alviero Martini deja una estela distintiva de distinci\u00f3n y refinamiento, reflejando el esp\u00edritu cosmopolita y la pasi\u00f3n por el detalle de quien lo lleva. Es la elecci\u00f3n perfecta para aquellos que buscan expresar su estilo \u00fanico con una fragancia que captura la esencia del lujo italiano<\/p>\n<p>El eau de parfum se presenta en un atractivo frasco que realza la elegancia atemporal y la esencia masculina de la fragancia. Alviero Martini Timeless es un homenaje al hombre moderno y seguro de s\u00ed mismo que trasciende el tiempo con estilo y carisma.<\/p>\n<p>&nbsp;<\/p>\n<h3>Notas Olfativas<\/h3>\n<p>&nbsp;<\/p>\n<p><span>Timeless una fragancia que encarna la esencia de la elegancia atemporal y la sofisticaci\u00f3n masculina. Presenta una composici\u00f3n armoniosa de notas distintivamente masculinas, pero a la vez sutiles.<\/span><\/p>\n<p><span>Las notas de fragancia, finamente afinadas, de este Eau de Parfum demuestran un equilibrio magistral entre potentes matices amaderados y refrescantes acordes arom\u00e1ticos. Las notas de salida presentan una din\u00e1mica mezcla de c\u00edtricos y aromas vigorizantes. C\u00e1lidos matices amaderados se despliegan en el coraz\u00f3n, irradiando una masculinidad profunda y poderosa. Las notas de fondo, caracterizadas por maderas preciosas y aromas sensuales, completan con elegancia esta fragancia.<\/span><\/p>\n<div><strong>Notas de salida: <\/strong>Ayas de enebro, bergamota, naranja sanguina y lim\u00f3n.<\/div>\n<div><strong>Notas de coraz\u00f3n: <\/strong>Pachul\u00ed, lavanda, salvia y geranio.<\/div>\n<div><strong>Notas de fondo: <\/strong>Vetiver, \u00e1mbar gris y madera de cedro.<\/div>\n","protected":false},"excerpt":{"rendered":"<p>TIMELESS Emb\u00e1rcate en un viaje olfativo \u00fanico con el perfume Alviero Martini. Esta fragancia cautivadora captura la esencia del estilo<\/p>\n","protected":false},"featured_media":83586,"comment_status":"open","ping_status":"closed","template":"","meta":{"nf_dc_page":""},"product_brand":[2120],"product_cat":[84],"product_tag":[2121],"class_list":{"0":"post-83585","1":"product","2":"type-product","3":"status-publish","4":"has-post-thumbnail","6":"product_brand-alviero-martini","7":"product_cat-perfumeria","8":"product_tag-2121","10":"first","11":"instock","12":"shipping-taxable","13":"purchasable","14":"product-type-simple"},"_links":{"self":[{"href":"https:\/\/brandss.com.py\/index\/wp-json\/wp\/v2\/product\/83585","targetHints":{"allow":["GET"]}}],"collection":[{"href":"https:\/\/brandss.com.py\/index\/wp-json\/wp\/v2\/product"}],"about":[{"href":"https:\/\/brandss.com.py\/index\/wp-json\/wp\/v2\/types\/product"}],"replies":[{"embeddable":true,"href":"https:\/\/brandss.com.py\/index\/wp-json\/wp\/v2\/comments?post=83585"}],"version-history":[{"count":1,"href":"https:\/\/brandss.com.py\/index\/wp-json\/wp\/v2\/product\/83585\/revisions"}],"predecessor-version":[{"id":83591,"href":"https:\/\/brandss.com.py\/index\/wp-json\/wp\/v2\/product\/83585\/revisions\/83591"}],"wp:featuredmedia":[{"embeddable":true,"href":"https:\/\/brandss.com.py\/index\/wp-json\/wp\/v2\/media\/83586"}],"wp:attachment":[{"href":"https:\/\/brandss.com.py\/index\/wp-json\/wp\/v2\/media?parent=83585"}],"wp:term":[{"taxonomy":"product_brand","embeddable":true,"href":"https:\/\/brandss.com.py\/index\/wp-json\/wp\/v2\/product_brand?post=83585"},{"taxonomy":"product_cat","embeddable":true,"href":"https:\/\/brandss.com.py\/index\/wp-json\/wp\/v2\/product_cat?post=83585"},{"taxonomy":"product_tag","embeddable":true,"href":"https:\/\/brandss.com.py\/index\/wp-json\/wp\/v2\/product_tag?post=83585"}],"curies":[{"name":"wp","href":"https:\/\/api.w.org\/{rel}","templated":true}]}}