{"id":83641,"date":"2025-06-04T13:07:32","date_gmt":"2025-06-04T13:07:32","guid":{"rendered":"https:\/\/brandss.com.py\/index\/?post_type=product&#038;p=83641"},"modified":"2025-06-04T13:08:31","modified_gmt":"2025-06-04T13:08:31","slug":"perfume-femenino-pierre-bernard-natura-edp-100ml","status":"publish","type":"product","link":"https:\/\/brandss.com.py\/index\/producto\/perfume-femenino-pierre-bernard-natura-edp-100ml\/","title":{"rendered":"PERFUME FEMENINO PIERRE BERNARD NATURA EDP 100ML"},"content":{"rendered":"<p><img loading=\"lazy\" decoding=\"async\" class=\"\" src=\"https:\/\/www.excellenceimp.com.br\/images\/stories\/virtuemart\/manufacturer\/resized\/0-pierrebernard_0x400.jpg\" alt=\"Manufacturer Details PIERRE BERNARD\" width=\"154\" height=\"72\" \/><\/p>\n<h1>NATURA<\/h1>\n<p>Natura\u2026 refleja tu personalidad interior. Es una cautivadora fragancia floral y afrutada. Con Natura, te adentras en un mundo de tacto y sensaciones con un aroma simplemente divino.<\/p>\n<ul>\n<li><span>Natura EDP es una fragancia fresca y refinada dise\u00f1ada para mujeres.<\/span><\/li>\n<li><span>La botella de 100 ml contiene un aroma maravillosamente equilibrado y cautivador.<\/span><\/li>\n<li><span>Perfecto para el uso diario y ocasiones especiales, brinda una experiencia de fragancia sofisticada y duradera.<\/span><\/li>\n<li><span>La botella presenta un dise\u00f1o elegante y estilizado, que refleja la esencia de la belleza y la gracia naturales.<\/span><\/li>\n<\/ul>\n<h3><\/h3>\n<h3>Notas Olfativas<\/h3>\n<p>&nbsp;<\/p>\n<p><span>El perfume\u00a0<span dir=\"ltr\" lang=\"pt-BR\">Pierre Bernard Natura\u00a0<\/span>es una fragancia de la familia olfativa<\/span><span>\u00a0floral frutal\u00a0<\/span><span>para mujeres.\u00a0<\/span><span>Con una concentraci\u00f3n del tipo Eau de Parfum, ofrece una duradera y alta intensidad arom\u00e1tica en la piel. Sus notas est\u00e1n compuestas por los siguientes ingredientes.<\/span><\/p>\n<ul>\n<li><span><strong>Notas de salida:<\/strong> Bergamota, mandarina, manzana y nectarina.<\/span><\/li>\n<li><strong>Notas de coraz\u00f3n:<\/strong> Magnolia, gardenia, lirio de los valles (lily-of-the-valley) y jazm\u00edn.<\/li>\n<li><strong>Notas de fondo:<\/strong> \u00c1mbar, pachul\u00ed, vainilla, almizcle y s\u00e1ndalo.<\/li>\n<\/ul>\n","protected":false},"excerpt":{"rendered":"<p>NATURA Natura\u2026 refleja tu personalidad interior. Es una cautivadora fragancia floral y afrutada. Con Natura, te adentras en un mundo<\/p>\n","protected":false},"featured_media":83642,"comment_status":"open","ping_status":"closed","template":"","meta":{"nf_dc_page":""},"product_brand":[],"product_cat":[84],"product_tag":[],"class_list":{"0":"post-83641","1":"product","2":"type-product","3":"status-publish","4":"has-post-thumbnail","6":"product_cat-perfumeria","8":"first","9":"instock","10":"shipping-taxable","11":"purchasable","12":"product-type-simple"},"_links":{"self":[{"href":"https:\/\/brandss.com.py\/index\/wp-json\/wp\/v2\/product\/83641","targetHints":{"allow":["GET"]}}],"collection":[{"href":"https:\/\/brandss.com.py\/index\/wp-json\/wp\/v2\/product"}],"about":[{"href":"https:\/\/brandss.com.py\/index\/wp-json\/wp\/v2\/types\/product"}],"replies":[{"embeddable":true,"href":"https:\/\/brandss.com.py\/index\/wp-json\/wp\/v2\/comments?post=83641"}],"version-history":[{"count":1,"href":"https:\/\/brandss.com.py\/index\/wp-json\/wp\/v2\/product\/83641\/revisions"}],"predecessor-version":[{"id":83645,"href":"https:\/\/brandss.com.py\/index\/wp-json\/wp\/v2\/product\/83641\/revisions\/83645"}],"wp:featuredmedia":[{"embeddable":true,"href":"https:\/\/brandss.com.py\/index\/wp-json\/wp\/v2\/media\/83642"}],"wp:attachment":[{"href":"https:\/\/brandss.com.py\/index\/wp-json\/wp\/v2\/media?parent=83641"}],"wp:term":[{"taxonomy":"product_brand","embeddable":true,"href":"https:\/\/brandss.com.py\/index\/wp-json\/wp\/v2\/product_brand?post=83641"},{"taxonomy":"product_cat","embeddable":true,"href":"https:\/\/brandss.com.py\/index\/wp-json\/wp\/v2\/product_cat?post=83641"},{"taxonomy":"product_tag","embeddable":true,"href":"https:\/\/brandss.com.py\/index\/wp-json\/wp\/v2\/product_tag?post=83641"}],"curies":[{"name":"wp","href":"https:\/\/api.w.org\/{rel}","templated":true}]}}