{"id":83739,"date":"2025-06-06T11:48:51","date_gmt":"2025-06-06T11:48:51","guid":{"rendered":"https:\/\/brandss.com.py\/index\/?post_type=product&#038;p=83739"},"modified":"2025-06-27T18:47:59","modified_gmt":"2025-06-27T18:47:59","slug":"tv-smart-led-hye-hye50atuh-50-4k-ultra-hd-android-wi-fi-bt","status":"publish","type":"product","link":"https:\/\/brandss.com.py\/index\/producto\/tv-smart-led-hye-hye50atuh-50-4k-ultra-hd-android-wi-fi-bt\/","title":{"rendered":"TV SMART LED HYE HYE50ATUH 50&#8243; 4K ULTRA HD ANDROID WI-FI BT"},"content":{"rendered":"<p><img loading=\"lazy\" decoding=\"async\" class=\"\" src=\"https:\/\/static.wixstatic.com\/media\/6f6d21_7776dd2c7ec748dba138b1286a6e115d~mv2.png\/v1\/fit\/w_2500,h_1330,al_c\/6f6d21_7776dd2c7ec748dba138b1286a6e115d~mv2.png\" alt=\"\u516c\u53f8\u7c21\u4ecb| \u7d05\u7131\u96fb\u5b50\u6709\u9650\u516c\u53f8\" width=\"163\" height=\"102\" \/><\/p>\n<h1>HYE50ATUH<\/h1>\n<p>El televisor Smart HYE HYE55ATUH de 50 pulgadas es una excelente opci\u00f3n para quienes buscan calidad y conectividad en su entretenimiento en el hogar. Con su pantalla LED y resoluci\u00f3n 4K Ultra HD (3840 x 2160 p\u00edxeles), ofrece im\u00e1genes n\u00edtidas y detalladas, ideales para disfrutar de tus pel\u00edculas y series favoritas con una calidad visual impresionante. Su brillo de 250\u00b110 cd\/m\u00b2 asegura una buena visibilidad incluso en habitaciones bien iluminadas. Equipado con conectividad Wi-Fi, este televisor permite acceder a tus aplicaciones de streaming y contenido en l\u00ednea sin complicaciones. Soporta diversos formatos de video como MPEG2, MPEG4 y AVS, garantizando una amplia compatibilidad. La interfaz incluye 3 puertos HDMI y 2 puertos USB, facilitando la conexi\u00f3n de m\u00faltiples dispositivos para una experiencia de entretenimiento completa. Adem\u00e1s, con el sistema de televisi\u00f3n digital ISDB, disfrutar\u00e1s de una recepci\u00f3n clara y de alta calidad.<img loading=\"lazy\" decoding=\"async\" class=\"alignleft\" src=\"https:\/\/www.atlanticoshop.com.py\/image\/catalog\/smart%20tv%20hye%20desc%20esp-1.jpg\" width=\"405\" height=\"228\" \/><\/p>\n<h2>Calida de imagen 4K UHD<\/h2>\n<div>Con la tecnolog\u00eda de resoluci\u00f3n 4K Ultra HD, la TV ofrece cuatro veces la resoluci\u00f3n de Full HD, brindando im\u00e1genes m\u00e1s claras y precisas. Adem\u00e1s, cuenta con funciones de mejora de imagen como HDR (High Dynamic Range), que optimiza el contraste y la precisi\u00f3n del color, permitiendo ver detalles que normalmente se perder\u00edan en las sombras o en \u00e1reas muy iluminadas.<\/div>\n<div>\n<h2 class=\"titulo\"><b><span style=\"font-family: Arial\">Audio envolvente<\/span><\/b><\/h2>\n<p class=\"descripcion\"><span style=\"font-family: SF Pro Display\">Con altavoces de calidad y tecnolog\u00edas de mejora de sonido, este televisor ofrece una reproducci\u00f3n <\/span>de audio clara y potente, ideal tanto para pel\u00edculas como para juegos y m\u00fasica.<\/p>\n<h2 class=\"titulo\"><b><span style=\"font-family: Arial\">Funciones Inteligentes<\/span><\/b><\/h2>\n<p class=\"descripcion\"><span style=\"font-family: SF Pro Display\">Este televisor viene con un sistema operativo inteligente que permite acceder a una amplia gama de aplicaciones<\/span><\/p>\n<p class=\"descripcion\"><span style=\"font-family: SF Pro Display\">y servicios de streaming como Netflix, YouTube y Amazon Prime Video. La interfaz de usuario es intuitiva y f\u00e1cil de navegar, ofreciendo acceso r\u00e1pido a tus contenidos favoritos.<\/span><\/p>\n<p class=\"descripcion\"><span style=\"font-family: SF Pro Display\">Adem\u00e1s, la compatibilidad con asistentes de voz permite controlar el televisor mediante comandos de voz, haciendo la experiencia m\u00e1s interactiva y c\u00f3moda.<\/span><\/p>\n<h2>Especificaciones<\/h2>\n<p>MARCA: HYE<br \/>\nMODELO: HYE50ATUH<br \/>\nCOLOR: Negro<br \/>\nPANTALLA: LED de 50&#8243;<br \/>\nRESOLUCI\u00d3N DE LA PANTALLA: 4K Ultra HD 3840 x 2160<br \/>\nSISTEMA OPERATIVO: Android 14<br \/>\nPROCESADOR CPU: Quad Core<br \/>\nMEMORIA RAM: 1.5GB<br \/>\nALTO PARLANTE: Integrados<br \/>\nCONECTIVIDAD WIRELESS: Wi-Fi &#8211; Bluetooth<br \/>\nVOLTAJE: 100 &#8211; 240 V ~ 50\/60 Hz<br \/>\nCARACTER\u00cdSTICAS: Soporta servicios de Streaming como YouTube y Netflix &#8211; Conversor de TV Digital ISDB-T integrado &#8211; Funci\u00f3n EPG (Gu\u00eda de Programaci\u00f3n Electr\u00f3nica) y OSD multi-idiomas<br \/>\nINTERFAZ: 3 HDMI &#8211; 2 USB &#8211; 2 A.V &#8211; VGA &#8211; RF IN &#8211; Mini Jack 3.5 mm &#8211; Mini AV &#8211; Mini YPbPr &#8211; Coaxial &#8211; RJ45<br \/>\nPESO BRUTO (g): 10641<br \/>\nDIMENSIONES DE EMBALAJE (cm): 118.7 x 11.1 x 70.5<br \/>\nINCLUYE: Control remoto &#8211; 2 pilas AAA &#8211; Manual<\/p>\n<\/div>\n","protected":false},"excerpt":{"rendered":"<p>HYE50ATUH El televisor Smart HYE HYE55ATUH de 50 pulgadas es una excelente opci\u00f3n para quienes buscan calidad y conectividad en<\/p>\n","protected":false},"featured_media":83740,"comment_status":"open","ping_status":"closed","template":"","meta":{"nf_dc_page":""},"product_brand":[],"product_cat":[89],"product_tag":[],"class_list":{"0":"post-83739","1":"product","2":"type-product","3":"status-publish","4":"has-post-thumbnail","6":"product_cat-electronicos","8":"first","9":"outofstock","10":"shipping-taxable","11":"purchasable","12":"product-type-simple"},"_links":{"self":[{"href":"https:\/\/brandss.com.py\/index\/wp-json\/wp\/v2\/product\/83739","targetHints":{"allow":["GET"]}}],"collection":[{"href":"https:\/\/brandss.com.py\/index\/wp-json\/wp\/v2\/product"}],"about":[{"href":"https:\/\/brandss.com.py\/index\/wp-json\/wp\/v2\/types\/product"}],"replies":[{"embeddable":true,"href":"https:\/\/brandss.com.py\/index\/wp-json\/wp\/v2\/comments?post=83739"}],"version-history":[{"count":2,"href":"https:\/\/brandss.com.py\/index\/wp-json\/wp\/v2\/product\/83739\/revisions"}],"predecessor-version":[{"id":83747,"href":"https:\/\/brandss.com.py\/index\/wp-json\/wp\/v2\/product\/83739\/revisions\/83747"}],"wp:featuredmedia":[{"embeddable":true,"href":"https:\/\/brandss.com.py\/index\/wp-json\/wp\/v2\/media\/83740"}],"wp:attachment":[{"href":"https:\/\/brandss.com.py\/index\/wp-json\/wp\/v2\/media?parent=83739"}],"wp:term":[{"taxonomy":"product_brand","embeddable":true,"href":"https:\/\/brandss.com.py\/index\/wp-json\/wp\/v2\/product_brand?post=83739"},{"taxonomy":"product_cat","embeddable":true,"href":"https:\/\/brandss.com.py\/index\/wp-json\/wp\/v2\/product_cat?post=83739"},{"taxonomy":"product_tag","embeddable":true,"href":"https:\/\/brandss.com.py\/index\/wp-json\/wp\/v2\/product_tag?post=83739"}],"curies":[{"name":"wp","href":"https:\/\/api.w.org\/{rel}","templated":true}]}}