{"id":83773,"date":"2025-06-06T14:24:53","date_gmt":"2025-06-06T14:24:53","guid":{"rendered":"https:\/\/brandss.com.py\/index\/?post_type=product&#038;p=83773"},"modified":"2025-09-25T13:37:03","modified_gmt":"2025-09-25T13:37:03","slug":"shampoo-capilar-victoria-anna-moroccan-argan-oil-1-litro","status":"publish","type":"product","link":"https:\/\/brandss.com.py\/index\/producto\/shampoo-capilar-victoria-anna-moroccan-argan-oil-1-litro\/","title":{"rendered":"SHAMPOO CAPILAR VICTORIA ANNA MOROCCAN ARGAN OIL 1 LITRO"},"content":{"rendered":"<p><img loading=\"lazy\" decoding=\"async\" class=\"\" src=\"https:\/\/encrypted-tbn0.gstatic.com\/images?q=tbn:ANd9GcQ3OEjJ7to23tZxE-9UGTCEHZBYeycoTBGF9A&amp;s\" alt=\"Victoria ANNA\" width=\"77\" height=\"77\" \/><\/p>\n<h1>MOROCCAN ARGAN OIL<\/h1>\n<p><strong>Champ\u00fa hidratante transparente con aceite de arg\u00e1n.<\/strong><\/p>\n<p>Devuelve la vida y el brillo a tu cabello con el champ\u00fa hidratante transparente con aceite de arg\u00e1n marroqu\u00ed VICTORIA ANNA\u00ae. Infundido con aceite de arg\u00e1n, rico en vitamina E y queratina fortalecedora del cabello, este champ\u00fa est\u00e1 especialmente mezclado para ayudar a restaurar la salud y el brillo de tu cabello. Completamente seguro para cabello te\u00f1ido, \u00a1este champ\u00fa es un gran humectante para el cabello! \u00a1Un poco rendir\u00e1 mucho en esta botella de 1 L que tendr\u00e1 tu cabello maravillosamente fuerte y revitalizado!<img loading=\"lazy\" decoding=\"async\" class=\"alignleft\" src=\"https:\/\/c93.hongcdn.com\/uploads\/2406\/24061905483540715-!j.webp\" width=\"334\" height=\"711\" \/><\/p>\n<p>Voluminoso y esponjoso, mejora la picaz\u00f3n del cuero cabelludo, fortalece y previene la rotura del cabello, elimina la caspa, protege los rizos despu\u00e9s de la permanente, repara el da\u00f1o.<\/p>\n<ul>\n<li><strong>Hidrataci\u00f3n profunda:<\/strong> infundido con aceite de arg\u00e1n marroqu\u00ed, nuestro d\u00fao de champ\u00fa y acondicionador proporciona una hidrataci\u00f3n intensa para combatir la sequedad, dejando sus cerraduras suaves y suaves y t\u00e1ctiles.<\/li>\n<li><strong>Reparaci\u00f3n de da\u00f1os:<\/strong>\u00a0con sus propiedades restaurativas, este sistema de cuidado del cabello ayuda a reparar y fortalecer los mechones da\u00f1ados, reducir las puntas abiertas y la rotura para el cabello m\u00e1s saludable y m\u00e1s resistente.<\/li>\n<li><strong>Preservaci\u00f3n de color:<\/strong> especialmente formulado para el cabello tratado con color, nuestro champ\u00fa y acondicionador ayudan a mantener los tonos vibrantes y evitan el decoloraci\u00f3n del color, manteniendo sus trenzas radiantes durante m\u00e1s tiempo.<\/li>\n<li><strong>Limpieza suave:<\/strong> experimente una limpieza suave sin productos qu\u00edmicos fuertes.Nuestra f\u00f3rmula sin sulfato elimina efectivamente las impurezas al tiempo que preserva el equilibrio natural de su cabello, evitando la irritaci\u00f3n del cuero cabelludo.<\/li>\n<li><strong>Versatilidad multiprop\u00f3sito:<\/strong> no solo para los tipos de cabello seco, este tipo de champ\u00fa y acondicionador puede disfrutar por todos los tipos de cabello.Ya sea que su cabello sea rizado, recto, grueso o fino, nuestro producto se adapte a sus necesidades \u00fanicas de cabello, ofreciendo alimento personalizado.<\/li>\n<li><strong>Fragancia:<\/strong> marroqu\u00ed.<\/li>\n<li><strong>Tipo de cabello aplicable:<\/strong> todo tipo de cabello.<\/li>\n<li><strong>Contenido neto:<\/strong>1000 ml.<\/li>\n<\/ul>\n","protected":false},"excerpt":{"rendered":"<p>MOROCCAN ARGAN OIL Champ\u00fa hidratante transparente con aceite de arg\u00e1n. Devuelve la vida y el brillo a tu cabello con<\/p>\n","protected":false},"featured_media":83774,"comment_status":"open","ping_status":"closed","template":"","meta":{"nf_dc_page":""},"product_brand":[480],"product_cat":[85],"product_tag":[481],"class_list":{"0":"post-83773","1":"product","2":"type-product","3":"status-publish","4":"has-post-thumbnail","6":"product_brand-victoria-anna","7":"product_cat-cosmeticos","8":"product_tag-481","10":"first","11":"instock","12":"shipping-taxable","13":"purchasable","14":"product-type-simple"},"_links":{"self":[{"href":"https:\/\/brandss.com.py\/index\/wp-json\/wp\/v2\/product\/83773","targetHints":{"allow":["GET"]}}],"collection":[{"href":"https:\/\/brandss.com.py\/index\/wp-json\/wp\/v2\/product"}],"about":[{"href":"https:\/\/brandss.com.py\/index\/wp-json\/wp\/v2\/types\/product"}],"replies":[{"embeddable":true,"href":"https:\/\/brandss.com.py\/index\/wp-json\/wp\/v2\/comments?post=83773"}],"version-history":[{"count":3,"href":"https:\/\/brandss.com.py\/index\/wp-json\/wp\/v2\/product\/83773\/revisions"}],"predecessor-version":[{"id":83784,"href":"https:\/\/brandss.com.py\/index\/wp-json\/wp\/v2\/product\/83773\/revisions\/83784"}],"wp:featuredmedia":[{"embeddable":true,"href":"https:\/\/brandss.com.py\/index\/wp-json\/wp\/v2\/media\/83774"}],"wp:attachment":[{"href":"https:\/\/brandss.com.py\/index\/wp-json\/wp\/v2\/media?parent=83773"}],"wp:term":[{"taxonomy":"product_brand","embeddable":true,"href":"https:\/\/brandss.com.py\/index\/wp-json\/wp\/v2\/product_brand?post=83773"},{"taxonomy":"product_cat","embeddable":true,"href":"https:\/\/brandss.com.py\/index\/wp-json\/wp\/v2\/product_cat?post=83773"},{"taxonomy":"product_tag","embeddable":true,"href":"https:\/\/brandss.com.py\/index\/wp-json\/wp\/v2\/product_tag?post=83773"}],"curies":[{"name":"wp","href":"https:\/\/api.w.org\/{rel}","templated":true}]}}