{"id":84053,"date":"2025-06-12T11:22:23","date_gmt":"2025-06-12T11:22:23","guid":{"rendered":"https:\/\/brandss.com.py\/index\/?post_type=product&#038;p=84053"},"modified":"2025-12-05T10:53:51","modified_gmt":"2025-12-05T10:53:51","slug":"corrector-tto-facial-la-roche-posay-effaclar-duo-40ml","status":"publish","type":"product","link":"https:\/\/brandss.com.py\/index\/producto\/corrector-tto-facial-la-roche-posay-effaclar-duo-40ml\/","title":{"rendered":"CORRECTOR TTO FACIAL LA ROCHE POSAY EFFACLAR DUO+ 40ML"},"content":{"rendered":"<p><img loading=\"lazy\" decoding=\"async\" class=\"\" src=\"https:\/\/1000marcas.net\/wp-content\/uploads\/2021\/05\/La-Roche-Posay-Logo.png\" alt=\"La Roche Posay Logo - s\u00edmbolo, significado logotipo, historia, PNG\" width=\"117\" height=\"66\" \/><\/p>\n<h1>EFFACLAR DUO+<\/h1>\n<p>Tratamiento corrector de imperfecciones severas y marcas con tecnolog\u00eda XL PROTECT\u00a0contra los rayos UVA y UVB. Protege de las agresiones externas para reducir las imperfecciones y mejorar la correcci\u00f3n de marcas.<\/p>\n<ul class=\"pdf__recommenations--content_list\">\n<li class=\"recommenations-list__item\">\n<div>Crema hidratante anti-imperfecciones que corrige e hidrata la piel grasa.<\/div>\n<\/li>\n<li class=\"recommenations-list__item\">\n<div>Reduce visiblemente las imperfecciones, controla el brillo y ayuda a reducir la aparici\u00f3n de marcas.<\/div>\n<\/li>\n<li class=\"recommenations-list__item\">\n<div>Para una piel m\u00e1s limpia en 4 semanas.<\/div>\n<\/li>\n<\/ul>\n<h6 id=\"beneficios-comprobados\" class=\"h1 heading--anchor\"><strong>BENEFICIOS <\/strong>COMPROBADOS<\/h6>\n<div class=\"grid-container\">\n<div class=\"grid-col\"><span class=\"proven-head\"><strong>ANTI<\/strong><\/span><\/p>\n<p class=\"proven-desc\">Anti-imperfecciones, anti-marcas y anti-recurrencias.<\/p>\n<\/div>\n<div class=\"grid-col\"><span class=\"proven-head\"><strong>F\u00d3RMULA<\/strong><\/span><\/p>\n<p class=\"proven-desc\">Formulado espec\u00edficamente para pieles grasas y propensas a las imperfecciones en adultos y adolescentes.<\/p>\n<\/div>\n<div class=\"grid-col\"><span class=\"proven-head\"><strong>DOBLE ACCI\u00d3N<\/strong><\/span><\/p>\n<p class=\"proven-desc\">Un gel hidratante diario de doble acci\u00f3n que reduce la aparici\u00f3n de imperfecciones y puntos negros, controla el brillo<\/p>\n<\/div>\n<\/div>\n<p>Las imperfecciones se reducen significativamente. Los poros se desobstruyen, la textura de la piel se suaviza, los brillos se reducen. Testado en ambientes con picos de contaminaci\u00f3n<\/p>\n<h6>Modo de uso<\/h6>\n<div class=\"how-to-apply-container-visual\">\n<div class=\"visual-wrapper\"><img decoding=\"async\" class=\"imageclass alignleft\" src=\"https:\/\/www.larocheposay-centroamerica.com\/-\/media\/project\/loreal\/brand-sites\/lrp\/america\/latam\/lrp-model-visuals\/pdp-v2\/generic\/lrp-pdp-v2-how-to-apply-rightsend-14-01-2024.jpg\" alt=\"\" \/><\/div>\n<\/div>\n<div class=\"how-to-apply-container-label\">\n<ul>\n<li><img decoding=\"async\" src=\"https:\/\/www.larocheposay-centroamerica.com\/-\/media\/project\/loreal\/brand-sites\/lrp\/shared\/baseline\/products\/hta_quantity_icon.svg\" alt=\"\" \/>\n<div class=\"label-wrapper\">\n<div class=\"label-wrapper-name\">CANTIDAD: Toma una cantidad de crema del tama\u00f1o de una avellana<\/div>\n<\/div>\n<\/li>\n<li><img decoding=\"async\" src=\"https:\/\/www.larocheposay-centroamerica.com\/-\/media\/project\/loreal\/brand-sites\/lrp\/shared\/baseline\/products\/hta_time_icon.svg\" alt=\"\" \/>\n<div class=\"label-wrapper\">\n<div class=\"label-wrapper-name\">CU\u00c1NDO: Ma\u00f1ana y\/o noche<\/div>\n<\/div>\n<\/li>\n<li><img decoding=\"async\" src=\"https:\/\/www.larocheposay-centroamerica.com\/-\/media\/project\/loreal\/brand-sites\/lrp\/shared\/baseline\/products\/hta_area_icon.svg\" alt=\"\" \/>\n<div class=\"label-wrapper\">\n<div class=\"label-wrapper-name\">D\u00d3NDE: En el rostro, evita los ojos.<\/div>\n<\/div>\n<\/li>\n<li><img decoding=\"async\" src=\"https:\/\/www.larocheposay-centroamerica.com\/-\/media\/project\/loreal\/brand-sites\/lrp\/shared\/baseline\/products\/hta_tips_icon.svg\" alt=\"\" \/>\n<div class=\"label-wrapper\">\n<div class=\"label-wrapper-name\">TIPS DE APLICACI\u00d3N: Calentar para facilitar su absorci\u00f3n<\/div>\n<\/div>\n<\/li>\n<\/ul>\n<\/div>\n<p>Aplicar en todo el rostro por la ma\u00f1ana, despu\u00e9s de limpiar la piel con el Gel Mousse Effaclar. Evitar el contorno de los ojos.<\/p>\n<p>Precauci\u00f3n: Este no es un producto de protecci\u00f3n solar. Para una exposici\u00f3n prolongada o intensa, aplica generosamente un fotoprotector y reaplica frecuentemente.<\/p>\n<h6>Composici\u00f3n<\/h6>\n<div class=\"ingredient-header\">EFFACLAR DUO +<br \/>\n<strong>DENTRO DEL PRODUCTO<\/strong><\/div>\n<ul class=\"ingredients-list\">\n<li class=\"ingredients-list__item\">\n<div class=\"ingredients-card\">\n<div class=\"ingredients-card__content\">\n<div class=\"ingredients-card__img-wrapper\">\n<div class=\"ingredients-card__caption\"><strong>AQUA POSAE<\/strong><br \/>\nFILIFORMIS<\/div>\n<p><img loading=\"lazy\" decoding=\"async\" class=\"ingredients-card__img\" src=\"https:\/\/www.larocheposay-centroamerica.com\/-\/media\/project\/loreal\/brand-sites\/lrp\/america\/latam\/ingredients\/pdp\/lrp-productpage-ingredient-aqua-posae.jpg\" alt=\"Aqua posae filiformis ingredient\" width=\"300\" height=\"300\" \/><\/div>\n<div class=\"ingredients-card__description\">&#8220;Ayuda a restablecer el equilibrio de la piel a largo plazo.<br \/>\nLas imperfecciones son menos visibles : 85%*<br \/>\nLa piel est\u00e1 m\u00e1s suave: 95%*<br \/>\n*Autoevaluaci\u00f3n, 42 sujetos, aplicaci\u00f3n de 4 semanas 2 veces al d\u00eda&#8221;<\/div>\n<\/div>\n<\/div>\n<\/li>\n<li class=\"ingredients-list__item\">\n<div class=\"ingredients-card\">\n<div class=\"ingredients-card__content\">\n<div class=\"ingredients-card__img-wrapper\">\n<div class=\"ingredients-card__caption\"><strong>PROCERAD<\/strong><\/div>\n<p><img loading=\"lazy\" decoding=\"async\" class=\"ingredients-card__img\" src=\"https:\/\/www.larocheposay-centroamerica.com\/-\/media\/project\/loreal\/brand-sites\/lrp\/america\/latam\/ingredients\/pdp\/lrp-productpage-ingredient-pure-vitamin-c.jpg\" alt=\"Pure vitamin C\" width=\"300\" height=\"300\" \/><\/div>\n<div class=\"ingredients-card__description\">Ayuda a proteger contra la aparici\u00f3n de marcas rojas o marrones.<\/div>\n<\/div>\n<\/div>\n<\/li>\n<li class=\"ingredients-list__item\">\n<div class=\"ingredients-card\">\n<div class=\"ingredients-card__content\">\n<div class=\"ingredients-card__img-wrapper\">\n<div class=\"ingredients-card__caption\"><strong>PIGMENTOS PURIFICADOS<\/strong><\/div>\n<p><img loading=\"lazy\" decoding=\"async\" class=\"ingredients-card__img\" src=\"https:\/\/www.larocheposay-centroamerica.com\/-\/media\/project\/loreal\/brand-sites\/lrp\/america\/latam\/ingredients\/pdp\/lrp-productpage-ingredient-mineral-pigment.jpg\" alt=\"\" width=\"300\" height=\"300\" \/><\/div>\n<div class=\"ingredients-card__description\">La cobertura ligera y de aspecto natural transforma instant\u00e1neamente la tez, sin bloquear los poros.<\/div>\n<\/div>\n<\/div>\n<\/li>\n<\/ul>\n<p>Niacinamida, Procerad\u00ae, LHA\u00ae, Niacinamida, Tecnolog\u00eda [Xl]-Protecttm<\/p>\n","protected":false},"excerpt":{"rendered":"<p>EFFACLAR DUO+ Tratamiento corrector de imperfecciones severas y marcas con tecnolog\u00eda XL PROTECT\u00a0contra los rayos UVA y UVB. Protege de<\/p>\n","protected":false},"featured_media":84054,"comment_status":"open","ping_status":"closed","template":"","meta":{"nf_dc_page":""},"product_brand":[494],"product_cat":[104],"product_tag":[499],"class_list":{"0":"post-84053","1":"product","2":"type-product","3":"status-publish","4":"has-post-thumbnail","6":"product_brand-la-roche-posay","7":"product_cat-skin-care","8":"product_tag-499","10":"first","11":"instock","12":"shipping-taxable","13":"purchasable","14":"product-type-simple"},"_links":{"self":[{"href":"https:\/\/brandss.com.py\/index\/wp-json\/wp\/v2\/product\/84053","targetHints":{"allow":["GET"]}}],"collection":[{"href":"https:\/\/brandss.com.py\/index\/wp-json\/wp\/v2\/product"}],"about":[{"href":"https:\/\/brandss.com.py\/index\/wp-json\/wp\/v2\/types\/product"}],"replies":[{"embeddable":true,"href":"https:\/\/brandss.com.py\/index\/wp-json\/wp\/v2\/comments?post=84053"}],"version-history":[{"count":1,"href":"https:\/\/brandss.com.py\/index\/wp-json\/wp\/v2\/product\/84053\/revisions"}],"predecessor-version":[{"id":84061,"href":"https:\/\/brandss.com.py\/index\/wp-json\/wp\/v2\/product\/84053\/revisions\/84061"}],"wp:featuredmedia":[{"embeddable":true,"href":"https:\/\/brandss.com.py\/index\/wp-json\/wp\/v2\/media\/84054"}],"wp:attachment":[{"href":"https:\/\/brandss.com.py\/index\/wp-json\/wp\/v2\/media?parent=84053"}],"wp:term":[{"taxonomy":"product_brand","embeddable":true,"href":"https:\/\/brandss.com.py\/index\/wp-json\/wp\/v2\/product_brand?post=84053"},{"taxonomy":"product_cat","embeddable":true,"href":"https:\/\/brandss.com.py\/index\/wp-json\/wp\/v2\/product_cat?post=84053"},{"taxonomy":"product_tag","embeddable":true,"href":"https:\/\/brandss.com.py\/index\/wp-json\/wp\/v2\/product_tag?post=84053"}],"curies":[{"name":"wp","href":"https:\/\/api.w.org\/{rel}","templated":true}]}}