{"id":84098,"date":"2025-06-12T14:14:51","date_gmt":"2025-06-12T14:14:51","guid":{"rendered":"https:\/\/brandss.com.py\/index\/?post_type=product&#038;p=84098"},"modified":"2026-03-26T13:49:22","modified_gmt":"2026-03-26T13:49:22","slug":"perfume-femenino-mawwal-shymphony-kaman-edp-100ml","status":"publish","type":"product","link":"https:\/\/brandss.com.py\/index\/producto\/perfume-femenino-mawwal-shymphony-kaman-edp-100ml\/","title":{"rendered":"PERFUME FEMENINO MAWWAL SHYMPHONY KAMAN EDP 100ML"},"content":{"rendered":"<p><img loading=\"lazy\" decoding=\"async\" class=\"\" src=\"https:\/\/mawwal.com\/wp-content\/uploads\/2022\/02\/luxury-beige-3.png\" alt=\"Downloads - Mawwal Arabia\" width=\"62\" height=\"97\" \/><\/p>\n<h1>SHYMPHONY KAMAN<\/h1>\n<p>Es un perfume exclusivo para mujer, creado para mujeres que desean expresar su elegancia y sofisticaci\u00f3n. Con una combinaci\u00f3n \u00fanica de notas florales, frutales y amaderadas, este Eau de Parfum ofrece una experiencia sensorial envolvente y duradera. Perfecto para eventos especiales o para el uso diario, hace sentir su presencia y deja una impresi\u00f3n inolvidable.<\/p>\n<h3>Notas Olfativas<\/h3>\n<p><span>El perfume\u00a0<span dir=\"ltr\" lang=\"pt-BR\">Mawwal Symphony Kaman\u00a0<\/span>es una fragancia de la familia olfativa<\/span><span>\u00a0<\/span><span><span dir=\"ltr\" lang=\"es-MX\">oriental<\/span><span dir=\"ltr\" lang=\"pt-BR\">\u00a0floral<\/span><\/span><span>\u00a0<\/span><span>para mujeres.\u00a0<\/span><span>Con una concentraci\u00f3n del tipo Eau de Parfum, ofrece una duradera y alta intensidad arom\u00e1tica en la piel. Sus notas est\u00e1n compuestas por los siguientes ingredientes.<\/span><\/p>\n<ul>\n<li><strong>Notas de salida:<\/strong> Almendra, caf\u00e9, mandarina, bergamota y lim\u00f3n.<\/li>\n<li><strong>Nota de coraz\u00f3n:<\/strong> Flor de naranjo, rosa, lirio, jazm\u00edn, nardos y canela.<\/li>\n<li><span><strong>Notas de fondo:<\/strong> S\u00e1ndalo, cedro, pachul\u00ed, vainilla, cacao, cachemira, \u00e1mbar y almizcle.<\/span><\/li>\n<\/ul>\n","protected":false},"excerpt":{"rendered":"<p>SHYMPHONY KAMAN Es un perfume exclusivo para mujer, creado para mujeres que desean expresar su elegancia y sofisticaci\u00f3n. Con una<\/p>\n","protected":false},"featured_media":84099,"comment_status":"open","ping_status":"closed","template":"","meta":{"nf_dc_page":""},"product_brand":[2001],"product_cat":[84],"product_tag":[3265],"class_list":{"0":"post-84098","1":"product","2":"type-product","3":"status-publish","4":"has-post-thumbnail","6":"product_brand-mawwal","7":"product_cat-perfumeria","8":"product_tag-3265","10":"first","11":"instock","12":"sale","13":"shipping-taxable","14":"purchasable","15":"product-type-simple"},"_links":{"self":[{"href":"https:\/\/brandss.com.py\/index\/wp-json\/wp\/v2\/product\/84098","targetHints":{"allow":["GET"]}}],"collection":[{"href":"https:\/\/brandss.com.py\/index\/wp-json\/wp\/v2\/product"}],"about":[{"href":"https:\/\/brandss.com.py\/index\/wp-json\/wp\/v2\/types\/product"}],"replies":[{"embeddable":true,"href":"https:\/\/brandss.com.py\/index\/wp-json\/wp\/v2\/comments?post=84098"}],"version-history":[{"count":1,"href":"https:\/\/brandss.com.py\/index\/wp-json\/wp\/v2\/product\/84098\/revisions"}],"predecessor-version":[{"id":84102,"href":"https:\/\/brandss.com.py\/index\/wp-json\/wp\/v2\/product\/84098\/revisions\/84102"}],"wp:featuredmedia":[{"embeddable":true,"href":"https:\/\/brandss.com.py\/index\/wp-json\/wp\/v2\/media\/84099"}],"wp:attachment":[{"href":"https:\/\/brandss.com.py\/index\/wp-json\/wp\/v2\/media?parent=84098"}],"wp:term":[{"taxonomy":"product_brand","embeddable":true,"href":"https:\/\/brandss.com.py\/index\/wp-json\/wp\/v2\/product_brand?post=84098"},{"taxonomy":"product_cat","embeddable":true,"href":"https:\/\/brandss.com.py\/index\/wp-json\/wp\/v2\/product_cat?post=84098"},{"taxonomy":"product_tag","embeddable":true,"href":"https:\/\/brandss.com.py\/index\/wp-json\/wp\/v2\/product_tag?post=84098"}],"curies":[{"name":"wp","href":"https:\/\/api.w.org\/{rel}","templated":true}]}}