{"id":84221,"date":"2025-06-13T18:25:44","date_gmt":"2025-06-13T18:25:44","guid":{"rendered":"https:\/\/brandss.com.py\/index\/?post_type=product&#038;p=84221"},"modified":"2025-09-25T14:09:48","modified_gmt":"2025-09-25T14:09:48","slug":"acondicionador-capilar-keratine-queen-collagenvc-800ml","status":"publish","type":"product","link":"https:\/\/brandss.com.py\/index\/producto\/acondicionador-capilar-keratine-queen-collagenvc-800ml\/","title":{"rendered":"ACONDICIONADOR CAPILAR KERATINE QUEEN COLLAGEN+VC 800ML"},"content":{"rendered":"<p><img loading=\"lazy\" decoding=\"async\" class=\"\" src=\"https:\/\/encrypted-tbn0.gstatic.com\/images?q=tbn:ANd9GcQS562fLa_Zci313Mpn59wIPtTWqbh3Zg1E2g&amp;s\" alt=\"Keratine Queen Cambodia\" width=\"107\" height=\"107\" \/><\/p>\n<h1>COLLAGEN+VC<\/h1>\n<div class=\"product__description p-2 px-5 sm:p-1 leading-7 mb-3\">\n<article class=\"article--main pb-1\"><span>Descubre un cabello y un cuero cabelludo vibrantes y saludables con\u00a0<\/span>el Acondicionador Keratin Queen Super Collagen + Vitamina C.\u00a0Esta avanzada f\u00f3rmula\u00a04D\u00a0est\u00e1 dise\u00f1ada para\u00a0aumentar el brillo un 95 %, promoviendo\u00a0un cabello radiante\u00a0y\u00a0un cuero cabelludo saludable\u00a0. Enriquecido con\u00a0col\u00e1geno y vitamina C<span>, este acondicionador proporciona un cuidado integral para un cabello radiante y revitalizado.<\/span><\/p>\n<p>Este poderoso acondicionador para el cabello<span>\u00a0est\u00e1 formulado por expertos\u00a0para:<\/span><\/p>\n<ul>\n<li><strong><span>F\u00f3rmula Super Col\u00e1geno + Vitamina C:<\/span><\/strong><span>\u00a0Combina col\u00e1geno y vitamina C para mejorar la fuerza, elasticidad y protecci\u00f3n antioxidante del cabello, proporcionando el m\u00e1ximo brillo.<\/span><\/li>\n<li><strong><span>95% DE REFUERZO DE BRILLO:<\/span><\/strong><span>\u00a0Dise\u00f1ado cl\u00ednicamente para aumentar el brillo del cabello hasta en un 95%, revelando un cabello visiblemente brillante y lustroso.<\/span><\/li>\n<li><strong><span>Cabello brillante y cuero cabelludo saludable:<\/span><\/strong><span>\u00a0Especialmente formulado para promover un cabello intensamente brillante mientras nutre y equilibra el cuero cabelludo para una salud \u00f3ptima.<\/span><\/li>\n<li><strong><span>Acci\u00f3n 4D:<\/span><\/strong><span>\u00a0Proporciona un enfoque multidimensional para el acondicionamiento del cabello, mejorando el brillo general, la salud y la vitalidad.<\/span><\/li>\n<li><strong><span>Nutre e hidrata:<\/span><\/strong><span>\u00a0nutre e hidrata profundamente las hebras del cabello, dej\u00e1ndolas suaves, tersas y manejables.<\/span><\/li>\n<li><strong><span>Promueve un cuero cabelludo saludable:<\/span><\/strong><span>\u00a0ayuda a mantener un entorno saludable del cuero cabelludo, lo cual es esencial para la salud y el brillo del cabello a largo plazo.<\/span><\/li>\n<li><strong><span>F\u00f3rmula ligera:<\/span><\/strong><span>\u00a0hidrata eficazmente sin apelmazar el cabello, al mismo tiempo que mantiene el volumen y el rebote.<\/span><\/li>\n<li><strong><span>Adecuado para uso regular:<\/span><\/strong><span>\u00a0F\u00f3rmula suave dise\u00f1ada para uso regular para mantener el brillo y un cuero cabelludo saludable.<\/span><\/li>\n<\/ul>\n<p><strong><span>\u00a1Experimente la diferencia que hace Keratin Queen 95% Shine y transforme su cabello con el Acondicionador Super Collagen + Vitamina C para lograr m\u00e1xima luminosidad y salud del cuero cabelludo!<\/span><\/strong><\/p>\n<\/article>\n<\/div>\n","protected":false},"excerpt":{"rendered":"<p>COLLAGEN+VC Descubre un cabello y un cuero cabelludo vibrantes y saludables con\u00a0el Acondicionador Keratin Queen Super Collagen + Vitamina C.\u00a0Esta<\/p>\n","protected":false},"featured_media":84222,"comment_status":"open","ping_status":"closed","template":"","meta":{"nf_dc_page":""},"product_brand":[491],"product_cat":[85],"product_tag":[505],"class_list":{"0":"post-84221","1":"product","2":"type-product","3":"status-publish","4":"has-post-thumbnail","6":"product_brand-keratine-queen","7":"product_cat-cosmeticos","8":"product_tag-505","10":"first","11":"instock","12":"shipping-taxable","13":"purchasable","14":"product-type-simple"},"_links":{"self":[{"href":"https:\/\/brandss.com.py\/index\/wp-json\/wp\/v2\/product\/84221","targetHints":{"allow":["GET"]}}],"collection":[{"href":"https:\/\/brandss.com.py\/index\/wp-json\/wp\/v2\/product"}],"about":[{"href":"https:\/\/brandss.com.py\/index\/wp-json\/wp\/v2\/types\/product"}],"replies":[{"embeddable":true,"href":"https:\/\/brandss.com.py\/index\/wp-json\/wp\/v2\/comments?post=84221"}],"version-history":[{"count":1,"href":"https:\/\/brandss.com.py\/index\/wp-json\/wp\/v2\/product\/84221\/revisions"}],"predecessor-version":[{"id":84223,"href":"https:\/\/brandss.com.py\/index\/wp-json\/wp\/v2\/product\/84221\/revisions\/84223"}],"wp:featuredmedia":[{"embeddable":true,"href":"https:\/\/brandss.com.py\/index\/wp-json\/wp\/v2\/media\/84222"}],"wp:attachment":[{"href":"https:\/\/brandss.com.py\/index\/wp-json\/wp\/v2\/media?parent=84221"}],"wp:term":[{"taxonomy":"product_brand","embeddable":true,"href":"https:\/\/brandss.com.py\/index\/wp-json\/wp\/v2\/product_brand?post=84221"},{"taxonomy":"product_cat","embeddable":true,"href":"https:\/\/brandss.com.py\/index\/wp-json\/wp\/v2\/product_cat?post=84221"},{"taxonomy":"product_tag","embeddable":true,"href":"https:\/\/brandss.com.py\/index\/wp-json\/wp\/v2\/product_tag?post=84221"}],"curies":[{"name":"wp","href":"https:\/\/api.w.org\/{rel}","templated":true}]}}