{"id":84249,"date":"2025-06-14T13:01:33","date_gmt":"2025-06-14T13:01:33","guid":{"rendered":"https:\/\/brandss.com.py\/index\/?post_type=product&#038;p=84249"},"modified":"2025-09-25T14:17:54","modified_gmt":"2025-09-25T14:17:54","slug":"acondicionador-capilar-keratine-queen-argan-oil-800ml","status":"publish","type":"product","link":"https:\/\/brandss.com.py\/index\/producto\/acondicionador-capilar-keratine-queen-argan-oil-800ml\/","title":{"rendered":"ACONDICIONADOR CAPILAR KERATINE QUEEN ARGAN OIL 800ML"},"content":{"rendered":"<p><img loading=\"lazy\" decoding=\"async\" class=\"\" src=\"https:\/\/encrypted-tbn0.gstatic.com\/images?q=tbn:ANd9GcQS562fLa_Zci313Mpn59wIPtTWqbh3Zg1E2g&amp;s\" alt=\"Keratine Queen Cambodia\" width=\"80\" height=\"80\" \/><\/p>\n<h1>ARGAN OIL<\/h1>\n<p>Es un tratamiento intensivo ideal para cabellos que requieren nutrici\u00f3n, reparaci\u00f3n y control del frizz, con una f\u00f3rmula suave y libre de qu\u00edmicos agresivos.<\/p>\n<h3 data-start=\"44\" data-end=\"73\">Ingredientes y f\u00f3rmula<\/h3>\n<ul data-start=\"75\" data-end=\"234\">\n<li data-start=\"75\" data-end=\"155\">\n<p data-start=\"77\" data-end=\"155\"><span class=\"relative -mx-px my-[-0.2rem] rounded px-px py-[0.2rem] transition-colors duration-100 ease-in-out\">Enriquecido con aceite de arg\u00e1n (nutritivo e hidratante), prote\u00ednas brasile\u00f1as, col\u00e1geno, queratina y aceite de jojoba<\/span><\/p>\n<\/li>\n<li data-start=\"156\" data-end=\"234\">\n<p data-start=\"158\" data-end=\"234\"><span class=\"relative -mx-px my-[-0.2rem] rounded px-px py-[0.2rem] transition-colors duration-100 ease-in-out\">Libre de sulfatos y siliconas, ideal para cabello tratado, te\u00f1ido o queratinizado<\/span> .<\/p>\n<\/li>\n<\/ul>\n<h3 data-start=\"241\" data-end=\"264\">Beneficios clave<\/h3>\n<ul data-start=\"266\" data-end=\"678\">\n<li data-start=\"266\" data-end=\"346\">\n<p data-start=\"268\" data-end=\"346\"><span class=\"relative -mx-px my-[-0.2rem] rounded px-px py-[0.2rem] transition-colors duration-100 ease-in-out\"><strong data-start=\"0\" data-end=\"24\" data-is-only-node=\"\">Hidrataci\u00f3n profunda<\/strong>: nutre las hebras y facilita el desenredo, dejando el cabello suave y manejable<\/span> .<\/p>\n<\/li>\n<li data-start=\"347\" data-end=\"427\">\n<p data-start=\"349\" data-end=\"427\"><span class=\"relative -mx-px my-[-0.2rem] rounded px-px py-[0.2rem] transition-colors duration-100 ease-in-out\"><strong data-start=\"0\" data-end=\"27\" data-is-only-node=\"\">Reparaci\u00f3n anti\u2011quiebre<\/strong>: el col\u00e1geno y las prote\u00ednas fortalecen el cabello, reduciendo quiebres y puntas abiertas.<\/span><\/p>\n<\/li>\n<li data-start=\"428\" data-end=\"510\">\n<p data-start=\"430\" data-end=\"510\"><span class=\"relative -mx-px my-[-0.2rem] rounded px-px py-[0.2rem] transition-colors duration-100 ease-in-out\"><strong data-start=\"0\" data-end=\"30\" data-is-only-node=\"\">Control de frizz y alisado<\/strong>: la queratina ayuda a suavizar y disciplinar el cabello, manteni\u00e9ndolo m\u00e1s liso y sin encrespamiento<\/span> .<\/p>\n<\/li>\n<li data-start=\"511\" data-end=\"595\">\n<p data-start=\"513\" data-end=\"595\"><span class=\"relative -mx-px my-[-0.2rem] rounded px-px py-[0.2rem] transition-colors duration-100 ease-in-out\"><strong data-start=\"0\" data-end=\"29\" data-is-only-node=\"\">Protecci\u00f3n t\u00e9rmica ligera<\/strong>: protege contra el calor de planchas y secadores<\/span>.<\/p>\n<\/li>\n<li data-start=\"596\" data-end=\"678\">\n<p data-start=\"598\" data-end=\"678\"><span class=\"relative -mx-px my-[-0.2rem] rounded px-px py-[0.2rem] transition-colors duration-100 ease-in-out\"><strong data-start=\"0\" data-end=\"34\" data-is-only-node=\"\">Equilibrio del cuero cabelludo<\/strong>: el aceite de jojoba ayuda a regular la producci\u00f3n de grasa y limitar bacterias<\/span>.<\/p>\n<\/li>\n<\/ul>\n<h3 data-start=\"685\" data-end=\"703\">C\u00f3mo usarlo<\/h3>\n<ol data-start=\"705\" data-end=\"934\">\n<li data-start=\"705\" data-end=\"749\">\n<p data-start=\"708\" data-end=\"749\"><span class=\"relative -mx-px my-[-0.2rem] rounded px-px py-[0.2rem] transition-colors duration-100 ease-in-out\">Aplica tras el shampoo sobre cabello h\u00famedo.<\/span><\/p>\n<\/li>\n<li data-start=\"750\" data-end=\"835\">\n<p data-start=\"753\" data-end=\"835\"><span class=\"relative -mx-px my-[-0.2rem] rounded px-px py-[0.2rem] transition-colors duration-100 ease-in-out\">Distribuye de medios a puntas y deja actuar entre 2 y 3\u202fminutos<\/span> .<\/p>\n<\/li>\n<li data-start=\"836\" data-end=\"934\">\n<p data-start=\"839\" data-end=\"934\">Enjuaga completamente. Se aconseja usar tras el shampoo Keratine Queen para mejores resultados.<\/p>\n<\/li>\n<\/ol>\n<h3 data-start=\"941\" data-end=\"974\">\u00bfQui\u00e9n puede beneficiarse?<\/h3>\n<ul data-start=\"976\" data-end=\"1179\">\n<li data-start=\"976\" data-end=\"1032\">\n<p data-start=\"978\" data-end=\"1032\">Cabello seco, da\u00f1ado, con tratamientos o te\u00f1ido.<\/p>\n<\/li>\n<li data-start=\"1033\" data-end=\"1096\">\n<p data-start=\"1035\" data-end=\"1096\">Personas que usan herramientas de calor con frecuencia.<\/p>\n<\/li>\n<li data-start=\"1097\" data-end=\"1179\">\n<p data-start=\"1099\" data-end=\"1179\">Quienes buscan suavidad, brillo y facilidad de peinado sin residuos pesados.<\/p>\n<\/li>\n<\/ul>\n<h3 data-start=\"1186\" data-end=\"1206\">\u00a0Resumen r\u00e1pido<\/h3>\n<div class=\"_tableContainer_16hzy_1\">\n<div class=\"_tableWrapper_16hzy_14 group flex w-fit flex-col-reverse\">\n<table class=\"w-fit min-w-(--thread-content-width)\" data-start=\"1208\" data-end=\"1994\">\n<thead data-start=\"1208\" data-end=\"1319\">\n<tr data-start=\"1208\" data-end=\"1319\">\n<th data-start=\"1208\" data-end=\"1232\" data-col-size=\"sm\">Caracter\u00edstica<\/th>\n<th data-start=\"1232\" data-end=\"1319\" data-col-size=\"md\">Detalles<\/th>\n<\/tr>\n<\/thead>\n<tbody data-start=\"1434\" data-end=\"1994\">\n<tr data-start=\"1434\" data-end=\"1545\">\n<td data-start=\"1434\" data-end=\"1458\" data-col-size=\"sm\">Tama\u00f1o habitual<\/td>\n<td data-start=\"1458\" data-end=\"1545\" data-col-size=\"md\">Presentaci\u00f3n de 800\u202fml<\/td>\n<\/tr>\n<tr data-start=\"1546\" data-end=\"1657\">\n<td data-start=\"1546\" data-end=\"1570\" data-col-size=\"sm\">F\u00f3rmula libre de<\/td>\n<td data-col-size=\"md\" data-start=\"1570\" data-end=\"1657\">Sulfatos, siliconas y parabenos<\/td>\n<\/tr>\n<tr data-start=\"1658\" data-end=\"1769\">\n<td data-start=\"1658\" data-end=\"1682\" data-col-size=\"sm\">Objetivo principal<\/td>\n<td data-start=\"1682\" data-end=\"1769\" data-col-size=\"md\">Repara, nutre, alisa, desenreda y protege el cabello<\/td>\n<\/tr>\n<tr data-start=\"1770\" data-end=\"1881\">\n<td data-start=\"1770\" data-end=\"1794\" data-col-size=\"sm\">Activos destacados<\/td>\n<td data-start=\"1794\" data-end=\"1881\" data-col-size=\"md\">Aceite de arg\u00e1n, col\u00e1geno, queratina, prote\u00ednas brasile\u00f1as, aceite de jojoba<\/td>\n<\/tr>\n<tr data-start=\"1882\" data-end=\"1994\">\n<td data-start=\"1882\" data-end=\"1906\" data-col-size=\"sm\">Modalidad de uso<\/td>\n<td data-start=\"1906\" data-end=\"1994\" data-col-size=\"md\">Aplicar tras el shampoo, dejar 2\u20133\u202fmin y enjuagar<\/td>\n<\/tr>\n<\/tbody>\n<\/table>\n<\/div>\n<\/div>\n","protected":false},"excerpt":{"rendered":"<p>ARGAN OIL Es un tratamiento intensivo ideal para cabellos que requieren nutrici\u00f3n, reparaci\u00f3n y control del frizz, con una f\u00f3rmula<\/p>\n","protected":false},"featured_media":84250,"comment_status":"open","ping_status":"closed","template":"","meta":{"nf_dc_page":""},"product_brand":[491],"product_cat":[85],"product_tag":[511],"class_list":{"0":"post-84249","1":"product","2":"type-product","3":"status-publish","4":"has-post-thumbnail","6":"product_brand-keratine-queen","7":"product_cat-cosmeticos","8":"product_tag-511","10":"first","11":"instock","12":"shipping-taxable","13":"purchasable","14":"product-type-simple"},"_links":{"self":[{"href":"https:\/\/brandss.com.py\/index\/wp-json\/wp\/v2\/product\/84249","targetHints":{"allow":["GET"]}}],"collection":[{"href":"https:\/\/brandss.com.py\/index\/wp-json\/wp\/v2\/product"}],"about":[{"href":"https:\/\/brandss.com.py\/index\/wp-json\/wp\/v2\/types\/product"}],"replies":[{"embeddable":true,"href":"https:\/\/brandss.com.py\/index\/wp-json\/wp\/v2\/comments?post=84249"}],"version-history":[{"count":1,"href":"https:\/\/brandss.com.py\/index\/wp-json\/wp\/v2\/product\/84249\/revisions"}],"predecessor-version":[{"id":84251,"href":"https:\/\/brandss.com.py\/index\/wp-json\/wp\/v2\/product\/84249\/revisions\/84251"}],"wp:featuredmedia":[{"embeddable":true,"href":"https:\/\/brandss.com.py\/index\/wp-json\/wp\/v2\/media\/84250"}],"wp:attachment":[{"href":"https:\/\/brandss.com.py\/index\/wp-json\/wp\/v2\/media?parent=84249"}],"wp:term":[{"taxonomy":"product_brand","embeddable":true,"href":"https:\/\/brandss.com.py\/index\/wp-json\/wp\/v2\/product_brand?post=84249"},{"taxonomy":"product_cat","embeddable":true,"href":"https:\/\/brandss.com.py\/index\/wp-json\/wp\/v2\/product_cat?post=84249"},{"taxonomy":"product_tag","embeddable":true,"href":"https:\/\/brandss.com.py\/index\/wp-json\/wp\/v2\/product_tag?post=84249"}],"curies":[{"name":"wp","href":"https:\/\/api.w.org\/{rel}","templated":true}]}}