{"id":84369,"date":"2025-06-16T17:32:24","date_gmt":"2025-06-16T17:32:24","guid":{"rendered":"https:\/\/brandss.com.py\/index\/?post_type=product&#038;p=84369"},"modified":"2025-09-25T16:51:18","modified_gmt":"2025-09-25T16:51:18","slug":"set-capilar-color-wow-dream-clean-shampoo-acondicionador-250ml","status":"publish","type":"product","link":"https:\/\/brandss.com.py\/index\/producto\/set-capilar-color-wow-dream-clean-shampoo-acondicionador-250ml\/","title":{"rendered":"SET CAPILAR COLOR WOW DREAM CLEAN SHAMPOO + ACONDICIONADOR 250ML"},"content":{"rendered":"<p><img loading=\"lazy\" decoding=\"async\" class=\"\" src=\"https:\/\/encrypted-tbn0.gstatic.com\/images?q=tbn:ANd9GcTwqKR_n2fYWUKefBLXMI8sFOlv-MhlKxOppA&amp;s\" alt=\"Color Wow logo horizontal PNG transparente - StickPNG\" width=\"128\" height=\"38\" \/><\/p>\n<h1>DREAM CLEAN<\/h1>\n<p><span>Refresca tu cabello de la ra\u00edz a las puntas con el pack Color Wow Dream Clean. Perfecto para cabello te\u00f1ido, este pack de alto rendimiento incluye un champ\u00fa limpiador y un acondicionador que realza la luminosidad. El set realza la vitalidad del cabello, dej\u00e1ndolo suave al tacto.<\/span><\/p>\n<p><strong><span>Contenido del conjunto:<\/span><\/strong><\/p>\n<p><strong><span>Champ\u00fa Color Wow Color Security 250 ml.<\/span><\/strong><br \/>\n<span>Una f\u00f3rmula limpiadora suave que forma una espuma suntuosa para eliminar las impurezas sin resecar el cabello. Dise\u00f1ado espec\u00edficamente para cabello te\u00f1ido, este champ\u00fa ligero utiliza un complejo japon\u00e9s fortificado con amino\u00e1cidos para minimizar el riesgo de rotura y opacidad, a la vez que previene la p\u00e9rdida de color.<\/span><\/p>\n<ul>\n<li><span>100% limpio, este champ\u00fa \u00fanico y sin residuos no deja rastros que opaquen el cabello ni bloqueen los fol\u00edculos que pueden causar adelgazamiento o p\u00e9rdida del cabello.<\/span><\/li>\n<li><span>Seguro para queratina, seguro para extensiones, perfecto para todo tipo de cabello.<\/span><\/li>\n<li><span>Previene la decoloraci\u00f3n del color<\/span><\/li>\n<li><span>Sin sulfatos, sin siliconas, sin agentes acondicionadores, libre de crueldad animal, sin gluten.<\/span><\/li>\n<\/ul>\n<p><strong><span>Acondicionador Color Wow Color Security 250 ml.<\/span><\/strong><br \/>\n<span>Ideal para cabello te\u00f1ido de fino a normal, este acondicionador hidrata, suaviza y mantiene la vitalidad. Enriquecido con el complejo Sealicon\u2122 protector del color y ocho agentes acondicionadores no oxidantes, su f\u00f3rmula ligera proporciona un acabado brillante.<\/span><\/p>\n<ul>\n<li><span>Desenreda suavemente, suaviza e hidrata.<\/span><\/li>\n<li><span>No amarillea, no oscurece ni distorsiona el color.<\/span><\/li>\n<li><span>Nutre, hidrata sin engrasar.<\/span><\/li>\n<li><span>Protector t\u00e9rmico<\/span><\/li>\n<li><span>Libre de crueldad animal, sin sulfatos, sin gluten, vegano<\/span><\/li>\n<\/ul>\n<p><span>Tenga en cuenta que el color de la tapa puede variar.<\/span><\/p>\n<p><strong><span>Modo de empleo:<\/span><\/strong><\/p>\n<p><span>Champ\u00fa:<\/span><\/p>\n<ul>\n<li><span>Aplique una cantidad del tama\u00f1o de una moneda sobre el cabello mojado y masajee hasta formar espuma.<\/span><\/li>\n<li><span>Enjuagar\u00a0 \u00a0 \u00a0 \u00a0 \u00a0 \u00a0 \u00a0 \u00a0 \u00a0 \u00a0 \u00a0<\/span><\/li>\n<\/ul>\n<p><span>Acondicionador:<\/span><\/p>\n<ul>\n<li><span>Despu\u00e9s de lavar con champ\u00fa Color Security, aplique una peque\u00f1a cantidad sobre el cabello mojado.<\/span><\/li>\n<li><span>Comience a aproximadamente 2 pulgadas del cuero cabelludo y distribuya uniformemente a lo largo del cabello hasta las puntas.<\/span><\/li>\n<li><span>Enjuague bien con agua tibia.<\/span><\/li>\n<li><span>Estilo como desees<\/span><\/li>\n<\/ul>\n","protected":false},"excerpt":{"rendered":"<p>DREAM CLEAN Refresca tu cabello de la ra\u00edz a las puntas con el pack Color Wow Dream Clean. Perfecto para<\/p>\n","protected":false},"featured_media":84370,"comment_status":"open","ping_status":"closed","template":"","meta":{"nf_dc_page":""},"product_brand":[527],"product_cat":[85],"product_tag":[528],"class_list":{"0":"post-84369","1":"product","2":"type-product","3":"status-publish","4":"has-post-thumbnail","6":"product_brand-color-wow","7":"product_cat-cosmeticos","8":"product_tag-528","10":"first","11":"instock","12":"shipping-taxable","13":"purchasable","14":"product-type-simple"},"_links":{"self":[{"href":"https:\/\/brandss.com.py\/index\/wp-json\/wp\/v2\/product\/84369","targetHints":{"allow":["GET"]}}],"collection":[{"href":"https:\/\/brandss.com.py\/index\/wp-json\/wp\/v2\/product"}],"about":[{"href":"https:\/\/brandss.com.py\/index\/wp-json\/wp\/v2\/types\/product"}],"replies":[{"embeddable":true,"href":"https:\/\/brandss.com.py\/index\/wp-json\/wp\/v2\/comments?post=84369"}],"version-history":[{"count":1,"href":"https:\/\/brandss.com.py\/index\/wp-json\/wp\/v2\/product\/84369\/revisions"}],"predecessor-version":[{"id":84376,"href":"https:\/\/brandss.com.py\/index\/wp-json\/wp\/v2\/product\/84369\/revisions\/84376"}],"wp:featuredmedia":[{"embeddable":true,"href":"https:\/\/brandss.com.py\/index\/wp-json\/wp\/v2\/media\/84370"}],"wp:attachment":[{"href":"https:\/\/brandss.com.py\/index\/wp-json\/wp\/v2\/media?parent=84369"}],"wp:term":[{"taxonomy":"product_brand","embeddable":true,"href":"https:\/\/brandss.com.py\/index\/wp-json\/wp\/v2\/product_brand?post=84369"},{"taxonomy":"product_cat","embeddable":true,"href":"https:\/\/brandss.com.py\/index\/wp-json\/wp\/v2\/product_cat?post=84369"},{"taxonomy":"product_tag","embeddable":true,"href":"https:\/\/brandss.com.py\/index\/wp-json\/wp\/v2\/product_tag?post=84369"}],"curies":[{"name":"wp","href":"https:\/\/api.w.org\/{rel}","templated":true}]}}