{"id":84414,"date":"2025-06-17T12:00:45","date_gmt":"2025-06-17T12:00:45","guid":{"rendered":"https:\/\/brandss.com.py\/index\/?post_type=product&#038;p=84414"},"modified":"2025-09-25T16:59:38","modified_gmt":"2025-09-25T16:59:38","slug":"acondicionador-capilar-yolofay-dr-ale-anticaida-con-ampolla-800ml","status":"publish","type":"product","link":"https:\/\/brandss.com.py\/index\/producto\/acondicionador-capilar-yolofay-dr-ale-anticaida-con-ampolla-800ml\/","title":{"rendered":"ACONDICIONADOR CAPILAR YOLOFAY DR. ALE ANTICA\u00cdDA CON AMPOLLA 800ML"},"content":{"rendered":"<p><img loading=\"lazy\" decoding=\"async\" class=\"\" src=\"https:\/\/s.alicdn.com\/@sc01\/kf\/Heaae602156e64844a91fd268067eb804C.jpg_720x720q50.jpg\" alt=\"YOLOFAY Dr.ALE Cuidado del cabello profesional con logotipo personalizado  Champ\u00fa org\u00e1nico Acondicionador Mascarilla para el cabello Suero y prote\u00edna  reparadora del cabello| Alibaba.com\" width=\"229\" height=\"129\" \/><\/p>\n<h1>ANTICA\u00cdDA<\/h1>\n<p data-start=\"0\" data-end=\"37\">El acondicionador Dr.\u202fAle Anti\u2011Hair Loss Ampoule 800\u202fml aporta nutrici\u00f3n, suavidad y fortaleza al cabello, gracias a su f\u00f3rmula con extracto de ciruelo africano. Reduce la ca\u00edda, mejora el peinado y ofrece una experiencia de uso prolongado, ideal para quienes buscan resultados de sal\u00f3n en casa.<\/p>\n<h2 data-start=\"44\" data-end=\"76\">Caracter\u00edsticas principales<\/h2>\n<ul data-start=\"78\" data-end=\"314\">\n<li data-start=\"78\" data-end=\"156\">\n<p data-start=\"80\" data-end=\"156\"><span class=\"relative -mx-px my-[-0.2rem] rounded px-px py-[0.2rem] transition-colors duration-100 ease-in-out\"><strong data-start=\"0\" data-end=\"26\" data-is-only-node=\"\">Gran formato<\/strong>: tama\u00f1o ideal para uso prolongado, similar al shampoo de la misma l\u00ednea<\/span>.<\/p>\n<\/li>\n<li data-start=\"157\" data-end=\"235\">\n<p data-start=\"159\" data-end=\"235\"><span class=\"relative -mx-px my-[-0.2rem] rounded px-px py-[0.2rem] transition-colors duration-100 ease-in-out\"><strong data-start=\"0\" data-end=\"20\" data-is-only-node=\"\">Activo principal<\/strong>: extracto l\u00edpido-ester\u00f3lico de ciruelo africano (Prunus africana), act\u00faa para evitar que el cabello se debilite y se afine<\/span>.<\/p>\n<\/li>\n<li data-start=\"236\" data-end=\"314\">\n<p data-start=\"238\" data-end=\"314\"><span class=\"relative -mx-px my-[-0.2rem] rounded px-px py-[0.2rem] transition-colors duration-100 ease-in-out\"><strong data-start=\"0\" data-end=\"21\" data-is-only-node=\"\">Funci\u00f3n principal<\/strong>: suaviza la hebra capilar sin maltratarla y facilita el peinado, ofreciendo un efecto desenredante efectivo<\/span>.<\/p>\n<\/li>\n<\/ul>\n<h2 data-start=\"321\" data-end=\"342\">Beneficios clave<\/h2>\n<ol data-start=\"344\" data-end=\"740\">\n<li data-start=\"344\" data-end=\"466\">\n<p data-start=\"347\" data-end=\"466\"><strong data-start=\"347\" data-end=\"366\">Reduce la ca\u00edda<\/strong><br data-start=\"366\" data-end=\"369\" \/>Gracias al extracto de ciruelo africano, fortalece la fibra capilar y disminuye la fragilidad.<\/p>\n<\/li>\n<li data-start=\"468\" data-end=\"595\">\n<p data-start=\"471\" data-end=\"595\"><strong data-start=\"471\" data-end=\"499\">Suavidad y manejabilidad<\/strong><br data-start=\"499\" data-end=\"502\" \/>Su f\u00f3rmula suaviza profundamente, facilitando el desenredado y evitando roturas al peinar.<\/p>\n<\/li>\n<li data-start=\"597\" data-end=\"740\">\n<p data-start=\"600\" data-end=\"740\"><strong data-start=\"600\" data-end=\"633\">Uso profesional en formato XL<\/strong><br data-start=\"633\" data-end=\"636\" \/>Aporta una experiencia similar a productos de uso en salones, pero en un envase econ\u00f3mico y duradero.<\/p>\n<\/li>\n<\/ol>\n<h2 data-start=\"747\" data-end=\"775\">Recomendaciones de uso<\/h2>\n<ul data-start=\"777\" data-end=\"982\">\n<li data-start=\"777\" data-end=\"832\">\n<p data-start=\"779\" data-end=\"832\">Aplica despu\u00e9s del shampoo sobre el cabello h\u00famedo.<\/p>\n<\/li>\n<li data-start=\"833\" data-end=\"891\">\n<p data-start=\"835\" data-end=\"891\">Masajea suavemente, deja actuar 2\u20133 minutos y enjuaga.<\/p>\n<\/li>\n<li data-start=\"892\" data-end=\"982\">\n<p data-start=\"894\" data-end=\"982\">Para mejores resultados, \u00fasalo en combinaci\u00f3n con el shampoo de la l\u00ednea Anti\u2011Hair Loss.<\/p>\n<\/li>\n<\/ul>\n<h2 data-start=\"989\" data-end=\"1006\">Ideal para\u2026<\/h2>\n<ul data-start=\"1008\" data-end=\"1254\">\n<li data-start=\"1008\" data-end=\"1059\">\n<p data-start=\"1010\" data-end=\"1059\">Cabello fino, d\u00e9bil o con tendencia a la ca\u00edda.<\/p>\n<\/li>\n<li data-start=\"1060\" data-end=\"1135\">\n<p data-start=\"1062\" data-end=\"1135\">Usuarios que buscan productos con enfoque profesional en mayor formato.<\/p>\n<\/li>\n<li data-start=\"1136\" data-end=\"1254\">\n<p data-start=\"1138\" data-end=\"1254\">Personas que prefieren acondicionadores sin qu\u00edmicos agresivos, pero efectivos para fortalecer y alisar normalmente.<\/p>\n<\/li>\n<\/ul>\n","protected":false},"excerpt":{"rendered":"<p>ANTICA\u00cdDA El acondicionador Dr.\u202fAle Anti\u2011Hair Loss Ampoule 800\u202fml aporta nutrici\u00f3n, suavidad y fortaleza al cabello, gracias a su f\u00f3rmula con<\/p>\n","protected":false},"featured_media":84415,"comment_status":"open","ping_status":"closed","template":"","meta":{"nf_dc_page":""},"product_brand":[532],"product_cat":[85],"product_tag":[534],"class_list":{"0":"post-84414","1":"product","2":"type-product","3":"status-publish","4":"has-post-thumbnail","6":"product_brand-yolofay-dr-ale","7":"product_cat-cosmeticos","8":"product_tag-534","10":"first","11":"instock","12":"shipping-taxable","13":"purchasable","14":"product-type-simple"},"_links":{"self":[{"href":"https:\/\/brandss.com.py\/index\/wp-json\/wp\/v2\/product\/84414","targetHints":{"allow":["GET"]}}],"collection":[{"href":"https:\/\/brandss.com.py\/index\/wp-json\/wp\/v2\/product"}],"about":[{"href":"https:\/\/brandss.com.py\/index\/wp-json\/wp\/v2\/types\/product"}],"replies":[{"embeddable":true,"href":"https:\/\/brandss.com.py\/index\/wp-json\/wp\/v2\/comments?post=84414"}],"version-history":[{"count":1,"href":"https:\/\/brandss.com.py\/index\/wp-json\/wp\/v2\/product\/84414\/revisions"}],"predecessor-version":[{"id":84419,"href":"https:\/\/brandss.com.py\/index\/wp-json\/wp\/v2\/product\/84414\/revisions\/84419"}],"wp:featuredmedia":[{"embeddable":true,"href":"https:\/\/brandss.com.py\/index\/wp-json\/wp\/v2\/media\/84415"}],"wp:attachment":[{"href":"https:\/\/brandss.com.py\/index\/wp-json\/wp\/v2\/media?parent=84414"}],"wp:term":[{"taxonomy":"product_brand","embeddable":true,"href":"https:\/\/brandss.com.py\/index\/wp-json\/wp\/v2\/product_brand?post=84414"},{"taxonomy":"product_cat","embeddable":true,"href":"https:\/\/brandss.com.py\/index\/wp-json\/wp\/v2\/product_cat?post=84414"},{"taxonomy":"product_tag","embeddable":true,"href":"https:\/\/brandss.com.py\/index\/wp-json\/wp\/v2\/product_tag?post=84414"}],"curies":[{"name":"wp","href":"https:\/\/api.w.org\/{rel}","templated":true}]}}