{"id":84444,"date":"2025-06-17T16:42:05","date_gmt":"2025-06-17T16:42:05","guid":{"rendered":"https:\/\/brandss.com.py\/index\/?post_type=product&#038;p=84444"},"modified":"2025-09-25T17:03:04","modified_gmt":"2025-09-25T17:03:04","slug":"serum-capilar-yolofay-dr-ale-revitalizing-100ml","status":"publish","type":"product","link":"https:\/\/brandss.com.py\/index\/producto\/serum-capilar-yolofay-dr-ale-revitalizing-100ml\/","title":{"rendered":"S\u00c9RUM CAPILAR YOLOFAY DR. ALE REVITALIZING 100ML"},"content":{"rendered":"<p><img loading=\"lazy\" decoding=\"async\" class=\"\" src=\"https:\/\/s.alicdn.com\/@sc01\/kf\/Heaae602156e64844a91fd268067eb804C.jpg_720x720q50.jpg\" alt=\"YOLOFAY Dr.ALE Cuidado del cabello profesional con logotipo personalizado  Champ\u00fa org\u00e1nico Acondicionador Mascarilla para el cabello Suero y prote\u00edna  reparadora del cabello| Alibaba.com\" width=\"245\" height=\"138\" \/><\/p>\n<h1>REVITALIZING<\/h1>\n<p data-start=\"42\" data-end=\"79\">El suero capilar Revitalizing\u00a0es un tratamiento intensivo en formato serum, ideal para aplicar directamente sobre ra\u00edces. Su mezcla de amino\u00e1cidos, cafe\u00edna y extractos vegetales estimula y refuerza la fibra capilar, reduce la ca\u00edda y mejora la textura y brillo del cabello. Perfecto para acompa\u00f1ar shampoo, acondicionador y mascarilla en una rutina completa de revitalizaci\u00f3n.<\/p>\n<h2 data-start=\"86\" data-end=\"117\">F\u00f3rmula y caracter\u00edsticas<\/h2>\n<ul data-start=\"119\" data-end=\"320\">\n<li data-start=\"119\" data-end=\"160\">\n<p data-start=\"121\" data-end=\"160\"><span class=\"relative -mx-px my-[-0.2rem] rounded px-px py-[0.2rem] transition-colors duration-100 ease-in-out\"><strong data-start=\"0\" data-end=\"14\" data-is-only-node=\"\">Capacidad:<\/strong> 100\u202fml, en envase con gotero para aplicaci\u00f3n precisa en ra\u00edces y cuero cabelludo.<\/span><\/p>\n<\/li>\n<li data-start=\"161\" data-end=\"240\">\n<p data-start=\"163\" data-end=\"240\"><span class=\"relative -mx-px my-[-0.2rem] rounded px-px py-[0.2rem] transition-colors duration-100 ease-in-out\"><strong data-start=\"0\" data-end=\"32\" data-is-only-node=\"\">Textura ligera y no aceitosa<\/strong>, dise\u00f1ada para absorci\u00f3n r\u00e1pida sin dejar residuos, ideal para uso diario o en combinaci\u00f3n con otros productos.<\/span><\/p>\n<\/li>\n<li data-start=\"241\" data-end=\"320\">\n<p data-start=\"243\" data-end=\"320\"><span class=\"relative -mx-px my-[-0.2rem] rounded px-px py-[0.2rem] transition-colors duration-100 ease-in-out\"><strong data-start=\"0\" data-end=\"33\" data-is-only-node=\"\">Ingredientes activos potentes<\/strong>, como amino\u00e1cidos esenciales, cafe\u00edna, jengibre y extractos de plantas (saw palmetto, guacimo y niacinamida), que nutren profundamente, fortalecen y estimulan los fol\u00edculos capilares.<\/span><\/p>\n<\/li>\n<\/ul>\n<h2 data-start=\"327\" data-end=\"343\">Beneficios<\/h2>\n<ol data-start=\"345\" data-end=\"593\">\n<li data-start=\"345\" data-end=\"425\">\n<p data-start=\"348\" data-end=\"425\"><span class=\"relative -mx-px my-[-0.2rem] rounded px-px py-[0.2rem] transition-colors duration-100 ease-in-out\"><strong data-start=\"0\" data-end=\"34\" data-is-only-node=\"\">Fortalecimiento desde la ra\u00edz:<\/strong> aporta amino\u00e1cidos y cafe\u00edna para reforzar los fol\u00edculos, reducir la ca\u00edda y promover un crecimiento m\u00e1s fuerte y sano.<\/span><\/p>\n<\/li>\n<li data-start=\"426\" data-end=\"508\">\n<p data-start=\"429\" data-end=\"508\"><span class=\"relative -mx-px my-[-0.2rem] rounded px-px py-[0.2rem] transition-colors duration-100 ease-in-out\"><strong data-start=\"0\" data-end=\"28\" data-is-only-node=\"\">Revitalizaci\u00f3n profunda:<\/strong> la niacinamida y jengibre mejoran la microcirculaci\u00f3n del cuero cabelludo, estimulando nutrientes esenciales y mejorando la vitalidad capilar.<\/span><\/p>\n<\/li>\n<li data-start=\"509\" data-end=\"593\">\n<p data-start=\"512\" data-end=\"593\"><span class=\"relative -mx-px my-[-0.2rem] rounded px-px py-[0.2rem] transition-colors duration-100 ease-in-out\"><strong data-start=\"0\" data-end=\"41\" data-is-only-node=\"\">Brillo, suavidad y control del frizz:<\/strong> deja el cabello m\u00e1s manejable, con textura renovada y libre de encrespamiento tras su uso.<\/span><\/p>\n<\/li>\n<\/ol>\n<h2 data-start=\"600\" data-end=\"624\">Modo de aplicaci\u00f3n<\/h2>\n<ul data-start=\"626\" data-end=\"875\">\n<li data-start=\"626\" data-end=\"669\">\n<p data-start=\"628\" data-end=\"669\"><span class=\"relative -mx-px my-[-0.2rem] rounded px-px py-[0.2rem] transition-colors duration-100 ease-in-out\">Utilizar sobre cuero cabelludo limpio y seco o ligeramente h\u00famedo.<\/span><\/p>\n<\/li>\n<li data-start=\"670\" data-end=\"713\">\n<p data-start=\"672\" data-end=\"713\"><span class=\"relative -mx-px my-[-0.2rem] rounded px-px py-[0.2rem] transition-colors duration-100 ease-in-out\">Aplicar entre 9 y 12 gotas, directamente sobre zonas con ca\u00edda o debilitamiento.<\/span><\/p>\n<\/li>\n<li data-start=\"714\" data-end=\"797\">\n<p data-start=\"716\" data-end=\"797\"><span class=\"relative -mx-px my-[-0.2rem] rounded px-px py-[0.2rem] transition-colors duration-100 ease-in-out\">Masajear suavemente durante 3\u20135 minutos para favorecer la absorci\u00f3n, y dejar secar; no precisar enjuague.<\/span><\/p>\n<\/li>\n<li data-start=\"798\" data-end=\"875\">\n<p data-start=\"800\" data-end=\"875\">Se recomienda uso diario en las ma\u00f1anas, o seg\u00fan necesidad del cabello.<\/p>\n<\/li>\n<\/ul>\n<h2 data-start=\"882\" data-end=\"906\">P\u00fablico recomendado<\/h2>\n<ul data-start=\"908\" data-end=\"1200\">\n<li data-start=\"908\" data-end=\"1011\">\n<p data-start=\"910\" data-end=\"1011\">Cabello fino, fr\u00e1gil o debilitado, en fases de ca\u00edda por estr\u00e9s, cambio hormonal o post\u00edsticas.<\/p>\n<\/li>\n<li data-start=\"1012\" data-end=\"1114\">\n<p data-start=\"1014\" data-end=\"1114\">Quienes buscan tratamientos concentrados de rutina matinal, efectivos pero con textura ligera.<\/p>\n<\/li>\n<li data-start=\"1115\" data-end=\"1200\">\n<p data-start=\"1117\" data-end=\"1200\">Usuarios que prefieren f\u00f3rmulas con activos naturales y sin parabenos ni siliconas.<\/p>\n<\/li>\n<\/ul>\n","protected":false},"excerpt":{"rendered":"<p>REVITALIZING El suero capilar Revitalizing\u00a0es un tratamiento intensivo en formato serum, ideal para aplicar directamente sobre ra\u00edces. Su mezcla de<\/p>\n","protected":false},"featured_media":84445,"comment_status":"open","ping_status":"closed","template":"","meta":{"nf_dc_page":""},"product_brand":[532],"product_cat":[85],"product_tag":[538],"class_list":{"0":"post-84444","1":"product","2":"type-product","3":"status-publish","4":"has-post-thumbnail","6":"product_brand-yolofay-dr-ale","7":"product_cat-cosmeticos","8":"product_tag-538","10":"first","11":"instock","12":"shipping-taxable","13":"purchasable","14":"product-type-simple"},"_links":{"self":[{"href":"https:\/\/brandss.com.py\/index\/wp-json\/wp\/v2\/product\/84444","targetHints":{"allow":["GET"]}}],"collection":[{"href":"https:\/\/brandss.com.py\/index\/wp-json\/wp\/v2\/product"}],"about":[{"href":"https:\/\/brandss.com.py\/index\/wp-json\/wp\/v2\/types\/product"}],"replies":[{"embeddable":true,"href":"https:\/\/brandss.com.py\/index\/wp-json\/wp\/v2\/comments?post=84444"}],"version-history":[{"count":1,"href":"https:\/\/brandss.com.py\/index\/wp-json\/wp\/v2\/product\/84444\/revisions"}],"predecessor-version":[{"id":84448,"href":"https:\/\/brandss.com.py\/index\/wp-json\/wp\/v2\/product\/84444\/revisions\/84448"}],"wp:featuredmedia":[{"embeddable":true,"href":"https:\/\/brandss.com.py\/index\/wp-json\/wp\/v2\/media\/84445"}],"wp:attachment":[{"href":"https:\/\/brandss.com.py\/index\/wp-json\/wp\/v2\/media?parent=84444"}],"wp:term":[{"taxonomy":"product_brand","embeddable":true,"href":"https:\/\/brandss.com.py\/index\/wp-json\/wp\/v2\/product_brand?post=84444"},{"taxonomy":"product_cat","embeddable":true,"href":"https:\/\/brandss.com.py\/index\/wp-json\/wp\/v2\/product_cat?post=84444"},{"taxonomy":"product_tag","embeddable":true,"href":"https:\/\/brandss.com.py\/index\/wp-json\/wp\/v2\/product_tag?post=84444"}],"curies":[{"name":"wp","href":"https:\/\/api.w.org\/{rel}","templated":true}]}}