{"id":84479,"date":"2025-06-17T19:04:20","date_gmt":"2025-06-17T19:04:20","guid":{"rendered":"https:\/\/brandss.com.py\/index\/?post_type=product&#038;p=84479"},"modified":"2025-09-24T14:36:27","modified_gmt":"2025-09-24T14:36:27","slug":"base-facial-e-l-f-power-grip-primer-accroche-puissante-24ml","status":"publish","type":"product","link":"https:\/\/brandss.com.py\/index\/producto\/base-facial-e-l-f-power-grip-primer-accroche-puissante-24ml\/","title":{"rendered":"BASE FACIAL E.L.F. POWER GRIP PRIMER ACCROCHE PUISSANTE 24ML"},"content":{"rendered":"<p><img loading=\"lazy\" decoding=\"async\" class=\"\" src=\"https:\/\/1000logos.net\/wp-content\/uploads\/2020\/09\/E.l.f.-Logo.png\" alt=\"E.l.f. logo and symbol, meaning, history, PNG\" width=\"151\" height=\"95\" \/><\/p>\n<h1>POWER GRIP PRIMER ACCROCHE PUISSANTE<\/h1>\n<p><strong>Es una prebase facial hidratante a base de gel que suaviza la piel a la vez que fija el maquillaje.<\/strong><\/p>\n<p>Su f\u00f3rmula en gel fija el maquillaje. Proporciona a la piel un acabado natural. Enriquecido con ingredientes hidratantes como el \u00c1cido Hialur\u00f3nico. Imprimaci\u00f3n en gel de acabado transl\u00facido que funciona en todo tipo y tono de piel. No comedog\u00e9nico (no obstruye los poros).<\/p>\n<p>Una base hidratante en gel para el rostro que suaviza la piel a la vez que fija el maquillaje. La f\u00f3rmula de base en gel fija el maquillaje.\u202f Proporciona a la piel un acabado naturalmente radiante y duradero. Primer en gel con acabado transl\u00facido que funciona en todos los tonos de piel. No comedog\u00e9nico<\/p>\n<p>Ideal para: pieles grasas, secas y mixtas.<\/p>\n<p>\u00a1Consigue un agarre de elfo con la base m\u00e1s vendida!<\/p>\n<p>La f\u00f3rmula en gel pegajosa fija el maquillaje en su lugar, prepara y suaviza a la perfecci\u00f3n, y mantiene la piel hidratada con un acabado duradero y luminoso. La f\u00f3rmula es transparente, lo que la convierte en la base de aplicaci\u00f3n de maquillaje ideal para todos los tonos de piel.<\/p>\n","protected":false},"excerpt":{"rendered":"<p>POWER GRIP PRIMER ACCROCHE PUISSANTE Es una prebase facial hidratante a base de gel que suaviza la piel a la<\/p>\n","protected":false},"featured_media":0,"comment_status":"open","ping_status":"closed","template":"","meta":{"nf_dc_page":""},"product_brand":[],"product_cat":[95],"product_tag":[],"class_list":{"0":"post-84479","1":"product","2":"type-product","3":"status-publish","5":"product_cat-maquillaje","7":"first","8":"outofstock","9":"shipping-taxable","10":"purchasable","11":"product-type-simple"},"_links":{"self":[{"href":"https:\/\/brandss.com.py\/index\/wp-json\/wp\/v2\/product\/84479","targetHints":{"allow":["GET"]}}],"collection":[{"href":"https:\/\/brandss.com.py\/index\/wp-json\/wp\/v2\/product"}],"about":[{"href":"https:\/\/brandss.com.py\/index\/wp-json\/wp\/v2\/types\/product"}],"replies":[{"embeddable":true,"href":"https:\/\/brandss.com.py\/index\/wp-json\/wp\/v2\/comments?post=84479"}],"version-history":[{"count":1,"href":"https:\/\/brandss.com.py\/index\/wp-json\/wp\/v2\/product\/84479\/revisions"}],"predecessor-version":[{"id":84487,"href":"https:\/\/brandss.com.py\/index\/wp-json\/wp\/v2\/product\/84479\/revisions\/84487"}],"wp:attachment":[{"href":"https:\/\/brandss.com.py\/index\/wp-json\/wp\/v2\/media?parent=84479"}],"wp:term":[{"taxonomy":"product_brand","embeddable":true,"href":"https:\/\/brandss.com.py\/index\/wp-json\/wp\/v2\/product_brand?post=84479"},{"taxonomy":"product_cat","embeddable":true,"href":"https:\/\/brandss.com.py\/index\/wp-json\/wp\/v2\/product_cat?post=84479"},{"taxonomy":"product_tag","embeddable":true,"href":"https:\/\/brandss.com.py\/index\/wp-json\/wp\/v2\/product_tag?post=84479"}],"curies":[{"name":"wp","href":"https:\/\/api.w.org\/{rel}","templated":true}]}}