{"id":84560,"date":"2025-06-18T18:08:12","date_gmt":"2025-06-18T18:08:12","guid":{"rendered":"https:\/\/brandss.com.py\/index\/?post_type=product&#038;p=84560"},"modified":"2025-09-27T12:17:23","modified_gmt":"2025-09-27T12:17:23","slug":"aceite-capilar-victoria-anna-moroccan-argan-oil-100ml","status":"publish","type":"product","link":"https:\/\/brandss.com.py\/index\/producto\/aceite-capilar-victoria-anna-moroccan-argan-oil-100ml\/","title":{"rendered":"ACEITE CAPILAR VICTORIA ANNA MOROCCAN ARGAN OIL 100ML"},"content":{"rendered":"<p><img loading=\"lazy\" decoding=\"async\" class=\"\" src=\"https:\/\/encrypted-tbn0.gstatic.com\/images?q=tbn:ANd9GcQ3OEjJ7to23tZxE-9UGTCEHZBYeycoTBGF9A&amp;s\" alt=\"Victoria ANNA\" width=\"76\" height=\"76\" \/><\/p>\n<h1>MOROCCAN ARGAN OIL<\/h1>\n<p>El aceite de arg\u00e1n marroqu\u00ed VICTORIA ANNA\u00ae es un s\u00e9rum \u00fanico que se absorbe instant\u00e1neamente en el cabello y la piel para crear un cabello hermoso. Alto en vitamina E y \u00e1cidos grasos esenciales, se absorbe instant\u00e1neamente y les proporciona propiedades antioxidantes. Adem\u00e1s, protege contra el da\u00f1o causado por otros factores ambientales.<\/p>\n","protected":false},"excerpt":{"rendered":"<p>MOROCCAN ARGAN OIL El aceite de arg\u00e1n marroqu\u00ed VICTORIA ANNA\u00ae es un s\u00e9rum \u00fanico que se absorbe instant\u00e1neamente en el<\/p>\n","protected":false},"featured_media":84561,"comment_status":"open","ping_status":"closed","template":"","meta":{"nf_dc_page":""},"product_brand":[480],"product_cat":[85],"product_tag":[720],"class_list":{"0":"post-84560","1":"product","2":"type-product","3":"status-publish","4":"has-post-thumbnail","6":"product_brand-victoria-anna","7":"product_cat-cosmeticos","8":"product_tag-720","10":"first","11":"instock","12":"shipping-taxable","13":"purchasable","14":"product-type-simple"},"_links":{"self":[{"href":"https:\/\/brandss.com.py\/index\/wp-json\/wp\/v2\/product\/84560","targetHints":{"allow":["GET"]}}],"collection":[{"href":"https:\/\/brandss.com.py\/index\/wp-json\/wp\/v2\/product"}],"about":[{"href":"https:\/\/brandss.com.py\/index\/wp-json\/wp\/v2\/types\/product"}],"replies":[{"embeddable":true,"href":"https:\/\/brandss.com.py\/index\/wp-json\/wp\/v2\/comments?post=84560"}],"version-history":[{"count":1,"href":"https:\/\/brandss.com.py\/index\/wp-json\/wp\/v2\/product\/84560\/revisions"}],"predecessor-version":[{"id":84568,"href":"https:\/\/brandss.com.py\/index\/wp-json\/wp\/v2\/product\/84560\/revisions\/84568"}],"wp:featuredmedia":[{"embeddable":true,"href":"https:\/\/brandss.com.py\/index\/wp-json\/wp\/v2\/media\/84561"}],"wp:attachment":[{"href":"https:\/\/brandss.com.py\/index\/wp-json\/wp\/v2\/media?parent=84560"}],"wp:term":[{"taxonomy":"product_brand","embeddable":true,"href":"https:\/\/brandss.com.py\/index\/wp-json\/wp\/v2\/product_brand?post=84560"},{"taxonomy":"product_cat","embeddable":true,"href":"https:\/\/brandss.com.py\/index\/wp-json\/wp\/v2\/product_cat?post=84560"},{"taxonomy":"product_tag","embeddable":true,"href":"https:\/\/brandss.com.py\/index\/wp-json\/wp\/v2\/product_tag?post=84560"}],"curies":[{"name":"wp","href":"https:\/\/api.w.org\/{rel}","templated":true}]}}