{"id":84713,"date":"2025-06-21T10:55:38","date_gmt":"2025-06-21T10:55:38","guid":{"rendered":"https:\/\/brandss.com.py\/index\/?post_type=product&#038;p=84713"},"modified":"2025-06-21T10:56:03","modified_gmt":"2025-06-21T10:56:03","slug":"perfume-masculino-pierre-bernard-voyage-pour-homme-edp-100ml","status":"publish","type":"product","link":"https:\/\/brandss.com.py\/index\/producto\/perfume-masculino-pierre-bernard-voyage-pour-homme-edp-100ml\/","title":{"rendered":"PERFUME MASCULINO PIERRE BERNARD VOYAGE POUR HOMME EDP 100ML"},"content":{"rendered":"<p><img loading=\"lazy\" decoding=\"async\" class=\"\" src=\"https:\/\/perfumecompaniesinuae.com\/assets\/img\/logo\/pb%20logo.jpg\" alt=\"Pierre Bernard\" width=\"141\" height=\"51\" \/><\/p>\n<h1>VOYAGE POUR HOMME<\/h1>\n<p>Cada fragancia es un poema en s\u00ed misma, una sinfon\u00eda de notas cuidadosamente seleccionadas que dan vida a un mundo de elegancia y sofisticaci\u00f3n. Inspirados en el encanto et\u00e9reo de Francia, los perfumes de Pierre Bernard transportan a quien los lleva a paisajes id\u00edlicos, donde la belleza y el lujo se entrelazan en armon\u00eda. Desde las notas florales delicadas hasta los tonos amaderados c\u00e1lidos, cada aroma es una experiencia sensorial \u00fanica que deja una impresi\u00f3n imborrable. Cada rociada es un paso hacia el refinamiento y la distinci\u00f3n, una manifestaci\u00f3n del estilo de vida elegante y atemporal que la marca representa<\/p>\n<h3>Notas Olfativas<\/h3>\n<p>El\u00a0perfume\u00a0Pierre Bernard\u00a0Voyage Pour Homme\u00a0es una fragancia de la familia olfativa arom\u00e1tica para hombres.<\/p>\n<ul>\n<li><strong>Notas de salida:<\/strong> Menta y lim\u00f3n.<\/li>\n<li><strong>Notas de coraz\u00f3n:<\/strong> Manzana verde y geranio.<\/li>\n<li><strong>Notas de fondo:<\/strong> Haba tonka y \u00e1mbar.<\/li>\n<\/ul>\n","protected":false},"excerpt":{"rendered":"<p>VOYAGE POUR HOMME Cada fragancia es un poema en s\u00ed misma, una sinfon\u00eda de notas cuidadosamente seleccionadas que dan vida<\/p>\n","protected":false},"featured_media":84714,"comment_status":"open","ping_status":"closed","template":"","meta":{"nf_dc_page":""},"product_brand":[],"product_cat":[84],"product_tag":[],"class_list":{"0":"post-84713","1":"product","2":"type-product","3":"status-publish","4":"has-post-thumbnail","6":"product_cat-perfumeria","8":"first","9":"instock","10":"shipping-taxable","11":"purchasable","12":"product-type-simple"},"_links":{"self":[{"href":"https:\/\/brandss.com.py\/index\/wp-json\/wp\/v2\/product\/84713","targetHints":{"allow":["GET"]}}],"collection":[{"href":"https:\/\/brandss.com.py\/index\/wp-json\/wp\/v2\/product"}],"about":[{"href":"https:\/\/brandss.com.py\/index\/wp-json\/wp\/v2\/types\/product"}],"replies":[{"embeddable":true,"href":"https:\/\/brandss.com.py\/index\/wp-json\/wp\/v2\/comments?post=84713"}],"version-history":[{"count":1,"href":"https:\/\/brandss.com.py\/index\/wp-json\/wp\/v2\/product\/84713\/revisions"}],"predecessor-version":[{"id":84718,"href":"https:\/\/brandss.com.py\/index\/wp-json\/wp\/v2\/product\/84713\/revisions\/84718"}],"wp:featuredmedia":[{"embeddable":true,"href":"https:\/\/brandss.com.py\/index\/wp-json\/wp\/v2\/media\/84714"}],"wp:attachment":[{"href":"https:\/\/brandss.com.py\/index\/wp-json\/wp\/v2\/media?parent=84713"}],"wp:term":[{"taxonomy":"product_brand","embeddable":true,"href":"https:\/\/brandss.com.py\/index\/wp-json\/wp\/v2\/product_brand?post=84713"},{"taxonomy":"product_cat","embeddable":true,"href":"https:\/\/brandss.com.py\/index\/wp-json\/wp\/v2\/product_cat?post=84713"},{"taxonomy":"product_tag","embeddable":true,"href":"https:\/\/brandss.com.py\/index\/wp-json\/wp\/v2\/product_tag?post=84713"}],"curies":[{"name":"wp","href":"https:\/\/api.w.org\/{rel}","templated":true}]}}