{"id":84786,"date":"2025-06-23T11:57:43","date_gmt":"2025-06-23T11:57:43","guid":{"rendered":"https:\/\/brandss.com.py\/index\/?post_type=product&#038;p=84786"},"modified":"2025-09-27T12:25:29","modified_gmt":"2025-09-27T12:25:29","slug":"reductor-de-volumen-capilar-richee-argan-y-ojon-activo-reductor-1000ml","status":"publish","type":"product","link":"https:\/\/brandss.com.py\/index\/producto\/reductor-de-volumen-capilar-richee-argan-y-ojon-activo-reductor-1000ml\/","title":{"rendered":"REDUCTOR DE VOL\u00daMEN CAPILAR RICHEE ARG\u00c1N Y OJ\u00d3N ACTIVO REDUCTOR 1000ML"},"content":{"rendered":"<p><img loading=\"lazy\" decoding=\"async\" class=\"\" src=\"https:\/\/d1yjjnpx0p53s8.cloudfront.net\/styles\/logo-thumbnail\/s3\/072018\/untitled-1_43.png?0AFyPkzAwpsX_UKfEa50a6Z8o83naSrg&amp;itok=2-_-F_Et\" alt=\"Richee | Brands of the World\u2122 | Download vector logos and logotypes\" width=\"72\" height=\"72\" \/><\/p>\n<h1>ARG\u00c1N Y OJ\u00d3N<\/h1>\n<p><span>Ingrediente activo reductor de volumen para cabello encrespado. El champ\u00fa reductor activo <\/span>Rich\u00e9e Professional Argan y Ojon disciplina las hebras voluminosas con un efecto suave y sin encrespamiento. El champ\u00fa reductor activo Rich\u00e9e Professional Argan y Ojon<span> realinea la estructura de la fibra capilar mediante nanocristalizaci\u00f3n y calor, lo que reduce el volumen y elimina el efecto encrespado y sin forma del cabello, proporcionando un alisado intenso y natural con un brillo luminoso. <\/span><\/p>\n<p><strong><span>Recomendado para:<\/span><\/strong><span> Para cabello con volumen. <\/span><\/p>\n<p><strong><span>Beneficios:<\/span><\/strong><span> Cabello liso con un efecto natural, sin encrespamiento y brillante. <\/span><\/p>\n<p><strong><span>Ingredientes activos:<\/span><\/strong><span> Aceite de Arg\u00e1n, Ojon y D-Pantenol: rico en antioxidantes y agentes hidratantes, protege el cabello de las agresiones diarias y restaura el agua natural necesaria para la elasticidad de la fibra. <\/span><\/p>\n<p><strong><span>Modo de empleo:<\/span><\/strong><\/p>\n<p><span>1 &#8211; Aplicar el champ\u00fa Rich\u00e9e Professional Argan y Ojon sobre el cabello mojado y masajear suavemente. Enjuagar y lavar de nuevo. <\/span><\/p>\n<p><span>2 &#8211; Retirar el exceso de humedad y dividir el cabello en 6 secciones. Usar guantes en esta etapa del proceso. Aplica el ingrediente activo reductor a 1 cent\u00edmetro de la ra\u00edz con la ayuda de un cepillo. Usa un peine de dientes finos para distribuir el producto uniformemente por todo el cabello. Seca tu cabello con el aire fr\u00edo del secador. <\/span><\/p>\n<p><span>3 &#8211; Separa los mechones finos y pasa la plancha de 10 a 15 veces desde la ra\u00edz hasta las puntas. <\/span><\/p>\n<p><span>4 &#8211; Aplica una cantidad generosa de la mascarilla de acabado Rich\u00e9e Professional Argan and Ojon sobre el cabello h\u00famedo desde la ra\u00edz hasta las puntas. Deja actuar durante 10 minutos y enjuaga bien. <\/span><\/p>\n<p><span>5 &#8211; Termina como desees con el secador o la plancha. <\/span><\/p>\n<p><strong><span>La marca:<\/span><\/strong><\/p>\n<p><span>La historia de <\/span>Rich\u00e9e<span> comenz\u00f3 en Par\u00eds, donde la sofisticaci\u00f3n reside en la calidad de los productos, desde la materia prima. Esta es la inspiraci\u00f3n de Rich\u00e9e para lograr siempre los resultados m\u00e1s extraordinarios para profesionales y clientes. La palabra Rich\u00e9e representa este compromiso: llevar los ingredientes activos m\u00e1s ricos disponibles en el mundo a los peluqueros, adem\u00e1s del m\u00e1s alto rigor de fabricaci\u00f3n.<\/span><\/p>\n","protected":false},"excerpt":{"rendered":"<p>ARG\u00c1N Y OJ\u00d3N Ingrediente activo reductor de volumen para cabello encrespado. El champ\u00fa reductor activo Rich\u00e9e Professional Argan y Ojon<\/p>\n","protected":false},"featured_media":84787,"comment_status":"open","ping_status":"closed","template":"","meta":{"nf_dc_page":""},"product_brand":[730],"product_cat":[85],"product_tag":[733],"class_list":{"0":"post-84786","1":"product","2":"type-product","3":"status-publish","4":"has-post-thumbnail","6":"product_brand-richee","7":"product_cat-cosmeticos","8":"product_tag-733","10":"first","11":"instock","12":"shipping-taxable","13":"purchasable","14":"product-type-simple"},"_links":{"self":[{"href":"https:\/\/brandss.com.py\/index\/wp-json\/wp\/v2\/product\/84786","targetHints":{"allow":["GET"]}}],"collection":[{"href":"https:\/\/brandss.com.py\/index\/wp-json\/wp\/v2\/product"}],"about":[{"href":"https:\/\/brandss.com.py\/index\/wp-json\/wp\/v2\/types\/product"}],"replies":[{"embeddable":true,"href":"https:\/\/brandss.com.py\/index\/wp-json\/wp\/v2\/comments?post=84786"}],"version-history":[{"count":1,"href":"https:\/\/brandss.com.py\/index\/wp-json\/wp\/v2\/product\/84786\/revisions"}],"predecessor-version":[{"id":84790,"href":"https:\/\/brandss.com.py\/index\/wp-json\/wp\/v2\/product\/84786\/revisions\/84790"}],"wp:featuredmedia":[{"embeddable":true,"href":"https:\/\/brandss.com.py\/index\/wp-json\/wp\/v2\/media\/84787"}],"wp:attachment":[{"href":"https:\/\/brandss.com.py\/index\/wp-json\/wp\/v2\/media?parent=84786"}],"wp:term":[{"taxonomy":"product_brand","embeddable":true,"href":"https:\/\/brandss.com.py\/index\/wp-json\/wp\/v2\/product_brand?post=84786"},{"taxonomy":"product_cat","embeddable":true,"href":"https:\/\/brandss.com.py\/index\/wp-json\/wp\/v2\/product_cat?post=84786"},{"taxonomy":"product_tag","embeddable":true,"href":"https:\/\/brandss.com.py\/index\/wp-json\/wp\/v2\/product_tag?post=84786"}],"curies":[{"name":"wp","href":"https:\/\/api.w.org\/{rel}","templated":true}]}}