{"id":84813,"date":"2025-06-23T17:09:50","date_gmt":"2025-06-23T17:09:50","guid":{"rendered":"https:\/\/brandss.com.py\/index\/?post_type=product&#038;p=84813"},"modified":"2025-09-27T12:30:38","modified_gmt":"2025-09-27T12:30:38","slug":"serum-capilar-bio-tanix-purifying-prime-pro-extreme-force-100ml","status":"publish","type":"product","link":"https:\/\/brandss.com.py\/index\/producto\/serum-capilar-bio-tanix-purifying-prime-pro-extreme-force-100ml\/","title":{"rendered":"S\u00c9RUM CAPILAR BIO TANIX PURIFYING PRIME PRO EXTREME FORCE 100ML"},"content":{"rendered":"<p><img loading=\"lazy\" decoding=\"async\" class=\"\" src=\"https:\/\/uspto.report\/TM\/86065276\/mark\" alt=\"BIO TANIX - Visat Cosmeticos Ltda- ME Trademark Registration\" width=\"96\" height=\"67\" \/><\/p>\n<h1>PURIFYING PRIME PRO EXTREME FORCE<\/h1>\n<p>&#8211; Contiene la f\u00f3rmula exclusiva FORCE que suaviza.<\/p>\n<p>&#8211; Reduce la ca\u00edda del cabello y elimina el frizz significativamente.<\/p>\n<p>&#8211; Mantiene el color del cabello te\u00f1ido o con mechas y no causa amarilleamiento.<\/p>\n<p>&#8211; Libre de conservantes y qu\u00edmicos nocivos.<\/p>\n<p>&#8211; Contiene ingredientes como \u00e1cido hialur\u00f3nico, \u00e1cido l\u00e1ctico.<\/p>\n<p>&#8211; Da al cabello un aspecto natural, brillo fuerte y una textura suave.<\/p>\n<p>&#8211; Mantiene el color del cabello te\u00f1ido y previene la decoloraci\u00f3n del color.<\/p>\n<p>&#8211; Restaura la elasticidad del cabello y lo fortalece gracias a la presencia de prote\u00edna de seda.<\/p>\n<p>&#8211; Se puede utilizar en casa o en salones.<\/p>\n","protected":false},"excerpt":{"rendered":"<p>PURIFYING PRIME PRO EXTREME FORCE &#8211; Contiene la f\u00f3rmula exclusiva FORCE que suaviza. &#8211; Reduce la ca\u00edda del cabello y<\/p>\n","protected":false},"featured_media":84815,"comment_status":"open","ping_status":"closed","template":"","meta":{"nf_dc_page":""},"product_brand":[737],"product_cat":[85],"product_tag":[740],"class_list":{"0":"post-84813","1":"product","2":"type-product","3":"status-publish","4":"has-post-thumbnail","6":"product_brand-bio-tanix","7":"product_cat-cosmeticos","8":"product_tag-740","10":"first","11":"instock","12":"shipping-taxable","13":"purchasable","14":"product-type-simple"},"_links":{"self":[{"href":"https:\/\/brandss.com.py\/index\/wp-json\/wp\/v2\/product\/84813","targetHints":{"allow":["GET"]}}],"collection":[{"href":"https:\/\/brandss.com.py\/index\/wp-json\/wp\/v2\/product"}],"about":[{"href":"https:\/\/brandss.com.py\/index\/wp-json\/wp\/v2\/types\/product"}],"replies":[{"embeddable":true,"href":"https:\/\/brandss.com.py\/index\/wp-json\/wp\/v2\/comments?post=84813"}],"version-history":[{"count":1,"href":"https:\/\/brandss.com.py\/index\/wp-json\/wp\/v2\/product\/84813\/revisions"}],"predecessor-version":[{"id":84817,"href":"https:\/\/brandss.com.py\/index\/wp-json\/wp\/v2\/product\/84813\/revisions\/84817"}],"wp:featuredmedia":[{"embeddable":true,"href":"https:\/\/brandss.com.py\/index\/wp-json\/wp\/v2\/media\/84815"}],"wp:attachment":[{"href":"https:\/\/brandss.com.py\/index\/wp-json\/wp\/v2\/media?parent=84813"}],"wp:term":[{"taxonomy":"product_brand","embeddable":true,"href":"https:\/\/brandss.com.py\/index\/wp-json\/wp\/v2\/product_brand?post=84813"},{"taxonomy":"product_cat","embeddable":true,"href":"https:\/\/brandss.com.py\/index\/wp-json\/wp\/v2\/product_cat?post=84813"},{"taxonomy":"product_tag","embeddable":true,"href":"https:\/\/brandss.com.py\/index\/wp-json\/wp\/v2\/product_tag?post=84813"}],"curies":[{"name":"wp","href":"https:\/\/api.w.org\/{rel}","templated":true}]}}