{"id":84930,"date":"2025-06-25T13:29:05","date_gmt":"2025-06-25T13:29:05","guid":{"rendered":"https:\/\/brandss.com.py\/index\/?post_type=product&#038;p=84930"},"modified":"2026-03-28T16:22:45","modified_gmt":"2026-03-28T16:22:45","slug":"perfume-unisex-lattafa-adeeb-edp-80ml","status":"publish","type":"product","link":"https:\/\/brandss.com.py\/index\/producto\/perfume-unisex-lattafa-adeeb-edp-80ml\/","title":{"rendered":"PERFUME UNISEX LATTAFA ADEEB EDP 80ML"},"content":{"rendered":"<p><img loading=\"lazy\" decoding=\"async\" class=\"\" src=\"https:\/\/myscentjourney.s3.us-east-2.amazonaws.com\/2022\/02\/14\/29KIascent_j_marca_1644871114_202.png\" alt=\"MSJ::LATTAFA\" width=\"74\" height=\"88\" \/><\/p>\n<h1>ADEEB<\/h1>\n<p>Es una fragancia atemporal y moderna que perdurar\u00e1 en el tiempo. U<span>na fragancia ferozmente magn\u00e9tica que te permite captar la atenci\u00f3n y despertar la curiosidad en los momentos que cuentan. <\/span><span>Esta fragancia sorprendente y duradera evoca un aura misteriosa que es dif\u00edcil de ignorar u olvidar.<\/span><\/p>\n<h3>Notas Olfativas<\/h3>\n<p><span>Adeeb de Lattafa Perfumes es una fragancia amaderada para mujer y hombre. Adeeb se lanz\u00f3 en 2020.<\/span><\/p>\n<p><span><strong>Notas de salida:<\/strong> Tabaco, Canela y Vainilla.<\/span><\/p>\n<p><span><strong>Notas de coraz\u00f3n:<\/strong> especias, tomillo, humo, madera de agar (oud), notas herb\u00e1ceas y clavo.<\/span><\/p>\n<p><span><strong>Notas de fondo:<\/strong> pachul\u00ed, cedro, s\u00e1ndalo, almizcle y \u00e1mbar negro.<\/span><\/p>\n","protected":false},"excerpt":{"rendered":"<p>ADEEB Es una fragancia atemporal y moderna que perdurar\u00e1 en el tiempo. Una fragancia ferozmente magn\u00e9tica que te permite captar<\/p>\n","protected":false},"featured_media":84931,"comment_status":"open","ping_status":"closed","template":"","meta":{"nf_dc_page":""},"product_brand":[],"product_cat":[84],"product_tag":[],"class_list":{"0":"post-84930","1":"product","2":"type-product","3":"status-publish","4":"has-post-thumbnail","6":"product_cat-perfumeria","8":"first","9":"outofstock","10":"shipping-taxable","11":"purchasable","12":"product-type-simple"},"_links":{"self":[{"href":"https:\/\/brandss.com.py\/index\/wp-json\/wp\/v2\/product\/84930","targetHints":{"allow":["GET"]}}],"collection":[{"href":"https:\/\/brandss.com.py\/index\/wp-json\/wp\/v2\/product"}],"about":[{"href":"https:\/\/brandss.com.py\/index\/wp-json\/wp\/v2\/types\/product"}],"replies":[{"embeddable":true,"href":"https:\/\/brandss.com.py\/index\/wp-json\/wp\/v2\/comments?post=84930"}],"version-history":[{"count":1,"href":"https:\/\/brandss.com.py\/index\/wp-json\/wp\/v2\/product\/84930\/revisions"}],"predecessor-version":[{"id":84939,"href":"https:\/\/brandss.com.py\/index\/wp-json\/wp\/v2\/product\/84930\/revisions\/84939"}],"wp:featuredmedia":[{"embeddable":true,"href":"https:\/\/brandss.com.py\/index\/wp-json\/wp\/v2\/media\/84931"}],"wp:attachment":[{"href":"https:\/\/brandss.com.py\/index\/wp-json\/wp\/v2\/media?parent=84930"}],"wp:term":[{"taxonomy":"product_brand","embeddable":true,"href":"https:\/\/brandss.com.py\/index\/wp-json\/wp\/v2\/product_brand?post=84930"},{"taxonomy":"product_cat","embeddable":true,"href":"https:\/\/brandss.com.py\/index\/wp-json\/wp\/v2\/product_cat?post=84930"},{"taxonomy":"product_tag","embeddable":true,"href":"https:\/\/brandss.com.py\/index\/wp-json\/wp\/v2\/product_tag?post=84930"}],"curies":[{"name":"wp","href":"https:\/\/api.w.org\/{rel}","templated":true}]}}