{"id":85008,"date":"2025-06-26T11:27:48","date_gmt":"2025-06-26T11:27:48","guid":{"rendered":"https:\/\/brandss.com.py\/index\/?post_type=product&#038;p=85008"},"modified":"2026-03-17T16:25:56","modified_gmt":"2026-03-17T16:25:56","slug":"perfume-unisex-lattafa-ejaazi-edp-100ml","status":"publish","type":"product","link":"https:\/\/brandss.com.py\/index\/producto\/perfume-unisex-lattafa-ejaazi-edp-100ml\/","title":{"rendered":"PERFUME UNISEX LATTAFA EJAAZI EDP 100ML"},"content":{"rendered":"<p><img loading=\"lazy\" decoding=\"async\" class=\"\" src=\"https:\/\/myscentjourney.s3.us-east-2.amazonaws.com\/2022\/02\/14\/29KIascent_j_marca_1644871114_202.png\" alt=\"MSJ::LATTAFA\" width=\"90\" height=\"107\" \/><\/p>\n<h1>EJAAZI<\/h1>\n<h5><em>Un viaje olfativo de poder y sofisticaci\u00f3n<\/em><\/h5>\n<p>Explora el poder y la sofisticaci\u00f3n de EJAAZI y d\u00e9jate envolver por su distintiva y majestuosa esencia que promete dejar una impresi\u00f3n duradera. <span>Ejaazi es una fragancia que ofrece una experiencia olfativa de lujo. Dise\u00f1ado para cautivar y cautivar, este perfume combina notas \u00fanicas para crear un perfil arom\u00e1tico sofisticado, ideal para cualquier ocasi\u00f3n.<\/span><\/p>\n<ul>\n<li><strong><span>Aroma lujoso:<\/span><\/strong><span>\u00a0combina notas ricas y distintivas para brindar una experiencia de fragancia sofisticada.<\/span><\/li>\n<li><strong><span>Larga duraci\u00f3n:<\/span><\/strong><span>\u00a0garantiza que el aroma permanezca perceptible durante todo el d\u00eda.<\/span><\/li>\n<li><strong><span>Botella elegante:<\/span><\/strong><span>\u00a0Viene en una botella de 100 ml con un dise\u00f1o exquisito que realza su atractivo.<\/span><\/li>\n<\/ul>\n<p>Ejaazi es perfecto para quienes aprecian una fragancia refinada y duradera. Ya sea para un evento especial o para el d\u00eda a d\u00eda, este perfume crea un aura sofisticada que realza tu presencia.<\/p>\n<h3>Notas Olfativas<\/h3>\n<p>EJAAZI se abre con notas frescas y especiadas de bergamota, lim\u00f3n y pimienta rosa, ofreciendo una apertura vibrante y en\u00e9rgica. Las notas de coraz\u00f3n est\u00e1n compuestas por lavanda, geranio y cardamomo, aportando una mezcla armoniosa de frescura floral y especias c\u00e1lidas. La base de la fragancia incluye vetiver, cedro y almizcle, proporcionando una profundidad terrosa y amaderada.<\/p>\n<p>El perfume Lattafa Ejaazi es una fragancia de la familia olfativa \u00e1mbar para hombres y mujeres.<\/p>\n<ul>\n<li><strong>Notas de salida:\u00a0<\/strong>C\u00edtricos, cardamomo, naranja, lavanda, mirto.<\/li>\n<li><strong>Notas de coraz\u00f3n<\/strong>: Pimienta, pachul\u00ed, lirio de los valles(muguete), hoja de canela.<\/li>\n<li><strong>Notas de fondo:<\/strong> Ambroxan, notas amaderadas, \u00e1mbar, cedro, musgo de roble, vetiver.<\/li>\n<\/ul>\n","protected":false},"excerpt":{"rendered":"<p>EJAAZI Un viaje olfativo de poder y sofisticaci\u00f3n Explora el poder y la sofisticaci\u00f3n de EJAAZI y d\u00e9jate envolver por<\/p>\n","protected":false},"featured_media":85009,"comment_status":"open","ping_status":"closed","template":"","meta":{"nf_dc_page":""},"product_brand":[109],"product_cat":[84],"product_tag":[635],"class_list":{"0":"post-85008","1":"product","2":"type-product","3":"status-publish","4":"has-post-thumbnail","6":"product_brand-lattafa","7":"product_cat-perfumeria","8":"product_tag-635","10":"first","11":"instock","12":"sale","13":"shipping-taxable","14":"purchasable","15":"product-type-simple"},"_links":{"self":[{"href":"https:\/\/brandss.com.py\/index\/wp-json\/wp\/v2\/product\/85008","targetHints":{"allow":["GET"]}}],"collection":[{"href":"https:\/\/brandss.com.py\/index\/wp-json\/wp\/v2\/product"}],"about":[{"href":"https:\/\/brandss.com.py\/index\/wp-json\/wp\/v2\/types\/product"}],"replies":[{"embeddable":true,"href":"https:\/\/brandss.com.py\/index\/wp-json\/wp\/v2\/comments?post=85008"}],"version-history":[{"count":1,"href":"https:\/\/brandss.com.py\/index\/wp-json\/wp\/v2\/product\/85008\/revisions"}],"predecessor-version":[{"id":85015,"href":"https:\/\/brandss.com.py\/index\/wp-json\/wp\/v2\/product\/85008\/revisions\/85015"}],"wp:featuredmedia":[{"embeddable":true,"href":"https:\/\/brandss.com.py\/index\/wp-json\/wp\/v2\/media\/85009"}],"wp:attachment":[{"href":"https:\/\/brandss.com.py\/index\/wp-json\/wp\/v2\/media?parent=85008"}],"wp:term":[{"taxonomy":"product_brand","embeddable":true,"href":"https:\/\/brandss.com.py\/index\/wp-json\/wp\/v2\/product_brand?post=85008"},{"taxonomy":"product_cat","embeddable":true,"href":"https:\/\/brandss.com.py\/index\/wp-json\/wp\/v2\/product_cat?post=85008"},{"taxonomy":"product_tag","embeddable":true,"href":"https:\/\/brandss.com.py\/index\/wp-json\/wp\/v2\/product_tag?post=85008"}],"curies":[{"name":"wp","href":"https:\/\/api.w.org\/{rel}","templated":true}]}}