{"id":85035,"date":"2025-06-26T16:36:47","date_gmt":"2025-06-26T16:36:47","guid":{"rendered":"https:\/\/brandss.com.py\/index\/?post_type=product&#038;p=85035"},"modified":"2025-07-04T16:45:30","modified_gmt":"2025-07-04T16:45:30","slug":"bruma-corporal-femenino-lattafa-mayar-all-over-edp-150-ml","status":"publish","type":"product","link":"https:\/\/brandss.com.py\/index\/producto\/bruma-corporal-femenino-lattafa-mayar-all-over-edp-150-ml\/","title":{"rendered":"BRUMA CORPORAL FEMENINO LATTAFA MAYAR ALL OVER EDP 150ML"},"content":{"rendered":"<p><img loading=\"lazy\" decoding=\"async\" class=\"\" src=\"https:\/\/myscentjourney.s3.us-east-2.amazonaws.com\/2022\/02\/14\/29KIascent_j_marca_1644871114_202.png\" alt=\"MSJ::LATTAFA\" width=\"83\" height=\"99\" \/><\/p>\n<h1>MAYAR ALL OVER<\/h1>\n<p>Pasi\u00f3n, feminidad y temperamento en un solo frasco. Es el spray corporal para mujer Lattafa Mayar , que deleitar\u00e1 tus sentidos con una fragancia irresistible y perfumar\u00e1 tu piel a la perfecci\u00f3n. Las brumas de Lattafa son la fusi\u00f3n perfecta entre frescura y sofisticaci\u00f3n. Inspirados en las fragancias orientales m\u00e1s emblem\u00e1ticas, estas brumas corporales ofrecen una alternativa ligera, refrescante y duradera para el uso diario. Son ideales para despu\u00e9s de la ducha, para llevar en la bolsa del gimnasio o para refrescarte en cualquier momento del d\u00eda. Adem\u00e1s, su excelente fijaci\u00f3n y estela sorprenden para tratarse de un body spray, acerc\u00e1ndose a la experiencia de un eau de parfum.<\/p>\n<p>Su frasco rosa con tapa dorada presenta un dise\u00f1o moderno y delicado, ideal para complementar tu rutina de cuidado con un toque de perfume oriental suave y refrescante.<\/p>\n<ul>\n<li>fragancia frutal.<\/li>\n<li>fragancia floral.<\/li>\n<li>fragancia dulce.<\/li>\n<li>para mujeres temperamentales y llenas de energ\u00eda.<\/li>\n<li>fragancia adecuada para uso diario.<\/li>\n<\/ul>\n<h3>Notas Olfativas<\/h3>\n<p><span>Esta bruma para cuerpo y cabello fue desarrollado para mujeres que buscan frescura diaria con un toque sofisticado y encantador.<\/span><\/p>\n<div><strong>Notas de salida:<\/strong> lichi, frambuesa, grosella negra.<\/div>\n<div><strong>Notas de coraz\u00f3n:<\/strong> magnolia, rosa, benju\u00ed.<\/div>\n<div><strong>Notas de fondo:<\/strong> \u00e1mbar, pachuli.<\/div>\n","protected":false},"excerpt":{"rendered":"<p>MAYAR ALL OVER Pasi\u00f3n, feminidad y temperamento en un solo frasco. Es el spray corporal para mujer Lattafa Mayar ,<\/p>\n","protected":false},"featured_media":85036,"comment_status":"open","ping_status":"closed","template":"","meta":{"nf_dc_page":""},"product_brand":[],"product_cat":[84],"product_tag":[],"class_list":{"0":"post-85035","1":"product","2":"type-product","3":"status-publish","4":"has-post-thumbnail","6":"product_cat-perfumeria","8":"first","9":"outofstock","10":"shipping-taxable","11":"purchasable","12":"product-type-simple"},"_links":{"self":[{"href":"https:\/\/brandss.com.py\/index\/wp-json\/wp\/v2\/product\/85035","targetHints":{"allow":["GET"]}}],"collection":[{"href":"https:\/\/brandss.com.py\/index\/wp-json\/wp\/v2\/product"}],"about":[{"href":"https:\/\/brandss.com.py\/index\/wp-json\/wp\/v2\/types\/product"}],"replies":[{"embeddable":true,"href":"https:\/\/brandss.com.py\/index\/wp-json\/wp\/v2\/comments?post=85035"}],"version-history":[{"count":2,"href":"https:\/\/brandss.com.py\/index\/wp-json\/wp\/v2\/product\/85035\/revisions"}],"predecessor-version":[{"id":85064,"href":"https:\/\/brandss.com.py\/index\/wp-json\/wp\/v2\/product\/85035\/revisions\/85064"}],"wp:featuredmedia":[{"embeddable":true,"href":"https:\/\/brandss.com.py\/index\/wp-json\/wp\/v2\/media\/85036"}],"wp:attachment":[{"href":"https:\/\/brandss.com.py\/index\/wp-json\/wp\/v2\/media?parent=85035"}],"wp:term":[{"taxonomy":"product_brand","embeddable":true,"href":"https:\/\/brandss.com.py\/index\/wp-json\/wp\/v2\/product_brand?post=85035"},{"taxonomy":"product_cat","embeddable":true,"href":"https:\/\/brandss.com.py\/index\/wp-json\/wp\/v2\/product_cat?post=85035"},{"taxonomy":"product_tag","embeddable":true,"href":"https:\/\/brandss.com.py\/index\/wp-json\/wp\/v2\/product_tag?post=85035"}],"curies":[{"name":"wp","href":"https:\/\/api.w.org\/{rel}","templated":true}]}}