{"id":85072,"date":"2025-06-26T18:57:40","date_gmt":"2025-06-26T18:57:40","guid":{"rendered":"https:\/\/brandss.com.py\/index\/?post_type=product&#038;p=85072"},"modified":"2025-08-05T12:43:52","modified_gmt":"2025-08-05T12:43:52","slug":"perfume-unisex-lattafa-rave-now-white-edp-100ml","status":"publish","type":"product","link":"https:\/\/brandss.com.py\/index\/producto\/perfume-unisex-lattafa-rave-now-white-edp-100ml\/","title":{"rendered":"PERFUME UNISEX LATTAFA RAVE NOW WHITE EDP 100ML"},"content":{"rendered":"<p><img loading=\"lazy\" decoding=\"async\" class=\"\" src=\"https:\/\/myscentjourney.s3.us-east-2.amazonaws.com\/2022\/02\/14\/29KIascent_j_marca_1644871114_202.png\" alt=\"MSJ::LATTAFA\" width=\"85\" height=\"101\" \/><\/p>\n<h1>RAVE NOW WHITE<\/h1>\n<div>\n<h4><em>El viaje del alma hacia la verdad<\/em><\/h4>\n<p>Una fragancia inspirada en los pensamientos del gran poeta persa Rumi: una b\u00fasqueda de conocimiento interior y armon\u00eda en la vida.<\/p>\n<p><span class=\"notranslate\">Rave Now White<\/span> es m\u00e1s que una fragancia. Es una invitaci\u00f3n a descubrir tu mundo interior, a sumergirte en una sensaci\u00f3n de paz y sabidur\u00eda. Este aroma, como la poes\u00eda de Rumi, te inspira a conocerte a ti mismo y encontrar tu verdad.<span class=\"notranslate\">Rave Now White<\/span>\u00a0es una fragancia que se convierte en una compa\u00f1era en tu camino interior, invit\u00e1ndote a un mundo de armon\u00eda y belleza.<\/p>\n<\/div>\n<div>\n<h4>\u00a0<em>Hogar Radiante \u2013 Frutas Frescas y Magia Floral<\/em><\/h4>\n<p>La fragancia comienza con una explosi\u00f3n energ\u00e9tica de mandarina, que proporciona una calidez refrescante y oriental. Se complementa con jugoso\u00a0melocot\u00f3n, que suaviza la intensidad c\u00edtrica, d\u00e1ndole un toque dulce y delicado. Este din\u00e1mico inicio se completa con el misterioso\u00a0nardo, cuyo aroma embriagador inspira sensualidad y misticismo.<\/p>\n<\/div>\n<div>\n<h4><em>Armon\u00eda Floral \u2013 Una Combinaci\u00f3n de Elegancia y Sabidur\u00eda<\/em><\/h4>\n<p>Las notas de coraz\u00f3n revelan el refinado aroma de la gardenia, que le da a la fragancia sutileza y ternura femenina.\u00a0El iris\u00a0a\u00f1ade profundidad y aristocracia, mientras que\u00a0el jazm\u00edn\u00a0aporta notas de lujo y sensualidad. Es una sinfon\u00eda de flores que invita a la meditaci\u00f3n y la paz.<\/p>\n<\/div>\n<div>\n<h4><em>Huella profunda y duradera<\/em><\/h4>\n<p>La base de la fragancia est\u00e1 compuesta de\u00a0s\u00e1ndalo\u00a0suave y lujoso, que crea una estela de fragancia relajante y misteriosa.\u00a0La vainilla\u00a0aporta calidez y una dulzura suave, mientras que\u00a0el vetiver\u00a0garantiza estabilidad y longevidad. Es un aroma profundo y envolvente que permanece contigo como se\u00f1al de paz interior.<\/p>\n<\/div>\n<div>\n<h3>Notas Olfativas<\/h3>\n<p>La fragancia se abre con una encantadora combinaci\u00f3n oriental de mandarina brillante y audaz, melocot\u00f3n jugoso y seductor, y nardo embriagador, llenando el coraz\u00f3n del perfume con un lujoso bouquet floral de iris ahumado, jazm\u00edn exquisito y gardenia elegante y et\u00e9rea. La fragancia tiene un fondo suave y adictivo con vetiver profundo, amaderado y terroso, s\u00e1ndalo cremoso y aterciopelado, y toques dulces, especiados y polvorientos de vainilla.<\/p>\n<ul>\n<li><strong>Notas de salida:<\/strong>\u00a0melocot\u00f3n, mandarina, nardo.<\/li>\n<li><strong>Notas de coraz\u00f3n:<\/strong>\u00a0gardenia, iris, jazm\u00edn.<\/li>\n<li><strong>Notas de fondo:<\/strong>\u00a0s\u00e1ndalo, vainilla, vetiver.<\/li>\n<\/ul>\n<\/div>\n","protected":false},"excerpt":{"rendered":"<p>RAVE NOW WHITE El viaje del alma hacia la verdad Una fragancia inspirada en los pensamientos del gran poeta persa<\/p>\n","protected":false},"featured_media":85073,"comment_status":"open","ping_status":"closed","template":"","meta":{"nf_dc_page":""},"product_brand":[],"product_cat":[84],"product_tag":[],"class_list":{"0":"post-85072","1":"product","2":"type-product","3":"status-publish","4":"has-post-thumbnail","6":"product_cat-perfumeria","8":"first","9":"outofstock","10":"shipping-taxable","11":"purchasable","12":"product-type-simple"},"_links":{"self":[{"href":"https:\/\/brandss.com.py\/index\/wp-json\/wp\/v2\/product\/85072","targetHints":{"allow":["GET"]}}],"collection":[{"href":"https:\/\/brandss.com.py\/index\/wp-json\/wp\/v2\/product"}],"about":[{"href":"https:\/\/brandss.com.py\/index\/wp-json\/wp\/v2\/types\/product"}],"replies":[{"embeddable":true,"href":"https:\/\/brandss.com.py\/index\/wp-json\/wp\/v2\/comments?post=85072"}],"version-history":[{"count":1,"href":"https:\/\/brandss.com.py\/index\/wp-json\/wp\/v2\/product\/85072\/revisions"}],"predecessor-version":[{"id":85078,"href":"https:\/\/brandss.com.py\/index\/wp-json\/wp\/v2\/product\/85072\/revisions\/85078"}],"wp:featuredmedia":[{"embeddable":true,"href":"https:\/\/brandss.com.py\/index\/wp-json\/wp\/v2\/media\/85073"}],"wp:attachment":[{"href":"https:\/\/brandss.com.py\/index\/wp-json\/wp\/v2\/media?parent=85072"}],"wp:term":[{"taxonomy":"product_brand","embeddable":true,"href":"https:\/\/brandss.com.py\/index\/wp-json\/wp\/v2\/product_brand?post=85072"},{"taxonomy":"product_cat","embeddable":true,"href":"https:\/\/brandss.com.py\/index\/wp-json\/wp\/v2\/product_cat?post=85072"},{"taxonomy":"product_tag","embeddable":true,"href":"https:\/\/brandss.com.py\/index\/wp-json\/wp\/v2\/product_tag?post=85072"}],"curies":[{"name":"wp","href":"https:\/\/api.w.org\/{rel}","templated":true}]}}