{"id":85087,"date":"2025-06-27T13:43:25","date_gmt":"2025-06-27T13:43:25","guid":{"rendered":"https:\/\/brandss.com.py\/index\/?post_type=product&#038;p=85087"},"modified":"2025-12-08T18:44:37","modified_gmt":"2025-12-08T18:44:37","slug":"perfume-masculino-lattafa-rave-now-edp-100ml","status":"publish","type":"product","link":"https:\/\/brandss.com.py\/index\/producto\/perfume-masculino-lattafa-rave-now-edp-100ml\/","title":{"rendered":"PERFUME MASCULINO LATTAFA RAVE NOW EDP 100ML"},"content":{"rendered":"<p><img loading=\"lazy\" decoding=\"async\" class=\"\" src=\"https:\/\/myscentjourney.s3.us-east-2.amazonaws.com\/2022\/02\/14\/29KIascent_j_marca_1644871114_202.png\" alt=\"MSJ::LATTAFA\" width=\"104\" height=\"124\" \/><\/p>\n<h1>RAVE NOW<\/h1>\n<p>Rave Now de Lattafa es una fragancia fuerte y masculina, perfecta para aquellos que quieren destacar. El aroma afrutado, se transforma lentamente en una fragancia floral, amaderada y de almizcle dulce.<\/p>\n<p>Rave Now de Lattafa es un perfume envolvente y sofisticado, perfecto para quienes buscan una fragancia que capte la atenci\u00f3n con un toque de frescura y elegancia. Rave Now es ideal para quienes buscan un perfume vers\u00e1til, perfecto tanto para el d\u00eda como para la noche. Este perfume representa la quintaesencia de la frescura y la elegancia, convirti\u00e9ndolo en una adici\u00f3n indispensable a la colecci\u00f3n de quienes aman las fragancias de alta calidad. Descubre el irresistible encanto de Rave Now de Lattafa y d\u00e9jate envolver por su armon\u00eda olfativa.<img loading=\"lazy\" decoding=\"async\" class=\"alignleft\" src=\"https:\/\/http2.mlstatic.com\/D_NQ_NP_2X_944793-MLU78676255837_082024-F.webp\" width=\"593\" height=\"493\" \/><\/p>\n<p>Con Rave Now, haz de cada momento una celebraci\u00f3n de tu carisma \u00fanico.<\/p>\n<p>\u00a1Inspira confianza y conquista el mundo con esta fragancia que refleja tu esp\u00edritu intr\u00e9pido!<\/p>\n<p>&nbsp;<\/p>\n<h3>Notas Olfativas<\/h3>\n<p>&nbsp;<\/p>\n<p>Now de RAVE es una fragancia de la familia olfativa Amaderada Arom\u00e1tica para Hombres. Emb\u00e1rcate en una experiencia audaz con Rave Now, la fragancia masculina que redefine la sensualidad. Las frescas notas iniciales de pi\u00f1a, grosellas negras, manzana y bergamota te sumergen en una explosi\u00f3n de vitalidad y energ\u00eda. En el coraz\u00f3n, la mezcla magistral de abedul, pachul\u00ed, jazm\u00edn de Marruecos y rosa despierta la pasi\u00f3n y la sofisticaci\u00f3n. Las notas de fondo, con almizcle, vainilla, musgo de roble y \u00e1mbar gris, a\u00f1aden una profundidad magn\u00e9tica que perdura.<\/p>\n<p><strong>Notas de salida:<\/strong> pi\u00f1a, grosellas negras, manzana y bergamota.<\/p>\n<p><strong>Notas de coraz\u00f3n:<\/strong> abedul, pachul\u00ed, jazm\u00edn de Marruecos y rosa.<\/p>\n<p><strong>Notas de fondo:<\/strong> almizcle, vainilla, musgo de roble y \u00e1mbar gris.<\/p>\n","protected":false},"excerpt":{"rendered":"<p>RAVE NOW Rave Now de Lattafa es una fragancia fuerte y masculina, perfecta para aquellos que quieren destacar. El aroma<\/p>\n","protected":false},"featured_media":85088,"comment_status":"open","ping_status":"closed","template":"","meta":{"nf_dc_page":""},"product_brand":[109],"product_cat":[84],"product_tag":[1633],"class_list":{"0":"post-85087","1":"product","2":"type-product","3":"status-publish","4":"has-post-thumbnail","6":"product_brand-lattafa","7":"product_cat-perfumeria","8":"product_tag-1633","10":"first","11":"outofstock","12":"shipping-taxable","13":"purchasable","14":"product-type-simple"},"_links":{"self":[{"href":"https:\/\/brandss.com.py\/index\/wp-json\/wp\/v2\/product\/85087","targetHints":{"allow":["GET"]}}],"collection":[{"href":"https:\/\/brandss.com.py\/index\/wp-json\/wp\/v2\/product"}],"about":[{"href":"https:\/\/brandss.com.py\/index\/wp-json\/wp\/v2\/types\/product"}],"replies":[{"embeddable":true,"href":"https:\/\/brandss.com.py\/index\/wp-json\/wp\/v2\/comments?post=85087"}],"version-history":[{"count":2,"href":"https:\/\/brandss.com.py\/index\/wp-json\/wp\/v2\/product\/85087\/revisions"}],"predecessor-version":[{"id":85096,"href":"https:\/\/brandss.com.py\/index\/wp-json\/wp\/v2\/product\/85087\/revisions\/85096"}],"wp:featuredmedia":[{"embeddable":true,"href":"https:\/\/brandss.com.py\/index\/wp-json\/wp\/v2\/media\/85088"}],"wp:attachment":[{"href":"https:\/\/brandss.com.py\/index\/wp-json\/wp\/v2\/media?parent=85087"}],"wp:term":[{"taxonomy":"product_brand","embeddable":true,"href":"https:\/\/brandss.com.py\/index\/wp-json\/wp\/v2\/product_brand?post=85087"},{"taxonomy":"product_cat","embeddable":true,"href":"https:\/\/brandss.com.py\/index\/wp-json\/wp\/v2\/product_cat?post=85087"},{"taxonomy":"product_tag","embeddable":true,"href":"https:\/\/brandss.com.py\/index\/wp-json\/wp\/v2\/product_tag?post=85087"}],"curies":[{"name":"wp","href":"https:\/\/api.w.org\/{rel}","templated":true}]}}