{"id":85127,"date":"2025-06-27T18:20:32","date_gmt":"2025-06-27T18:20:32","guid":{"rendered":"https:\/\/brandss.com.py\/index\/?post_type=product&#038;p=85127"},"modified":"2026-03-28T16:21:34","modified_gmt":"2026-03-28T16:21:34","slug":"perfume-unisex-lattafa-pride-brioche-vanille-edp-100ml","status":"publish","type":"product","link":"https:\/\/brandss.com.py\/index\/producto\/perfume-unisex-lattafa-pride-brioche-vanille-edp-100ml\/","title":{"rendered":"PERFUME UNISEX LATTAFA PRIDE BRIOCHE VANILLE EDP 100ML"},"content":{"rendered":"<p><img loading=\"lazy\" decoding=\"async\" class=\"\" src=\"https:\/\/myscentjourney.s3.us-east-2.amazonaws.com\/2022\/02\/14\/29KIascent_j_marca_1644871114_202.png\" alt=\"MSJ::LATTAFA\" width=\"97\" height=\"115\" \/><\/p>\n<h1>BRIOCHE VANILLE<\/h1>\n<h5><em>Un abrazo deliciosamente c\u00e1lido y dulce.<\/em><\/h5>\n<p>Lattafa Perfumes, una reconocida casa de fragancias famosa por sus creaciones opulentas y cautivadoras, te invita a experimentar el reconfortante abrazo de Lattafa Brioche Vanille. Esta fragancia gourmand es una sinfon\u00eda de notas deliciosas, una mezcla armoniosa de brioche c\u00e1lido, vainilla cremosa y delicadas flores que deleitar\u00e1n tus sentidos y te dejar\u00e1n con ganas de m\u00e1s.<\/p>\n<p>Brioche Vanille es una fragancia que representa la esencia de la dulzura y la calidez relajante. Es una combinaci\u00f3n magistral de notas que crean un viaje olfativo cautivador e inolvidable.<\/p>\n<p>Lattafa Brioche Vanille es una fragancia que representa la esencia de la comodidad y la indulgencia. Es una fragancia que evoca sentimientos de calidez, comodidad y dulce entrega. La combinaci\u00f3n armoniosa de brioche, vainilla y especias crea un aroma atractivo y relajante que te envuelve en un c\u00e1lido abrazo.<\/p>\n<p><strong>Este perfume es imprescindible para:<\/strong><\/p>\n<ul>\n<li>Amantes del gourmet que buscan un dulce relajante y placentero.<\/li>\n<li>Aquellos que aprecian un perfume con un car\u00e1cter c\u00e1lido y acogedor.<\/li>\n<li>Expertos en perfumes que buscan un aroma \u00fanico y memorable.<\/li>\n<li>Cualquier persona que disfrute del aroma relajante de pasteles reci\u00e9n horneados, vainilla y especias.<\/li>\n<\/ul>\n<h2><img loading=\"lazy\" decoding=\"async\" class=\"alignleft\" src=\"https:\/\/amouraperfumery.com\/wp-content\/uploads\/2024\/12\/IMG-20241208-WA0009.jpg\" width=\"618\" height=\"337\" \/><\/h2>\n<h2>Notas Olfativas<\/h2>\n<p>&nbsp;<\/p>\n<p>Brioche Vanille es una exquisita mezcla de dulzura gourmand y elegancia floral. La fragancia se abre con el c\u00edtrico vibrante de la bergamota, armonizado con el suave y et\u00e9reo toque floral de la fresia y un delicioso acorde de brioche que evoca el reconfortante aroma de pasteles reci\u00e9n horneados. En la transici\u00f3n, las notas de coraz\u00f3n introducen el heliotropo polvoriento, similar a la almendra, y la calidez rica y resinosa del b\u00e1lsamo de abeto, creando una sensaci\u00f3n acogedora y a la vez refinada. El fondo es una exquisita mezcla de vainilla dulce, pralin\u00e9 cremoso y la suave profundidad ambarada del benju\u00ed, dejando una impresi\u00f3n duradera y placentera.<\/p>\n<ul>\n<li><strong>Notas de salida:<\/strong>\u00a0Brioche, Fresia, Bergamota.<\/li>\n<li><strong>Notas de coraz\u00f3n:<\/strong>\u00a0Abeto bals\u00e1mico, heliotropo.<\/li>\n<li><strong>Notas de fondo:<\/strong>\u00a0vainilla, benju\u00ed, pralin\u00e9.<\/li>\n<\/ul>\n","protected":false},"excerpt":{"rendered":"<p>BRIOCHE VANILLE Un abrazo deliciosamente c\u00e1lido y dulce. Lattafa Perfumes, una reconocida casa de fragancias famosa por sus creaciones opulentas<\/p>\n","protected":false},"featured_media":85128,"comment_status":"open","ping_status":"closed","template":"","meta":{"nf_dc_page":""},"product_brand":[],"product_cat":[84],"product_tag":[],"class_list":{"0":"post-85127","1":"product","2":"type-product","3":"status-publish","4":"has-post-thumbnail","6":"product_cat-perfumeria","8":"first","9":"outofstock","10":"shipping-taxable","11":"purchasable","12":"product-type-simple"},"_links":{"self":[{"href":"https:\/\/brandss.com.py\/index\/wp-json\/wp\/v2\/product\/85127","targetHints":{"allow":["GET"]}}],"collection":[{"href":"https:\/\/brandss.com.py\/index\/wp-json\/wp\/v2\/product"}],"about":[{"href":"https:\/\/brandss.com.py\/index\/wp-json\/wp\/v2\/types\/product"}],"replies":[{"embeddable":true,"href":"https:\/\/brandss.com.py\/index\/wp-json\/wp\/v2\/comments?post=85127"}],"version-history":[{"count":1,"href":"https:\/\/brandss.com.py\/index\/wp-json\/wp\/v2\/product\/85127\/revisions"}],"predecessor-version":[{"id":85134,"href":"https:\/\/brandss.com.py\/index\/wp-json\/wp\/v2\/product\/85127\/revisions\/85134"}],"wp:featuredmedia":[{"embeddable":true,"href":"https:\/\/brandss.com.py\/index\/wp-json\/wp\/v2\/media\/85128"}],"wp:attachment":[{"href":"https:\/\/brandss.com.py\/index\/wp-json\/wp\/v2\/media?parent=85127"}],"wp:term":[{"taxonomy":"product_brand","embeddable":true,"href":"https:\/\/brandss.com.py\/index\/wp-json\/wp\/v2\/product_brand?post=85127"},{"taxonomy":"product_cat","embeddable":true,"href":"https:\/\/brandss.com.py\/index\/wp-json\/wp\/v2\/product_cat?post=85127"},{"taxonomy":"product_tag","embeddable":true,"href":"https:\/\/brandss.com.py\/index\/wp-json\/wp\/v2\/product_tag?post=85127"}],"curies":[{"name":"wp","href":"https:\/\/api.w.org\/{rel}","templated":true}]}}