{"id":85142,"date":"2025-06-27T19:19:50","date_gmt":"2025-06-27T19:19:50","guid":{"rendered":"https:\/\/brandss.com.py\/index\/?post_type=product&#038;p=85142"},"modified":"2026-03-28T16:21:34","modified_gmt":"2026-03-28T16:21:34","slug":"perfume-unisex-lattafa-pride-natural-oud-edp-100ml","status":"publish","type":"product","link":"https:\/\/brandss.com.py\/index\/producto\/perfume-unisex-lattafa-pride-natural-oud-edp-100ml\/","title":{"rendered":"PERFUME UNISEX LATTAFA PRIDE NATURAL OUD EDP 100ML"},"content":{"rendered":"<p><img loading=\"lazy\" decoding=\"async\" class=\"\" src=\"https:\/\/myscentjourney.s3.us-east-2.amazonaws.com\/2022\/02\/14\/29KIascent_j_marca_1644871114_202.png\" alt=\"MSJ::LATTAFA\" width=\"81\" height=\"96\" \/><\/p>\n<h1>NATURAL OUD<\/h1>\n<p>Este sofisticado aroma es una mezcla magistral de oud intenso, especias c\u00e1lidas y notas dulces y gourmand, que crean una experiencia olfativa que es a la vez lujosa y seductora.<\/p>\n<p>Natural Oud es una fragancia que representa la opulencia y la calidez de la perfumer\u00eda oriental. Es una composici\u00f3n armoniosa que se abre con una explosi\u00f3n de especias frescas, pasa a un coraz\u00f3n rico y ambarado y se asienta en una base amaderada sensual.<\/p>\n<p><strong>Este perfume es imprescindible para:<\/strong><\/p>\n<ul>\n<li>Aquellos que aprecian los perfumes con un car\u00e1cter sofisticado y varonil.<\/li>\n<li>Fans de 1 Million Golden Oud que buscan una alternativa m\u00e1s asequible y refinada.<\/li>\n<li>Amantes de los aromas a base de oud con un toque c\u00e1lido y especiado.<\/li>\n<li>Expertos en perfumes que buscan un perfume vers\u00e1til que pueda usarse de d\u00eda o de noche.<\/li>\n<li>Cualquier persona que disfrute de aromas que sean a la vez lujosos y atractivos.<\/li>\n<\/ul>\n<h2>Notas Olfativas<\/h2>\n<p>Experimente el aroma \u00fanico y lujoso de Natural Oud de Lattafa Perfumes. Esta nueva fragancia, lanzada en 2024, es perfecta tanto para mujeres como para hombres. Elaborada con los mejores ingredientes naturales, desprende un aroma sofisticado y cautivador que sin duda dejar\u00e1 una huella imborrable.<\/p>\n<ul>\n<li><strong>Notas de salida:<\/strong>\u00a0Azafr\u00e1n, nuez moscada, frutos rojos.<\/li>\n<li><strong>Notas de coraz\u00f3n:<\/strong>\u00a0Jazm\u00edn, rosa.<\/li>\n<li><strong>Notas de fondo:<\/strong>\u00a0cedro, oud, benju\u00ed, \u00e1mbar.<\/li>\n<\/ul>\n","protected":false},"excerpt":{"rendered":"<p>NATURAL OUD Este sofisticado aroma es una mezcla magistral de oud intenso, especias c\u00e1lidas y notas dulces y gourmand, que<\/p>\n","protected":false},"featured_media":85143,"comment_status":"open","ping_status":"closed","template":"","meta":{"nf_dc_page":""},"product_brand":[],"product_cat":[84],"product_tag":[],"class_list":{"0":"post-85142","1":"product","2":"type-product","3":"status-publish","4":"has-post-thumbnail","6":"product_cat-perfumeria","8":"first","9":"outofstock","10":"shipping-taxable","11":"purchasable","12":"product-type-simple"},"_links":{"self":[{"href":"https:\/\/brandss.com.py\/index\/wp-json\/wp\/v2\/product\/85142","targetHints":{"allow":["GET"]}}],"collection":[{"href":"https:\/\/brandss.com.py\/index\/wp-json\/wp\/v2\/product"}],"about":[{"href":"https:\/\/brandss.com.py\/index\/wp-json\/wp\/v2\/types\/product"}],"replies":[{"embeddable":true,"href":"https:\/\/brandss.com.py\/index\/wp-json\/wp\/v2\/comments?post=85142"}],"version-history":[{"count":1,"href":"https:\/\/brandss.com.py\/index\/wp-json\/wp\/v2\/product\/85142\/revisions"}],"predecessor-version":[{"id":85148,"href":"https:\/\/brandss.com.py\/index\/wp-json\/wp\/v2\/product\/85142\/revisions\/85148"}],"wp:featuredmedia":[{"embeddable":true,"href":"https:\/\/brandss.com.py\/index\/wp-json\/wp\/v2\/media\/85143"}],"wp:attachment":[{"href":"https:\/\/brandss.com.py\/index\/wp-json\/wp\/v2\/media?parent=85142"}],"wp:term":[{"taxonomy":"product_brand","embeddable":true,"href":"https:\/\/brandss.com.py\/index\/wp-json\/wp\/v2\/product_brand?post=85142"},{"taxonomy":"product_cat","embeddable":true,"href":"https:\/\/brandss.com.py\/index\/wp-json\/wp\/v2\/product_cat?post=85142"},{"taxonomy":"product_tag","embeddable":true,"href":"https:\/\/brandss.com.py\/index\/wp-json\/wp\/v2\/product_tag?post=85142"}],"curies":[{"name":"wp","href":"https:\/\/api.w.org\/{rel}","templated":true}]}}