{"id":85191,"date":"2025-06-28T14:38:52","date_gmt":"2025-06-28T14:38:52","guid":{"rendered":"https:\/\/brandss.com.py\/index\/?post_type=product&#038;p=85191"},"modified":"2026-03-28T16:20:40","modified_gmt":"2026-03-28T16:20:40","slug":"perfume-unisex-lattafa-pride-maharjan-silver-edp-100ml","status":"publish","type":"product","link":"https:\/\/brandss.com.py\/index\/producto\/perfume-unisex-lattafa-pride-maharjan-silver-edp-100ml\/","title":{"rendered":"PERFUME UNISEX LATTAFA PRIDE MAHARJAN SILVER EDP 100ML"},"content":{"rendered":"<p><img loading=\"lazy\" decoding=\"async\" class=\"\" src=\"https:\/\/myscentjourney.s3.us-east-2.amazonaws.com\/2022\/02\/14\/29KIascent_j_marca_1644871114_202.png\" alt=\"MSJ::LATTAFA\" width=\"81\" height=\"96\" \/><\/p>\n<h1>MAHARJAN SILVER<\/h1>\n<h4><em>Una alternativa refrescante.<\/em><\/h4>\n<p>\u00bfBuscas una fragancia que evoque la frescura vigorizante de un arroyo de monta\u00f1a, pero no est\u00e1s seguro sobre el precio de las marcas de lujo? No busques m\u00e1s que Lattafa Maharjan Silver Edp. Un aroma cautivador que ofrece una experiencia olfativa similar a la ic\u00f3nica Creed Silver Mountain Water. Esta fragancia de lujo asequible, elaborada meticulosamente por Lattafa Perfumes, es una sinfon\u00eda de notas c\u00edtricas, florales y amaderadas, que crean un aroma refrescante y sofisticado.<\/p>\n<p>Usar Lattafa Maharjan Silver es como dar un paseo refrescante por un huerto de c\u00edtricos, donde el aire se llena del vigorizante aroma de los c\u00edtricos y el suave susurro de las flores en flor. La fragancia se abre con una explosi\u00f3n de frescura c\u00edtrica, seguida de un delicado coraz\u00f3n floral y, finalmente, se asienta en una base c\u00e1lida y reconfortante. Es un aroma que evoca una sensaci\u00f3n de confianza, elegancia y encanto atemporal.<\/p>\n<h2>Notas Olfativas<\/h2>\n<p>Maharjan Silver es una fragancia de la familia olfativa para Hombres y Mujeres. Esta fragrancia es nueva.\u00a0Maharjan Silver se lanz\u00f3 en 2022. Maharjan Silver es una fragancia unisex que seduce con su enigm\u00e1tica composici\u00f3n. Inicia con una explosi\u00f3n de frescura, gracias a las notas de salida de bergamota y mandarina, que despiertan los sentidos con su luminosidad c\u00edtrica.<\/p>\n<p>En su coraz\u00f3n, se revela un bouquet floral \u00edntimo y seductor, donde el jazm\u00edn y el iris entrelazan sus aromas en una danza apasionada. La fragancia se desenvuelve con una base de vetiver, almizcle y abedul, envolviendo la piel en un rastro sensual y duradero. Maharjan Silver es un elixir olfativo que trasciende g\u00e9neros, invitando a quienes lo llevan a explorar su propia sensualidad y encanto en una experiencia sensorial \u00fanica.<\/p>\n<p>Es un aroma que celebra la belleza de la individualidad, destacando la elegancia y el misterio en cada aplicaci\u00f3n!!!<\/p>\n<p>&nbsp;<\/p>\n<ul>\n<li><strong>Notas de salida:<\/strong>\u00a0Bergamota, mandarina.<\/li>\n<li><strong>Notas de coraz\u00f3n:<\/strong>\u00a0Iris, jazm\u00edn.<\/li>\n<li><strong>Notas de fondo:<\/strong>\u00a0Almizcle, vetiver, abedul.<\/li>\n<\/ul>\n","protected":false},"excerpt":{"rendered":"<p>MAHARJAN SILVER Una alternativa refrescante. \u00bfBuscas una fragancia que evoque la frescura vigorizante de un arroyo de monta\u00f1a, pero no<\/p>\n","protected":false},"featured_media":85192,"comment_status":"open","ping_status":"closed","template":"","meta":{"nf_dc_page":""},"product_brand":[],"product_cat":[84],"product_tag":[],"class_list":{"0":"post-85191","1":"product","2":"type-product","3":"status-publish","4":"has-post-thumbnail","6":"product_cat-perfumeria","8":"first","9":"outofstock","10":"shipping-taxable","11":"purchasable","12":"product-type-simple"},"_links":{"self":[{"href":"https:\/\/brandss.com.py\/index\/wp-json\/wp\/v2\/product\/85191","targetHints":{"allow":["GET"]}}],"collection":[{"href":"https:\/\/brandss.com.py\/index\/wp-json\/wp\/v2\/product"}],"about":[{"href":"https:\/\/brandss.com.py\/index\/wp-json\/wp\/v2\/types\/product"}],"replies":[{"embeddable":true,"href":"https:\/\/brandss.com.py\/index\/wp-json\/wp\/v2\/comments?post=85191"}],"version-history":[{"count":1,"href":"https:\/\/brandss.com.py\/index\/wp-json\/wp\/v2\/product\/85191\/revisions"}],"predecessor-version":[{"id":85200,"href":"https:\/\/brandss.com.py\/index\/wp-json\/wp\/v2\/product\/85191\/revisions\/85200"}],"wp:featuredmedia":[{"embeddable":true,"href":"https:\/\/brandss.com.py\/index\/wp-json\/wp\/v2\/media\/85192"}],"wp:attachment":[{"href":"https:\/\/brandss.com.py\/index\/wp-json\/wp\/v2\/media?parent=85191"}],"wp:term":[{"taxonomy":"product_brand","embeddable":true,"href":"https:\/\/brandss.com.py\/index\/wp-json\/wp\/v2\/product_brand?post=85191"},{"taxonomy":"product_cat","embeddable":true,"href":"https:\/\/brandss.com.py\/index\/wp-json\/wp\/v2\/product_cat?post=85191"},{"taxonomy":"product_tag","embeddable":true,"href":"https:\/\/brandss.com.py\/index\/wp-json\/wp\/v2\/product_tag?post=85191"}],"curies":[{"name":"wp","href":"https:\/\/api.w.org\/{rel}","templated":true}]}}