{"id":85254,"date":"2025-06-30T12:24:18","date_gmt":"2025-06-30T12:24:18","guid":{"rendered":"https:\/\/brandss.com.py\/index\/?post_type=product&#038;p=85254"},"modified":"2025-11-26T17:40:34","modified_gmt":"2025-11-26T17:40:34","slug":"perfume-infantil-lattafa-pride-riders-edp-75ml","status":"publish","type":"product","link":"https:\/\/brandss.com.py\/index\/producto\/perfume-infantil-lattafa-pride-riders-edp-75ml\/","title":{"rendered":"PERFUME INFANTIL LATTAFA PRIDE RIDERS EDP 75ML"},"content":{"rendered":"<p><img loading=\"lazy\" decoding=\"async\" class=\"\" src=\"https:\/\/myscentjourney.s3.us-east-2.amazonaws.com\/2022\/02\/14\/29KIascent_j_marca_1644871114_202.png\" alt=\"MSJ::LATTAFA\" width=\"85\" height=\"101\" \/><\/p>\n<h1>RIDERS<\/h1>\n<section id=\"product-8931\" class=\"product-details-main product type-product post-8931 status-publish first instock product_cat-uncategorized has-post-thumbnail sale taxable shipping-taxable purchasable product-type-simple\">\n<div class=\"container\">\n<div class=\"row\">\n<div class=\"col-md-6\">\n<div class=\"product-inner-details-main\">\n<div id=\"module\">\n<p id=\"collapseExample\" class=\"collapse show\" aria-expanded=\"false\"><span>LATTAFA PRIDE RIDERS para Ni\u00f1os es un estimulante Eau de Parfum que captura el esp\u00edritu aventurero y divertido. Se abre con una refrescante explosi\u00f3n de bergamota, g\u00e1lbano y lim\u00f3n c\u00edtrico, creando una entrada estimulante y vibrante que revitaliza los sentidos. En su coraz\u00f3n se encuentra la encantadora nota de flor de azahar, que a\u00f1ade un toque floral que equilibra a la perfecci\u00f3n la luminosidad inicial con un toque dulce. A medida que la fragancia se asienta, emerge una c\u00e1lida base de almizcle, ofreciendo un final suave y reconfortante que perdura juguetonamente en la piel. Este cautivador aroma es ideal para j\u00f3venes exploradores, inspir\u00e1ndolos a disfrutar de cada momento con alegr\u00eda y curiosidad.<\/span><\/p>\n<div class=\"read-wrap\"><img loading=\"lazy\" decoding=\"async\" class=\"alignleft\" src=\"https:\/\/www.lodoro.cl\/cdn\/shop\/files\/Disenosintitulo-2025-03-18T123437.058.png?v=1749920085&amp;width=1000\" width=\"377\" height=\"377\" \/><\/div>\n<\/div>\n<\/div>\n<\/div>\n<\/div>\n<\/div>\n<\/section>\n<section class=\"product-main related-products nitro-offscreen\">\n<div class=\"container\">\n<h3 class=\"heading-golden text-center\">Notas Olfativas<\/h3>\n<div><\/div>\n<div>Riders es una fragancia de la familia olfativa C\u00edtrica Arom\u00e1tica para ni\u00f1os. Esta fragrancia es nueva. Riders se lanz\u00f3 en 2024.<\/div>\n<div><\/div>\n<div><span><strong>Notas de salida:<\/strong>\u00a0bergamota, g\u00e1lbano, lim\u00f3n.<br \/>\n<\/span><br \/>\n<span><strong>Notas de coraz\u00f3n:<\/strong> flor de naranja.<br \/>\n<\/span><br \/>\n<strong>Notas de fondo:<\/strong><span> almizcle.<\/span><\/div>\n<\/div>\n<\/section>\n","protected":false},"excerpt":{"rendered":"<p>RIDERS LATTAFA PRIDE RIDERS para Ni\u00f1os es un estimulante Eau de Parfum que captura el esp\u00edritu aventurero y divertido. Se<\/p>\n","protected":false},"featured_media":85255,"comment_status":"open","ping_status":"closed","template":"","meta":{"nf_dc_page":""},"product_brand":[109],"product_cat":[84],"product_tag":[1514],"class_list":{"0":"post-85254","1":"product","2":"type-product","3":"status-publish","4":"has-post-thumbnail","6":"product_brand-lattafa","7":"product_cat-perfumeria","8":"product_tag-1514","10":"first","11":"outofstock","12":"shipping-taxable","13":"purchasable","14":"product-type-simple"},"_links":{"self":[{"href":"https:\/\/brandss.com.py\/index\/wp-json\/wp\/v2\/product\/85254","targetHints":{"allow":["GET"]}}],"collection":[{"href":"https:\/\/brandss.com.py\/index\/wp-json\/wp\/v2\/product"}],"about":[{"href":"https:\/\/brandss.com.py\/index\/wp-json\/wp\/v2\/types\/product"}],"replies":[{"embeddable":true,"href":"https:\/\/brandss.com.py\/index\/wp-json\/wp\/v2\/comments?post=85254"}],"version-history":[{"count":1,"href":"https:\/\/brandss.com.py\/index\/wp-json\/wp\/v2\/product\/85254\/revisions"}],"predecessor-version":[{"id":85259,"href":"https:\/\/brandss.com.py\/index\/wp-json\/wp\/v2\/product\/85254\/revisions\/85259"}],"wp:featuredmedia":[{"embeddable":true,"href":"https:\/\/brandss.com.py\/index\/wp-json\/wp\/v2\/media\/85255"}],"wp:attachment":[{"href":"https:\/\/brandss.com.py\/index\/wp-json\/wp\/v2\/media?parent=85254"}],"wp:term":[{"taxonomy":"product_brand","embeddable":true,"href":"https:\/\/brandss.com.py\/index\/wp-json\/wp\/v2\/product_brand?post=85254"},{"taxonomy":"product_cat","embeddable":true,"href":"https:\/\/brandss.com.py\/index\/wp-json\/wp\/v2\/product_cat?post=85254"},{"taxonomy":"product_tag","embeddable":true,"href":"https:\/\/brandss.com.py\/index\/wp-json\/wp\/v2\/product_tag?post=85254"}],"curies":[{"name":"wp","href":"https:\/\/api.w.org\/{rel}","templated":true}]}}