{"id":85267,"date":"2025-06-30T14:05:42","date_gmt":"2025-06-30T14:05:42","guid":{"rendered":"https:\/\/brandss.com.py\/index\/?post_type=product&#038;p=85267"},"modified":"2026-03-17T12:15:40","modified_gmt":"2026-03-17T12:15:40","slug":"perfume-femenino-lattafa-her-confession-edp-100ml","status":"publish","type":"product","link":"https:\/\/brandss.com.py\/index\/producto\/perfume-femenino-lattafa-her-confession-edp-100ml\/","title":{"rendered":"PERFUME FEMENINO LATTAFA HER CONFESSION EDP 100ML"},"content":{"rendered":"<p><img loading=\"lazy\" decoding=\"async\" class=\"\" src=\"https:\/\/myscentjourney.s3.us-east-2.amazonaws.com\/2022\/02\/14\/29KIascent_j_marca_1644871114_202.png\" alt=\"MSJ::LATTAFA\" width=\"85\" height=\"101\" \/><\/p>\n<h1>HER CONFESSION<\/h1>\n<p>Es una fragancia atrevida y seductora que encarna la elegancia, el misterio y un encanto irresistible. Perfectamente dise\u00f1ada para quienes llaman la atenci\u00f3n con confianza y atractivo, esta fragancia es una audaz declaraci\u00f3n de sofisticaci\u00f3n y sensualidad.<\/p>\n<p><span>Her Confession es perfecta para ocasiones nocturnas, citas rom\u00e1nticas o cualquier momento en el que desees dejar una impresi\u00f3n inolvidable. <\/span><span>Esta fragancia es un homenaje a las mujeres que abrazan su fuerza y \u200b\u200bfeminidad, cautivando a todos aquellos que se cruzan en su camino. C<\/span><span>on Her Confession, deja que tu aroma cuente una historia de elegancia, pasi\u00f3n y confianza, dejando un rastro de encanto dondequiera que vayas.<\/span><\/p>\n<p><img loading=\"lazy\" decoding=\"async\" class=\"alignleft\" src=\"https:\/\/perfumeplanet.com.pa\/cdn\/shop\/files\/Screenshot2024-09-16at9.44.28AM_49cc6fac-6933-48b8-922c-17166b0dfba9.jpg?v=1738597199&amp;width=990\" width=\"501\" height=\"501\" \/><\/p>\n<h3>Notas Olfativas<\/h3>\n<p>&nbsp;<\/p>\n<p><span>La fragancia se abre con una intrigante y cautivadora mezcla de acordes, c\u00e1lida canela y el enigm\u00e1tico encanto de notas m\u00edsticas. Esta dram\u00e1tica introducci\u00f3n crea un tono potente y memorable que despierta la curiosidad.<\/span><\/p>\n<p><span>En el coraz\u00f3n, la exuberante y floral elegancia del jazm\u00edn y el nardo se ve realzada por la m\u00edstica ahumada del incienso y la frescura moderna del mahonial. Esta combinaci\u00f3n crea un bouquet profundamente sensual e hipn\u00f3tico, que a\u00f1ade capas de complejidad y profundidad.<\/span><\/p>\n<p><span>Las notas de fondo ofrecen un final c\u00e1lido y cremoso con la dulce riqueza del haba tonka, la aterciopelada suavidad del almizcle y la reconfortante sensaci\u00f3n de vainilla. Juntos, crean un final duradero y placentero que perdura maravillosamente en la piel.<\/span><\/p>\n<p>&nbsp;<\/p>\n<ul>\n<li><strong><span>Notas de salida:<\/span><\/strong><span> Acorde, Canela, M\u00edstico.<\/span><\/li>\n<li><strong><span>Notas de coraz\u00f3n:<\/span><\/strong><span> jazm\u00edn, nardos, incienso, mahonial.<\/span><\/li>\n<li><strong><span>Notas de fondo:<\/span><\/strong><span> Haba tonka, almizcle, vainilla.<\/span><\/li>\n<\/ul>\n","protected":false},"excerpt":{"rendered":"<p>HER CONFESSION Es una fragancia atrevida y seductora que encarna la elegancia, el misterio y un encanto irresistible. Perfectamente dise\u00f1ada<\/p>\n","protected":false},"featured_media":85268,"comment_status":"open","ping_status":"closed","template":"","meta":{"nf_dc_page":""},"product_brand":[109],"product_cat":[84],"product_tag":[1510],"class_list":{"0":"post-85267","1":"product","2":"type-product","3":"status-publish","4":"has-post-thumbnail","6":"product_brand-lattafa","7":"product_cat-perfumeria","8":"product_tag-1510","10":"first","11":"instock","12":"sale","13":"shipping-taxable","14":"purchasable","15":"product-type-simple"},"_links":{"self":[{"href":"https:\/\/brandss.com.py\/index\/wp-json\/wp\/v2\/product\/85267","targetHints":{"allow":["GET"]}}],"collection":[{"href":"https:\/\/brandss.com.py\/index\/wp-json\/wp\/v2\/product"}],"about":[{"href":"https:\/\/brandss.com.py\/index\/wp-json\/wp\/v2\/types\/product"}],"replies":[{"embeddable":true,"href":"https:\/\/brandss.com.py\/index\/wp-json\/wp\/v2\/comments?post=85267"}],"version-history":[{"count":2,"href":"https:\/\/brandss.com.py\/index\/wp-json\/wp\/v2\/product\/85267\/revisions"}],"predecessor-version":[{"id":85274,"href":"https:\/\/brandss.com.py\/index\/wp-json\/wp\/v2\/product\/85267\/revisions\/85274"}],"wp:featuredmedia":[{"embeddable":true,"href":"https:\/\/brandss.com.py\/index\/wp-json\/wp\/v2\/media\/85268"}],"wp:attachment":[{"href":"https:\/\/brandss.com.py\/index\/wp-json\/wp\/v2\/media?parent=85267"}],"wp:term":[{"taxonomy":"product_brand","embeddable":true,"href":"https:\/\/brandss.com.py\/index\/wp-json\/wp\/v2\/product_brand?post=85267"},{"taxonomy":"product_cat","embeddable":true,"href":"https:\/\/brandss.com.py\/index\/wp-json\/wp\/v2\/product_cat?post=85267"},{"taxonomy":"product_tag","embeddable":true,"href":"https:\/\/brandss.com.py\/index\/wp-json\/wp\/v2\/product_tag?post=85267"}],"curies":[{"name":"wp","href":"https:\/\/api.w.org\/{rel}","templated":true}]}}