{"id":85319,"date":"2025-06-30T19:20:07","date_gmt":"2025-06-30T19:20:07","guid":{"rendered":"https:\/\/brandss.com.py\/index\/?post_type=product&#038;p=85319"},"modified":"2026-03-28T16:19:36","modified_gmt":"2026-03-28T16:19:36","slug":"perfume-unisex-lattafa-niche-emarati-zikra-edp-100ml","status":"publish","type":"product","link":"https:\/\/brandss.com.py\/index\/producto\/perfume-unisex-lattafa-niche-emarati-zikra-edp-100ml\/","title":{"rendered":"PERFUME UNISEX LATTAFA NICHE EMARATI ZIKRA EDP 100ML"},"content":{"rendered":"<p><img loading=\"lazy\" decoding=\"async\" class=\"\" src=\"https:\/\/myscentjourney.s3.us-east-2.amazonaws.com\/2022\/02\/14\/29KIascent_j_marca_1644871114_202.png\" alt=\"MSJ::LATTAFA\" width=\"111\" height=\"131\" \/><\/p>\n<h1>NICHE EMARATI ZIKRA<\/h1>\n<h4 class=\"entry-title\"><em>Una oda a la elegancia oriental<\/em><\/h4>\n<div class=\"post-excerpt\">\n<p>Sum\u00e9rgete en el lujoso y encantador aroma de Niche Emarati Zikra, esta exquisita fragancia combina magistralmente notas ricas, c\u00e1lidas y dulces, creando un aroma que irradia sofisticaci\u00f3n y elegancia atemporal. Es una fragancia unisex que encapsula la sofisticaci\u00f3n y la profundidad de la perfumer\u00eda oriental. Creada para quienes buscan un aroma refinado y distintivo, Zikra combina notas especiadas, florales y amaderadas para crear una experiencia de elegancia y calidez. Disponible en un frasco de 100 ml, este Eau de Parfum est\u00e1 dise\u00f1ado para complementar ocasiones especiales y looks de noche con una impresi\u00f3n duradera.<\/p>\n<h3>Notas Olfativas<\/h3>\n<p>Zikra se abre con la embriagadora y opulenta nota de co\u00f1ac. Esta rica y arom\u00e1tica nota crea el ambiente con su c\u00e1lida y acogedora esencia, cautivando al instante los sentidos y evocando una sensaci\u00f3n de lujo. A medida que la fragancia evoluciona, el coraz\u00f3n revela una lujosa mezcla de canela, haba tonka y musgo de roble. La c\u00e1lida y especiada canela se combina a la perfecci\u00f3n con la dulce y ligeramente picante esencia del haba tonka y la terrosa y verde profundidad del musgo de roble. Esta armoniosa combinaci\u00f3n a\u00f1ade profundidad y sofisticaci\u00f3n a la composici\u00f3n, creando un coraz\u00f3n cautivador. En la base, Zikra deja una huella imborrable con su rica y reconfortante mezcla de pralin\u00e9, vainilla y s\u00e1ndalo. El pralin\u00e9 aporta una deliciosa nota dulce y a nuez, mientras que la vainilla proporciona una cremosa y dulce riqueza. El s\u00e1ndalo imparte una base suave y amaderada, creando un final profundo y memorable que perdura en la piel.<\/p>\n<ul>\n<li><strong>Notas de salida:<\/strong> Co\u00f1ac.<\/li>\n<li><strong><span>Notas de coraz\u00f3n: <\/span><\/strong>Canela, Haba Tonka, Musgo de Roble.<\/li>\n<li><strong><span>Notas de fondo: <\/span><\/strong>Pralin\u00e9, vainilla, s\u00e1ndalo.<\/li>\n<\/ul>\n<\/div>\n","protected":false},"excerpt":{"rendered":"<p>NICHE EMARATI ZIKRA Una oda a la elegancia oriental Sum\u00e9rgete en el lujoso y encantador aroma de Niche Emarati Zikra,<\/p>\n","protected":false},"featured_media":85320,"comment_status":"open","ping_status":"closed","template":"","meta":{"nf_dc_page":""},"product_brand":[109],"product_cat":[84],"product_tag":[2207],"class_list":{"0":"post-85319","1":"product","2":"type-product","3":"status-publish","4":"has-post-thumbnail","6":"product_brand-lattafa","7":"product_cat-perfumeria","8":"product_tag-2207","10":"first","11":"outofstock","12":"shipping-taxable","13":"purchasable","14":"product-type-simple"},"_links":{"self":[{"href":"https:\/\/brandss.com.py\/index\/wp-json\/wp\/v2\/product\/85319","targetHints":{"allow":["GET"]}}],"collection":[{"href":"https:\/\/brandss.com.py\/index\/wp-json\/wp\/v2\/product"}],"about":[{"href":"https:\/\/brandss.com.py\/index\/wp-json\/wp\/v2\/types\/product"}],"replies":[{"embeddable":true,"href":"https:\/\/brandss.com.py\/index\/wp-json\/wp\/v2\/comments?post=85319"}],"version-history":[{"count":1,"href":"https:\/\/brandss.com.py\/index\/wp-json\/wp\/v2\/product\/85319\/revisions"}],"predecessor-version":[{"id":85326,"href":"https:\/\/brandss.com.py\/index\/wp-json\/wp\/v2\/product\/85319\/revisions\/85326"}],"wp:featuredmedia":[{"embeddable":true,"href":"https:\/\/brandss.com.py\/index\/wp-json\/wp\/v2\/media\/85320"}],"wp:attachment":[{"href":"https:\/\/brandss.com.py\/index\/wp-json\/wp\/v2\/media?parent=85319"}],"wp:term":[{"taxonomy":"product_brand","embeddable":true,"href":"https:\/\/brandss.com.py\/index\/wp-json\/wp\/v2\/product_brand?post=85319"},{"taxonomy":"product_cat","embeddable":true,"href":"https:\/\/brandss.com.py\/index\/wp-json\/wp\/v2\/product_cat?post=85319"},{"taxonomy":"product_tag","embeddable":true,"href":"https:\/\/brandss.com.py\/index\/wp-json\/wp\/v2\/product_tag?post=85319"}],"curies":[{"name":"wp","href":"https:\/\/api.w.org\/{rel}","templated":true}]}}