{"id":85327,"date":"2025-07-01T11:47:21","date_gmt":"2025-07-01T11:47:21","guid":{"rendered":"https:\/\/brandss.com.py\/index\/?post_type=product&#038;p=85327"},"modified":"2026-03-28T16:19:36","modified_gmt":"2026-03-28T16:19:36","slug":"perfume-unisex-lattafa-niche-emarati-remas-edp-100ml","status":"publish","type":"product","link":"https:\/\/brandss.com.py\/index\/producto\/perfume-unisex-lattafa-niche-emarati-remas-edp-100ml\/","title":{"rendered":"PERFUME UNISEX LATTAFA NICHE EMARATI REMAS EDP 100ML"},"content":{"rendered":"<p><img loading=\"lazy\" decoding=\"async\" class=\"\" src=\"https:\/\/myscentjourney.s3.us-east-2.amazonaws.com\/2022\/02\/14\/29KIascent_j_marca_1644871114_202.png\" alt=\"MSJ::LATTAFA\" width=\"88\" height=\"105\" \/><\/p>\n<h1>NICHE EMARATI REMAS<\/h1>\n<p>La vida es una ocasi\u00f3n. Cada momento merece una celebraci\u00f3n. Nuestro perfume te ayuda a celebrar la vida hasta la m\u00e9dula manteni\u00e9ndote preparado para todos los momentos especiales. No s\u00f3lo los vivas, hazlo memorable. Hay una fragancia adecuada para cada ocasi\u00f3n para esculpir tu personalidad y permitirte ocupar el centro del escenario. As\u00ed que exuda confianza, hazte notar, define el poder y si\u00e9ntete elegante con una pizca de tu perfume favorito. Prep\u00e1rate para cualquier ocasi\u00f3n. Fragancia vibrante y que marca tendencia de una colecci\u00f3n premium. Nuestros Perfumes son el guerrero perfecto para combatir los olores corporales. Si\u00e9ntete fresco y huele genial por mucho m\u00e1s tiempo. La fragancia es ideal para el uso diario, reuniones informales, almuerzos, fiestas, regalos, etc.<\/p>\n<p><img loading=\"lazy\" decoding=\"async\" class=\"alignleft\" src=\"https:\/\/aromatica.cr\/cdn\/shop\/files\/Niche-Emarati-Remas-EDP-unisex-100-ml-Aromatica-CR-280333411.jpg?v=1736376514&amp;width=990\" width=\"538\" height=\"538\" \/><\/p>\n<h3>Notas Olfativas<\/h3>\n<p>El perfume Lattafa Remas se abre con notas de salida de bergamota, mango y naranja. Sus sabores jugosos y afrutados son vibrantes y alegres, y ofrecen un comienzo fresco y refrescante. Combina un aroma c\u00edtrico y dulce.<\/p>\n<p><span>Al secarse, las notas florales se abren. El jazm\u00edn impregna el aire con un aroma delicado y rom\u00e1ntico. El s\u00e1ndalo a\u00f1ade un toque de calidez cremosa y realza una fragancia cremosa y duradera.<\/span><\/p>\n<p><span>Finalmente, la fragancia se asienta en una base lujosa y acogedora. El ol\u00edbano aporta un toque de profundidad y misterio. El \u00e1mbar blanco aporta un toque de riqueza y calidez. La vainilla tambi\u00e9n se percibe, aportando un toque de dulzura y confort.<\/span><\/p>\n<ul>\n<li><span><strong>Notas de salida:<\/strong> Bergamota, Mango, Naranja.\n<p><\/span><\/li>\n<li><span><strong>Notas de coraz\u00f3n:<\/strong> jazm\u00edn, s\u00e1ndalo.\n<p><\/span><\/li>\n<li><span><strong>Notas de fondo:<\/strong> Olibanum, \u00e1mbar blanco, vainilla.<\/span><\/li>\n<\/ul>\n","protected":false},"excerpt":{"rendered":"<p>NICHE EMARATI REMAS La vida es una ocasi\u00f3n. Cada momento merece una celebraci\u00f3n. Nuestro perfume te ayuda a celebrar la<\/p>\n","protected":false},"featured_media":85328,"comment_status":"open","ping_status":"closed","template":"","meta":{"nf_dc_page":""},"product_brand":[109],"product_cat":[84],"product_tag":[2206],"class_list":{"0":"post-85327","1":"product","2":"type-product","3":"status-publish","4":"has-post-thumbnail","6":"product_brand-lattafa","7":"product_cat-perfumeria","8":"product_tag-2206","10":"first","11":"outofstock","12":"shipping-taxable","13":"purchasable","14":"product-type-simple"},"_links":{"self":[{"href":"https:\/\/brandss.com.py\/index\/wp-json\/wp\/v2\/product\/85327","targetHints":{"allow":["GET"]}}],"collection":[{"href":"https:\/\/brandss.com.py\/index\/wp-json\/wp\/v2\/product"}],"about":[{"href":"https:\/\/brandss.com.py\/index\/wp-json\/wp\/v2\/types\/product"}],"replies":[{"embeddable":true,"href":"https:\/\/brandss.com.py\/index\/wp-json\/wp\/v2\/comments?post=85327"}],"version-history":[{"count":1,"href":"https:\/\/brandss.com.py\/index\/wp-json\/wp\/v2\/product\/85327\/revisions"}],"predecessor-version":[{"id":85334,"href":"https:\/\/brandss.com.py\/index\/wp-json\/wp\/v2\/product\/85327\/revisions\/85334"}],"wp:featuredmedia":[{"embeddable":true,"href":"https:\/\/brandss.com.py\/index\/wp-json\/wp\/v2\/media\/85328"}],"wp:attachment":[{"href":"https:\/\/brandss.com.py\/index\/wp-json\/wp\/v2\/media?parent=85327"}],"wp:term":[{"taxonomy":"product_brand","embeddable":true,"href":"https:\/\/brandss.com.py\/index\/wp-json\/wp\/v2\/product_brand?post=85327"},{"taxonomy":"product_cat","embeddable":true,"href":"https:\/\/brandss.com.py\/index\/wp-json\/wp\/v2\/product_cat?post=85327"},{"taxonomy":"product_tag","embeddable":true,"href":"https:\/\/brandss.com.py\/index\/wp-json\/wp\/v2\/product_tag?post=85327"}],"curies":[{"name":"wp","href":"https:\/\/api.w.org\/{rel}","templated":true}]}}