{"id":85344,"date":"2025-07-01T14:01:12","date_gmt":"2025-07-01T14:01:12","guid":{"rendered":"https:\/\/brandss.com.py\/index\/?post_type=product&#038;p=85344"},"modified":"2025-12-04T18:14:58","modified_gmt":"2025-12-04T18:14:58","slug":"perfume-unisex-lattafa-pride-la-african-drummer-edp-100ml","status":"publish","type":"product","link":"https:\/\/brandss.com.py\/index\/producto\/perfume-unisex-lattafa-pride-la-african-drummer-edp-100ml\/","title":{"rendered":"PERFUME UNISEX LATTAFA PRIDE LA AFRICAN DRUMMER EDP 100ML"},"content":{"rendered":"<p><img loading=\"lazy\" decoding=\"async\" class=\"\" src=\"https:\/\/myscentjourney.s3.us-east-2.amazonaws.com\/2022\/02\/14\/29KIascent_j_marca_1644871114_202.png\" alt=\"MSJ::LATTAFA\" width=\"86\" height=\"102\" \/><\/p>\n<h1>LA AFRICAN DRUMMER<\/h1>\n<h4><em>Una fusi\u00f3n r\u00edtmica de coco, flores y misterio.<\/em><\/h4>\n<p>Prep\u00e1rate para experimentar un cautivador ritmo de aromas con Lattafa La African Drummer Edp. Este perfume \u00fanico, parte de la colecci\u00f3n Lattafa Pride, ha llamado la atenci\u00f3n por su audaz combinaci\u00f3n de coco tropical, flores ex\u00f3ticas y un almizcle persistente. Es una fragancia que evoca una sensaci\u00f3n de aventura, libertad y el esp\u00edritu vibrante de \u00c1frica. Profundicemos en las seductoras notas y descubramos las razones detr\u00e1s de su creciente popularidad.<img loading=\"lazy\" decoding=\"async\" class=\"alignleft\" src=\"https:\/\/i.ebayimg.com\/images\/g\/IOYAAOSwpVVmeKdl\/s-l1600.webp\" width=\"613\" height=\"614\" \/><\/p>\n<p><strong>Composici\u00f3n \u00fanica:<\/strong><\/p>\n<p>La combinaci\u00f3n de coco, flores y almizcle es un hallazgo raro y emocionante en el mundo de las fragancias. Esta mezcla inusual distingue a La African Drummer Edp de los aromas tradicionales y la convierte en una opci\u00f3n cautivadora para quienes buscan algo diferente.<\/p>\n<p><strong>Lujo asequible:<\/strong><\/p>\n<p>Como muchas fragancias de Lattafa, La African Drummer ofrece una experiencia de lujo a un precio incre\u00edblemente asequible. Esto lo hace accesible a una amplia gama de entusiastas de los perfumes.<\/p>\n<p><strong>Rendimiento impresionante:<\/strong><\/p>\n<p>A pesar de su precio econ\u00f3mico, la fragancia cuenta con una longevidad y una estela decentes. Permanece en la piel durante horas dejando una estela cautivadora.<\/p>\n<p><strong>Atractivo unisex:<\/strong><\/p>\n<p>Comercializada como unisex, la versatilidad de La African Drummer permite que tanto hombres como mujeres disfruten de su car\u00e1cter \u00fanico. Las notas florales y de coco pueden resultar ligeramente femeninas, mientras que el almizcle y el ambroxan a\u00f1aden un toque de masculinidad.<\/p>\n<h3>Notas Olfativas<\/h3>\n<p>Clasificada como una fragancia arom\u00e1tica, especiada o floral afrutada, La African Drummer Edp desaf\u00eda la categorizaci\u00f3n f\u00e1cil, mezclando elementos de ambas familias, la fragancia se abre con una explosi\u00f3n de coco cremoso y bergamota picante. Esta combinaci\u00f3n inesperada crea una introducci\u00f3n tropical divertida que es a la vez refrescante e intrigante. A medida que la fragancia evoluciona, un tr\u00edo de flores encantadoras ocupa un lugar central. El ylang-ylang, con su aroma dulce y ligeramente especiado, se mezcla armoniosamente con el delicado dulzor del jazm\u00edn y las notas soleadas y melosas de la flor de naranjo. Por \u00faltimo, la fragancia encuentra su base en una base sensual y c\u00e1lida de almizcle, ambroxan y vainilla. El almizcle a\u00f1ade un toque de encanto animal, mientras que el ambroxan, una nota de \u00e1mbar sint\u00e9tico, aporta profundidad y longevidad. La vainilla, con su reconfortante dulzura, completa la base y crea una impresi\u00f3n duradera.<\/p>\n<p><strong>Notas de salida:<\/strong> coco, bergamota.<\/p>\n<p><strong>Notas de coraz\u00f3n:<\/strong> ylang-ylang, jazm\u00edn, flor de naranjo.<\/p>\n<p><strong>Notas de fondo:<\/strong> almizcle, ambroxan, vainilla.<\/p>\n","protected":false},"excerpt":{"rendered":"<p>LA AFRICAN DRUMMER Una fusi\u00f3n r\u00edtmica de coco, flores y misterio. Prep\u00e1rate para experimentar un cautivador ritmo de aromas con<\/p>\n","protected":false},"featured_media":85345,"comment_status":"open","ping_status":"closed","template":"","meta":{"nf_dc_page":""},"product_brand":[109],"product_cat":[84],"product_tag":[1598],"class_list":{"0":"post-85344","1":"product","2":"type-product","3":"status-publish","4":"has-post-thumbnail","6":"product_brand-lattafa","7":"product_cat-perfumeria","8":"product_tag-1598","10":"first","11":"outofstock","12":"shipping-taxable","13":"purchasable","14":"product-type-simple"},"_links":{"self":[{"href":"https:\/\/brandss.com.py\/index\/wp-json\/wp\/v2\/product\/85344","targetHints":{"allow":["GET"]}}],"collection":[{"href":"https:\/\/brandss.com.py\/index\/wp-json\/wp\/v2\/product"}],"about":[{"href":"https:\/\/brandss.com.py\/index\/wp-json\/wp\/v2\/types\/product"}],"replies":[{"embeddable":true,"href":"https:\/\/brandss.com.py\/index\/wp-json\/wp\/v2\/comments?post=85344"}],"version-history":[{"count":1,"href":"https:\/\/brandss.com.py\/index\/wp-json\/wp\/v2\/product\/85344\/revisions"}],"predecessor-version":[{"id":85352,"href":"https:\/\/brandss.com.py\/index\/wp-json\/wp\/v2\/product\/85344\/revisions\/85352"}],"wp:featuredmedia":[{"embeddable":true,"href":"https:\/\/brandss.com.py\/index\/wp-json\/wp\/v2\/media\/85345"}],"wp:attachment":[{"href":"https:\/\/brandss.com.py\/index\/wp-json\/wp\/v2\/media?parent=85344"}],"wp:term":[{"taxonomy":"product_brand","embeddable":true,"href":"https:\/\/brandss.com.py\/index\/wp-json\/wp\/v2\/product_brand?post=85344"},{"taxonomy":"product_cat","embeddable":true,"href":"https:\/\/brandss.com.py\/index\/wp-json\/wp\/v2\/product_cat?post=85344"},{"taxonomy":"product_tag","embeddable":true,"href":"https:\/\/brandss.com.py\/index\/wp-json\/wp\/v2\/product_tag?post=85344"}],"curies":[{"name":"wp","href":"https:\/\/api.w.org\/{rel}","templated":true}]}}