{"id":85391,"date":"2025-07-02T14:05:28","date_gmt":"2025-07-02T14:05:28","guid":{"rendered":"https:\/\/brandss.com.py\/index\/?post_type=product&#038;p=85391"},"modified":"2026-03-16T17:25:22","modified_gmt":"2026-03-16T17:25:22","slug":"perfume-masculino-al-wataniah-bareeq-al-dhahab-edp-100ml","status":"publish","type":"product","link":"https:\/\/brandss.com.py\/index\/producto\/perfume-masculino-al-wataniah-bareeq-al-dhahab-edp-100ml\/","title":{"rendered":"PERFUME MASCULINO AL WATANIAH BAREEQ AL DHAHAB EDP 100ML"},"content":{"rendered":"<p><img loading=\"lazy\" decoding=\"async\" class=\"\" src=\"https:\/\/encrypted-tbn0.gstatic.com\/images?q=tbn:ANd9GcTZxf4M7TAbnjGvlsN_ihYlAJt7l3yucNv8ig&amp;s\" alt=\"Al Wataniah \u00b7 Trending Corporate\" width=\"108\" height=\"104\" \/><\/p>\n<h1>BAREEQ AL DHAHAB<\/h1>\n<p><span>Es una fragancia cautivadora que encarna la esencia de la sofisticaci\u00f3n y el encanto masculinos. <\/span><span>Sum\u00e9rgete en un mundo de opulencia y elegancia con cada rociado de Bareeq Al Dhahab, una fragancia creada para evocar la riqueza de los momentos dorados. Inspirada en el brillo dorado de los metales preciosos, esta fragancia es un verdadero tesoro para el hombre moderno que aprecia el lujo y el refinamiento. Experimente el encanto del Eau De Parfum Bareeq Al Dhahab y sum\u00e9rjase en la esencia del lujo y la sofisticaci\u00f3n. Explore nuestra gama completa de exquisitas fragancias y deleite sus sentidos.<\/span><\/p>\n<p><img loading=\"lazy\" decoding=\"async\" class=\"alignleft\" src=\"https:\/\/perfumeshop.com.ar\/wp-content\/uploads\/2023\/04\/e4b2561f-50f0-4c64-886e-ed7f7dbb6ed8-bareeq-al-dhahab-al-wataniah-masculino-eau-de-parfum-100ml.webp\" width=\"470\" height=\"470\" \/><\/p>\n<h3>Notas Olfativas<\/h3>\n<p>&nbsp;<\/p>\n<p><span>Bareeq Al Dhahab de Al Wataniah es una fragancia de \u00e1mbar para hombre. Se trata de una nueva fragancia. Bareeq Al Dhahab se lanz\u00f3 en 2022. La fragancia se abre con una tentadora mezcla de azafr\u00e1n, rosa y pimienta, creando una entrada vibrante y especiada que capta la atenci\u00f3n. A medida que se desarrolla, el coraz\u00f3n revela las profundas y ex\u00f3ticas notas de madera de oud, complementadas con la dulce calidez del caramelo y la riqueza terrosa del pachul\u00ed y las notas florales.<\/span><\/p>\n<p><span>Finalmente, las notas de fondo de incienso, \u00e1mbar, almizcle y notas amaderadas proporcionan una impresi\u00f3n duradera de profundidad y sofisticaci\u00f3n, dejando un rastro de seducci\u00f3n dondequiera que vayas.<\/span><\/p>\n<p>El perfume Bareeq Al Dhahab de Al Wataniah es una fragancia de la familia olfativa \u00e1mbar para hombres.<\/p>\n<p>&nbsp;<\/p>\n<ul>\n<li><strong>Notas de salida:<\/strong>\u00a0Azafr\u00e1n, rosa y pimienta<\/li>\n<li><strong>Notas de coraz\u00f3n:<\/strong>\u00a0Madera de oud, caramelo, notas florales y pachul\u00ed<\/li>\n<li><strong>Notas de fondo:<\/strong>\u00a0\u00c1mbar, incienso, notas amaderadas y almizcle<\/li>\n<\/ul>\n","protected":false},"excerpt":{"rendered":"<p>BAREEQ AL DHAHAB Es una fragancia cautivadora que encarna la esencia de la sofisticaci\u00f3n y el encanto masculinos. Sum\u00e9rgete en<\/p>\n","protected":false},"featured_media":85392,"comment_status":"open","ping_status":"closed","template":"","meta":{"nf_dc_page":""},"product_brand":[105],"product_cat":[84],"product_tag":[558],"class_list":{"0":"post-85391","1":"product","2":"type-product","3":"status-publish","4":"has-post-thumbnail","6":"product_brand-al-wataniah","7":"product_cat-perfumeria","8":"product_tag-558","10":"first","11":"instock","12":"sale","13":"shipping-taxable","14":"purchasable","15":"product-type-simple"},"_links":{"self":[{"href":"https:\/\/brandss.com.py\/index\/wp-json\/wp\/v2\/product\/85391","targetHints":{"allow":["GET"]}}],"collection":[{"href":"https:\/\/brandss.com.py\/index\/wp-json\/wp\/v2\/product"}],"about":[{"href":"https:\/\/brandss.com.py\/index\/wp-json\/wp\/v2\/types\/product"}],"replies":[{"embeddable":true,"href":"https:\/\/brandss.com.py\/index\/wp-json\/wp\/v2\/comments?post=85391"}],"version-history":[{"count":1,"href":"https:\/\/brandss.com.py\/index\/wp-json\/wp\/v2\/product\/85391\/revisions"}],"predecessor-version":[{"id":85396,"href":"https:\/\/brandss.com.py\/index\/wp-json\/wp\/v2\/product\/85391\/revisions\/85396"}],"wp:featuredmedia":[{"embeddable":true,"href":"https:\/\/brandss.com.py\/index\/wp-json\/wp\/v2\/media\/85392"}],"wp:attachment":[{"href":"https:\/\/brandss.com.py\/index\/wp-json\/wp\/v2\/media?parent=85391"}],"wp:term":[{"taxonomy":"product_brand","embeddable":true,"href":"https:\/\/brandss.com.py\/index\/wp-json\/wp\/v2\/product_brand?post=85391"},{"taxonomy":"product_cat","embeddable":true,"href":"https:\/\/brandss.com.py\/index\/wp-json\/wp\/v2\/product_cat?post=85391"},{"taxonomy":"product_tag","embeddable":true,"href":"https:\/\/brandss.com.py\/index\/wp-json\/wp\/v2\/product_tag?post=85391"}],"curies":[{"name":"wp","href":"https:\/\/api.w.org\/{rel}","templated":true}]}}