{"id":85397,"date":"2025-07-02T16:28:58","date_gmt":"2025-07-02T16:28:58","guid":{"rendered":"https:\/\/brandss.com.py\/index\/?post_type=product&#038;p=85397"},"modified":"2025-11-27T19:05:50","modified_gmt":"2025-11-27T19:05:50","slug":"perfume-unisex-lattafa-confidential-private-gold-edp-100ml","status":"publish","type":"product","link":"https:\/\/brandss.com.py\/index\/producto\/perfume-unisex-lattafa-confidential-private-gold-edp-100ml\/","title":{"rendered":"PERFUME UNISEX LATTAFA CONFIDENTIAL PRIVATE GOLD EDP 100ML"},"content":{"rendered":"<p><img loading=\"lazy\" decoding=\"async\" class=\"\" src=\"https:\/\/myscentjourney.s3.us-east-2.amazonaws.com\/2022\/02\/14\/29KIascent_j_marca_1644871114_202.png\" alt=\"MSJ::LATTAFA\" width=\"67\" height=\"80\" \/><\/p>\n<h1>CONFIDENTIAL PRIVATE GOLD<\/h1>\n<p><span>Descubra la esencia del entusiasmo con Confidential Private Gold, una sinfon\u00eda de aromas ex\u00f3ticos.<\/span><\/p>\n<ul class=\"tickmark_blue\">\n<li><span>Inspirado en Kirke de Tiziana Terenzi.<\/span><\/li>\n<li><span>Fragancia unisex afrutada y almizclada.<\/span><\/li>\n<li><span>Mezcla de notas dulces, polvorientas y tropicales.<\/span><\/li>\n<li><span>Enriquecido con melocot\u00f3n, frambuesa y vainilla.<\/span><\/li>\n<\/ul>\n<p>Confidential Private Gold no es solo una fragancia; es un viaje olfativo que cautiva tus sentidos, invit\u00e1ndote a experimentar la energ\u00eda apasionada que encarna la marca LATTAFA. Cada rociado promete impresiones duraderas, combinando la calidez del \u00e1mbar y el almizcle con la vitalidad de los huertos frutales.<img loading=\"lazy\" decoding=\"async\" class=\"alignleft\" src=\"https:\/\/opulensi.com\/cdn\/shop\/files\/ConfidentialPrivateGoldperfumescentprofile.jpg?v=1728249302&amp;width=1946\" width=\"631\" height=\"631\" \/><\/p>\n<p>Confidential Private Gold\u00a0es una fragancia exclusiva y lujosa que te envolver\u00e1 en un aura de elegancia y sofisticaci\u00f3n. Esta creaci\u00f3n de Lattafa Perfumes combina notas exquisitas para ofrecerte una experiencia olfativa \u00fanica y memorable.<\/p>\n<p>Con su elegante frasco dorado y su aroma irresistible, Confidential Private Gold es perfecto para hombres y mujeres que buscan destacar y dejar una impresi\u00f3n duradera. Ya sea para ocasiones especiales o para el d\u00eda a d\u00eda, esta fragancia te envolver\u00e1 en un aura de sofisticaci\u00f3n y estilo.<\/p>\n<p>\u00a1Descubre el encanto \u00fanico de Confidential Private Gold de Lattafa Perfumes y d\u00e9jate llevar por su irresistible<\/p>\n<h3>Notas Olfativas<\/h3>\n<p>Confidential Private Gold\u00a0de Lattafa Perfumes es una fragancia de la familia olfativa Chipre Frutal para Hombres y Mujeres. Las notas de salida de Confidential Private Gold son frescas y vibrantes, con una mezcla de bergamota y lim\u00f3n que aportan luminosidad y vitalidad. A medida que se desarrolla, las notas medias revelan un coraz\u00f3n cautivador de rosa, jazm\u00edn y lavanda, que aportan un toque floral y sensual a la fragancia.<br \/>\nFinalmente, las notas de fondo de Confidential Private Gold se componen de madera de cedro, \u00e1mbar y almizcle, creando una base c\u00e1lida y envolvente que perdura en la piel durante horas.<\/p>\n<p><strong>Notas de salida:<\/strong> durazno (melocot\u00f3n), casis (grosellero negro), maracuy\u00e1 (fruta de la pasi\u00f3n), frambuesa y pera.<\/p>\n<p><strong>Notas de coraz\u00f3n:<\/strong> lirio de los valles (muguete).<\/p>\n<p><strong>Notas de fondo:<\/strong> pachul\u00ed, almizcle, s\u00e1ndalo, vainilla y heliotropo.<\/p>\n","protected":false},"excerpt":{"rendered":"<p>CONFIDENTIAL PRIVATE GOLD Descubra la esencia del entusiasmo con Confidential Private Gold, una sinfon\u00eda de aromas ex\u00f3ticos. Inspirado en Kirke<\/p>\n","protected":false},"featured_media":85398,"comment_status":"open","ping_status":"closed","template":"","meta":{"nf_dc_page":""},"product_brand":[109],"product_cat":[84],"product_tag":[1530],"class_list":{"0":"post-85397","1":"product","2":"type-product","3":"status-publish","4":"has-post-thumbnail","6":"product_brand-lattafa","7":"product_cat-perfumeria","8":"product_tag-1530","10":"first","11":"outofstock","12":"sale","13":"shipping-taxable","14":"purchasable","15":"product-type-simple"},"_links":{"self":[{"href":"https:\/\/brandss.com.py\/index\/wp-json\/wp\/v2\/product\/85397","targetHints":{"allow":["GET"]}}],"collection":[{"href":"https:\/\/brandss.com.py\/index\/wp-json\/wp\/v2\/product"}],"about":[{"href":"https:\/\/brandss.com.py\/index\/wp-json\/wp\/v2\/types\/product"}],"replies":[{"embeddable":true,"href":"https:\/\/brandss.com.py\/index\/wp-json\/wp\/v2\/comments?post=85397"}],"version-history":[{"count":1,"href":"https:\/\/brandss.com.py\/index\/wp-json\/wp\/v2\/product\/85397\/revisions"}],"predecessor-version":[{"id":85404,"href":"https:\/\/brandss.com.py\/index\/wp-json\/wp\/v2\/product\/85397\/revisions\/85404"}],"wp:featuredmedia":[{"embeddable":true,"href":"https:\/\/brandss.com.py\/index\/wp-json\/wp\/v2\/media\/85398"}],"wp:attachment":[{"href":"https:\/\/brandss.com.py\/index\/wp-json\/wp\/v2\/media?parent=85397"}],"wp:term":[{"taxonomy":"product_brand","embeddable":true,"href":"https:\/\/brandss.com.py\/index\/wp-json\/wp\/v2\/product_brand?post=85397"},{"taxonomy":"product_cat","embeddable":true,"href":"https:\/\/brandss.com.py\/index\/wp-json\/wp\/v2\/product_cat?post=85397"},{"taxonomy":"product_tag","embeddable":true,"href":"https:\/\/brandss.com.py\/index\/wp-json\/wp\/v2\/product_tag?post=85397"}],"curies":[{"name":"wp","href":"https:\/\/api.w.org\/{rel}","templated":true}]}}