{"id":85406,"date":"2025-07-03T17:05:09","date_gmt":"2025-07-03T17:05:09","guid":{"rendered":"https:\/\/brandss.com.py\/index\/?post_type=product&#038;p=85406"},"modified":"2025-09-27T12:36:39","modified_gmt":"2025-09-27T12:36:39","slug":"crema-corporal-tesori-doriente-aegyptus-300g","status":"publish","type":"product","link":"https:\/\/brandss.com.py\/index\/producto\/crema-corporal-tesori-doriente-aegyptus-300g\/","title":{"rendered":"CREMA CORPORAL TESORI D&#8217;ORIENTE AEGYPTUS 300G"},"content":{"rendered":"<p><img loading=\"lazy\" decoding=\"async\" class=\"\" src=\"https:\/\/api.dudar.kz\/uploads\/tesoridoriente_621fb5df94.png\" alt=\"Distribution of Tesori d'Oriente brand in Kazakhstan \u2014 Dudar\" width=\"82\" height=\"38\" \/><\/p>\n<h1>AEGYPTUS<\/h1>\n<p>La fragancia Aegyptus combina las esencias m\u00e1s valiosas y de alta calidad. \u00a1D\u00e9jate llevar por este sensual aroma especiado! \u00a1Este aroma oriental y especiado te cautivar\u00e1 y no te dejar\u00e1 escapar! La crema corporal perfumar\u00e1 tu piel, la hidratar\u00e1 y la dejar\u00e1 sedosa.<img loading=\"lazy\" decoding=\"async\" class=\"alignleft\" src=\"https:\/\/m.media-amazon.com\/images\/I\/71wpoMz8noL._SL1500_.jpg\" width=\"550\" height=\"831\" \/><\/p>\n<p>Una crema corporal de textura suave y cremosa que proporciona a la piel una hidrataci\u00f3n intensa y una fragancia envolvente. Enriquecida con extracto de papiro y aceite de almendras, deleita la piel y los sentidos con sus c\u00e1lidas notas de especias y maderas orientales. Apto para todo tipo de piel.<\/p>\n<ul class=\"a-unordered-list a-vertical a-spacing-mini\">\n<li class=\"a-spacing-mini\"><span class=\"a-list-item\"><span>Crema corporal hidratante con notas c\u00e1lidas y envolventes de especias y maderas orientales, nutre intensamente la piel dej\u00e1ndola suave y sedosa.<br \/>\n<\/span><\/span><\/li>\n<li class=\"a-spacing-mini\"><span class=\"a-list-item\"><span>La esencia inconfundible del lirio azul del Nilo, un perfume intrigante y precioso, aporta acentos frescos y florales.\n<p><\/span><\/span><\/li>\n<li class=\"a-spacing-mini\"><span class=\"a-list-item\"><span>Despu\u00e9s del ba\u00f1o o la ducha, o seg\u00fan sea necesario, masajear suavemente todo el cuerpo hasta su absorci\u00f3n.\n<p><\/span><\/span><\/li>\n<li class=\"a-spacing-mini\"><span class=\"a-list-item\"><span>Inspirada en el antiguo ritual de la perfumer\u00eda egipcia, la l\u00ednea Aegyptus nace de la magia del encuentro entre los acentos florales del Agapanto y las notas de especias y maderas orientales.\n<p><\/span><\/span><\/li>\n<li class=\"a-spacing-mini\"><span class=\"a-list-item\"><span>Tesori d&#8217;Oriente nace de la voluntad de transformar los gestos de la rutina diaria en rituales de puro placer.<\/span><\/span><\/li>\n<\/ul>\n","protected":false},"excerpt":{"rendered":"<p>AEGYPTUS La fragancia Aegyptus combina las esencias m\u00e1s valiosas y de alta calidad. \u00a1D\u00e9jate llevar por este sensual aroma especiado!<\/p>\n","protected":false},"featured_media":85407,"comment_status":"open","ping_status":"closed","template":"","meta":{"nf_dc_page":""},"product_brand":[434],"product_cat":[85],"product_tag":[746],"class_list":{"0":"post-85406","1":"product","2":"type-product","3":"status-publish","4":"has-post-thumbnail","6":"product_brand-tesori-doriente","7":"product_cat-cosmeticos","8":"product_tag-746","10":"first","11":"instock","12":"shipping-taxable","13":"purchasable","14":"product-type-simple"},"_links":{"self":[{"href":"https:\/\/brandss.com.py\/index\/wp-json\/wp\/v2\/product\/85406","targetHints":{"allow":["GET"]}}],"collection":[{"href":"https:\/\/brandss.com.py\/index\/wp-json\/wp\/v2\/product"}],"about":[{"href":"https:\/\/brandss.com.py\/index\/wp-json\/wp\/v2\/types\/product"}],"replies":[{"embeddable":true,"href":"https:\/\/brandss.com.py\/index\/wp-json\/wp\/v2\/comments?post=85406"}],"version-history":[{"count":1,"href":"https:\/\/brandss.com.py\/index\/wp-json\/wp\/v2\/product\/85406\/revisions"}],"predecessor-version":[{"id":85413,"href":"https:\/\/brandss.com.py\/index\/wp-json\/wp\/v2\/product\/85406\/revisions\/85413"}],"wp:featuredmedia":[{"embeddable":true,"href":"https:\/\/brandss.com.py\/index\/wp-json\/wp\/v2\/media\/85407"}],"wp:attachment":[{"href":"https:\/\/brandss.com.py\/index\/wp-json\/wp\/v2\/media?parent=85406"}],"wp:term":[{"taxonomy":"product_brand","embeddable":true,"href":"https:\/\/brandss.com.py\/index\/wp-json\/wp\/v2\/product_brand?post=85406"},{"taxonomy":"product_cat","embeddable":true,"href":"https:\/\/brandss.com.py\/index\/wp-json\/wp\/v2\/product_cat?post=85406"},{"taxonomy":"product_tag","embeddable":true,"href":"https:\/\/brandss.com.py\/index\/wp-json\/wp\/v2\/product_tag?post=85406"}],"curies":[{"name":"wp","href":"https:\/\/api.w.org\/{rel}","templated":true}]}}