{"id":85512,"date":"2025-07-04T17:46:03","date_gmt":"2025-07-04T17:46:03","guid":{"rendered":"https:\/\/brandss.com.py\/index\/?post_type=product&#038;p=85512"},"modified":"2025-07-04T17:47:10","modified_gmt":"2025-07-04T17:47:10","slug":"calzado-casual-femenino-fila-bold-lifestyle-2","status":"publish","type":"product","link":"https:\/\/brandss.com.py\/index\/producto\/calzado-casual-femenino-fila-bold-lifestyle-2\/","title":{"rendered":"CALZADO CASUAL FEMENINO FILA BOLD LIFESTYLE"},"content":{"rendered":"<p><img loading=\"lazy\" decoding=\"async\" class=\"\" src=\"https:\/\/1000marcas.net\/wp-content\/uploads\/2019\/12\/logo-Fila.png\" alt=\"Logo de Fila: la historia y el significado del logotipo, la marca y el  s\u00edmbolo. | png, vector\" width=\"58\" height=\"32\" \/><\/p>\n<h1>BOLD<\/h1>\n<p>Inspiradas en el modelo Original Fitness Tennis Club y siguiendo el dise\u00f1o de la cancha, las zapatillas de tenis FILA Original Fitness Bold revolucionan el estilo de la cancha al incluir media plataforma en la suela. Dise\u00f1adas para mujeres que buscan una prenda vers\u00e1til para looks cl\u00e1sicos o modernos, este modelo lleva lo mejor del streetwear FILA a tu d\u00eda a d\u00eda. Con una parte superior sint\u00e9tica de primera calidad, suela de goma TR y el logotipo de FILA serigrafiado en el lateral.<\/p>\n<h4>Detalles<\/h4>\n<p><strong>Categor\u00eda:<\/strong> Estilo de vida.<\/p>\n<p><strong>Color:<\/strong> Blanco\/rosa vaporoso.<\/p>\n<p><strong>G\u00e9nero:<\/strong> Mujer.<\/p>\n<p><strong>Composici\u00f3n:<\/strong> Parte superior: 90 % Sint\u00e9tico\/ 10 % Textil\/ Plantilla: 90 % Eva, 10 % Textil\/ Forro: 100 % Textil\/ Suela: 100 % TR.<\/p>\n<p><strong>Modelo:<\/strong> F02L00303-5826.<\/p>\n","protected":false},"excerpt":{"rendered":"<p>BOLD Inspiradas en el modelo Original Fitness Tennis Club y siguiendo el dise\u00f1o de la cancha, las zapatillas de tenis<\/p>\n","protected":false},"featured_media":85513,"comment_status":"open","ping_status":"closed","template":"","meta":{"nf_dc_page":""},"product_brand":[],"product_cat":[73],"product_tag":[],"class_list":{"0":"post-85512","1":"product","2":"type-product","3":"status-publish","4":"has-post-thumbnail","6":"product_cat-femenino","8":"first","9":"instock","10":"shipping-taxable","11":"purchasable","12":"product-type-simple"},"_links":{"self":[{"href":"https:\/\/brandss.com.py\/index\/wp-json\/wp\/v2\/product\/85512","targetHints":{"allow":["GET"]}}],"collection":[{"href":"https:\/\/brandss.com.py\/index\/wp-json\/wp\/v2\/product"}],"about":[{"href":"https:\/\/brandss.com.py\/index\/wp-json\/wp\/v2\/types\/product"}],"replies":[{"embeddable":true,"href":"https:\/\/brandss.com.py\/index\/wp-json\/wp\/v2\/comments?post=85512"}],"version-history":[{"count":1,"href":"https:\/\/brandss.com.py\/index\/wp-json\/wp\/v2\/product\/85512\/revisions"}],"predecessor-version":[{"id":85520,"href":"https:\/\/brandss.com.py\/index\/wp-json\/wp\/v2\/product\/85512\/revisions\/85520"}],"wp:featuredmedia":[{"embeddable":true,"href":"https:\/\/brandss.com.py\/index\/wp-json\/wp\/v2\/media\/85513"}],"wp:attachment":[{"href":"https:\/\/brandss.com.py\/index\/wp-json\/wp\/v2\/media?parent=85512"}],"wp:term":[{"taxonomy":"product_brand","embeddable":true,"href":"https:\/\/brandss.com.py\/index\/wp-json\/wp\/v2\/product_brand?post=85512"},{"taxonomy":"product_cat","embeddable":true,"href":"https:\/\/brandss.com.py\/index\/wp-json\/wp\/v2\/product_cat?post=85512"},{"taxonomy":"product_tag","embeddable":true,"href":"https:\/\/brandss.com.py\/index\/wp-json\/wp\/v2\/product_tag?post=85512"}],"curies":[{"name":"wp","href":"https:\/\/api.w.org\/{rel}","templated":true}]}}