{"id":85521,"date":"2025-07-04T18:18:45","date_gmt":"2025-07-04T18:18:45","guid":{"rendered":"https:\/\/brandss.com.py\/index\/?post_type=product&#038;p=85521"},"modified":"2025-07-04T18:19:20","modified_gmt":"2025-07-04T18:19:20","slug":"calzado-casual-femenino-fila-bold-lifestyle-3","status":"publish","type":"product","link":"https:\/\/brandss.com.py\/index\/producto\/calzado-casual-femenino-fila-bold-lifestyle-3\/","title":{"rendered":"CALZADO CASUAL FEMENINO FILA BOLD LIFESTYLE"},"content":{"rendered":"<p><img loading=\"lazy\" decoding=\"async\" class=\"\" src=\"https:\/\/1000marcas.net\/wp-content\/uploads\/2019\/12\/logo-Fila.png\" alt=\"Logo de Fila: la historia y el significado del logotipo, la marca y el  s\u00edmbolo. | png, vector\" width=\"57\" height=\"32\" \/><\/p>\n<h1>BOLD<\/h1>\n<div class=\"flex flex-col gap-1\"><span class=\"text-[#19191a] text-xs whitespace-pre-wrap\"><span>Inspiradas en el modelo Original Fitness Tennis Club y siguiendo el dise\u00f1o de la cancha, las zapatillas de tenis FILA Original Fitness Bold revolucionan el estilo de la cancha con una suela de media plataforma. Dise\u00f1adas para mujeres que buscan una prenda vers\u00e1til para looks cl\u00e1sicos o modernos, este modelo lleva lo mejor del streetwear FILA a tu d\u00eda a d\u00eda. Con una parte superior sint\u00e9tica de primera calidad, suela de goma TR y el logotipo de FILA serigrafiado en el lateral.<\/span><\/span><\/div>\n<div><\/div>\n<div class=\"flex flex-col gap-1\"><strong><span class=\"text-[#19191a] text-xs font-bold\">Categor\u00eda: <\/span><\/strong><span class=\"text-[#19191a] text-xs whitespace-pre-wrap\"><span>Casual.<\/span><\/span><\/div>\n<div class=\"flex flex-col gap-1\"><strong><span class=\"text-[#19191a] text-xs font-bold\">Color: <\/span><\/strong><span class=\"text-[#19191a] text-xs whitespace-pre-wrap\"><span>Blanco\/Plata.<\/span><\/span><\/div>\n<div><strong>Composici\u00f3n:<\/strong> Parte superior sint\u00e9tica; Leng\u00fceta sint\u00e9tica; Forro: Poli\u00e9ster; Suela: Goma.<\/div>\n<div class=\"flex flex-col gap-1\"><strong><span class=\"text-[#19191a] text-xs font-bold\">G\u00e9nero: <\/span><\/strong><span class=\"text-[#19191a] text-xs whitespace-pre-wrap\"><span>Femenino.<\/span><\/span><\/div>\n<div class=\"flex flex-col gap-1\"><span class=\"text-[#aaa] text-sm\"><span><strong>Modelo:<\/strong> F02L00303-6046.<\/span><\/span><\/div>\n","protected":false},"excerpt":{"rendered":"<p>BOLD Inspiradas en el modelo Original Fitness Tennis Club y siguiendo el dise\u00f1o de la cancha, las zapatillas de tenis<\/p>\n","protected":false},"featured_media":85522,"comment_status":"open","ping_status":"closed","template":"","meta":{"nf_dc_page":""},"product_brand":[],"product_cat":[73],"product_tag":[],"class_list":{"0":"post-85521","1":"product","2":"type-product","3":"status-publish","4":"has-post-thumbnail","6":"product_cat-femenino","8":"first","9":"instock","10":"shipping-taxable","11":"purchasable","12":"product-type-simple"},"_links":{"self":[{"href":"https:\/\/brandss.com.py\/index\/wp-json\/wp\/v2\/product\/85521","targetHints":{"allow":["GET"]}}],"collection":[{"href":"https:\/\/brandss.com.py\/index\/wp-json\/wp\/v2\/product"}],"about":[{"href":"https:\/\/brandss.com.py\/index\/wp-json\/wp\/v2\/types\/product"}],"replies":[{"embeddable":true,"href":"https:\/\/brandss.com.py\/index\/wp-json\/wp\/v2\/comments?post=85521"}],"version-history":[{"count":1,"href":"https:\/\/brandss.com.py\/index\/wp-json\/wp\/v2\/product\/85521\/revisions"}],"predecessor-version":[{"id":85530,"href":"https:\/\/brandss.com.py\/index\/wp-json\/wp\/v2\/product\/85521\/revisions\/85530"}],"wp:featuredmedia":[{"embeddable":true,"href":"https:\/\/brandss.com.py\/index\/wp-json\/wp\/v2\/media\/85522"}],"wp:attachment":[{"href":"https:\/\/brandss.com.py\/index\/wp-json\/wp\/v2\/media?parent=85521"}],"wp:term":[{"taxonomy":"product_brand","embeddable":true,"href":"https:\/\/brandss.com.py\/index\/wp-json\/wp\/v2\/product_brand?post=85521"},{"taxonomy":"product_cat","embeddable":true,"href":"https:\/\/brandss.com.py\/index\/wp-json\/wp\/v2\/product_cat?post=85521"},{"taxonomy":"product_tag","embeddable":true,"href":"https:\/\/brandss.com.py\/index\/wp-json\/wp\/v2\/product_tag?post=85521"}],"curies":[{"name":"wp","href":"https:\/\/api.w.org\/{rel}","templated":true}]}}