{"id":85687,"date":"2025-07-07T12:49:42","date_gmt":"2025-07-07T12:49:42","guid":{"rendered":"https:\/\/brandss.com.py\/index\/?post_type=product&#038;p=85687"},"modified":"2025-07-07T12:50:25","modified_gmt":"2025-07-07T12:50:25","slug":"calzado-deportivo-femenino-fila-go-trainer-2","status":"publish","type":"product","link":"https:\/\/brandss.com.py\/index\/producto\/calzado-deportivo-femenino-fila-go-trainer-2\/","title":{"rendered":"CALZADO DEPORTIVO FEMENINO FILA GO TRAINER"},"content":{"rendered":"<p><img loading=\"lazy\" decoding=\"async\" class=\"\" src=\"https:\/\/1000marcas.net\/wp-content\/uploads\/2019\/12\/logo-Fila.png\" alt=\"Logo de Fila: la historia y el significado del logotipo, la marca y el  s\u00edmbolo. | png, vector\" width=\"110\" height=\"62\" \/><\/p>\n<h1>GO TRAINER<\/h1>\n<div class=\"flex flex-col gap-1\"><span class=\"text-[#19191a] text-xs whitespace-pre-wrap\">Ideales para entrenamientos ligeros en el gimnasio, carreras cortas, caminatas y uso diario, las zapatillas de tenis FILA Go Trainer ofrecen m\u00e1xima comodidad y transpirabilidad en un dise\u00f1o vers\u00e1til que complementa a la perfecci\u00f3n looks de entrenamiento o casuales. Cuentan con una suela con tecnolog\u00eda ENERGIZED PLUS (amortiguaci\u00f3n, durabilidad, comodidad y suavidad), puntera de TPU y parte superior de punto.<\/span><\/div>\n<div><\/div>\n<h3>Detalles<\/h3>\n<div><\/div>\n<div><strong>Material superior:<\/strong>\u00a095% Textil, 5% Sint\u00e9tico.<br \/>\n<strong>Material del forro:<\/strong>\u00a0100% Textil.<br \/>\n<strong>Adecuado para:<\/strong>\u00a0Gimnasio, Entrenamiento, Caminar y Correr.<br \/>\n<strong>Altura de la ca\u00f1a:<\/strong>\u00a0Ca\u00f1a baja.<br \/>\n<strong>Suela:<\/strong>\u00a060% Eva, 40% TPU.<br \/>\n<strong>Plantilla:<\/strong>\u00a090% Eva, 10% Textil.<\/div>\n<div class=\"flex flex-col gap-1\"><strong><span class=\"text-[#19191a] text-xs font-bold\">Color: <\/span><\/strong><span class=\"text-[#19191a] text-xs font-bold\">Negro\/Rosa\/Blanco<\/span><span class=\"text-[#19191a] text-xs whitespace-pre-wrap\">.<\/span><\/div>\n<div class=\"flex flex-col gap-1\"><span class=\"text-[#19191a] text-xs font-bold\"><strong>G\u00e9nero:<\/strong>\u00a0<\/span><span class=\"text-[#19191a] text-xs whitespace-pre-wrap\">Femenino.<\/span><\/div>\n<div class=\"flex flex-col gap-1\"><span class=\"text-[#aaa] text-sm\"><strong>Modelo:<\/strong> F02TR00051-6489.<\/span><\/div>\n","protected":false},"excerpt":{"rendered":"<p>GO TRAINER Ideales para entrenamientos ligeros en el gimnasio, carreras cortas, caminatas y uso diario, las zapatillas de tenis FILA<\/p>\n","protected":false},"featured_media":85688,"comment_status":"open","ping_status":"closed","template":"","meta":{"nf_dc_page":""},"product_brand":[],"product_cat":[73],"product_tag":[],"class_list":{"0":"post-85687","1":"product","2":"type-product","3":"status-publish","4":"has-post-thumbnail","6":"product_cat-femenino","8":"first","9":"instock","10":"shipping-taxable","11":"purchasable","12":"product-type-simple"},"_links":{"self":[{"href":"https:\/\/brandss.com.py\/index\/wp-json\/wp\/v2\/product\/85687","targetHints":{"allow":["GET"]}}],"collection":[{"href":"https:\/\/brandss.com.py\/index\/wp-json\/wp\/v2\/product"}],"about":[{"href":"https:\/\/brandss.com.py\/index\/wp-json\/wp\/v2\/types\/product"}],"replies":[{"embeddable":true,"href":"https:\/\/brandss.com.py\/index\/wp-json\/wp\/v2\/comments?post=85687"}],"version-history":[{"count":1,"href":"https:\/\/brandss.com.py\/index\/wp-json\/wp\/v2\/product\/85687\/revisions"}],"predecessor-version":[{"id":85696,"href":"https:\/\/brandss.com.py\/index\/wp-json\/wp\/v2\/product\/85687\/revisions\/85696"}],"wp:featuredmedia":[{"embeddable":true,"href":"https:\/\/brandss.com.py\/index\/wp-json\/wp\/v2\/media\/85688"}],"wp:attachment":[{"href":"https:\/\/brandss.com.py\/index\/wp-json\/wp\/v2\/media?parent=85687"}],"wp:term":[{"taxonomy":"product_brand","embeddable":true,"href":"https:\/\/brandss.com.py\/index\/wp-json\/wp\/v2\/product_brand?post=85687"},{"taxonomy":"product_cat","embeddable":true,"href":"https:\/\/brandss.com.py\/index\/wp-json\/wp\/v2\/product_cat?post=85687"},{"taxonomy":"product_tag","embeddable":true,"href":"https:\/\/brandss.com.py\/index\/wp-json\/wp\/v2\/product_tag?post=85687"}],"curies":[{"name":"wp","href":"https:\/\/api.w.org\/{rel}","templated":true}]}}