{"id":85707,"date":"2025-07-07T13:37:14","date_gmt":"2025-07-07T13:37:14","guid":{"rendered":"https:\/\/brandss.com.py\/index\/?post_type=product&#038;p=85707"},"modified":"2025-07-07T13:37:41","modified_gmt":"2025-07-07T13:37:41","slug":"calzado-casual-femenino-skechers-virtue-divinity","status":"publish","type":"product","link":"https:\/\/brandss.com.py\/index\/producto\/calzado-casual-femenino-skechers-virtue-divinity\/","title":{"rendered":"CALZADO CASUAL FEMENINO SKECHERS VIRTUE-DIVINITY"},"content":{"rendered":"<p><img loading=\"lazy\" decoding=\"async\" class=\"\" src=\"https:\/\/1000marcas.net\/wp-content\/uploads\/2020\/03\/logo-Skecher.png\" alt=\"Skechers Logo - s\u00edmbolo, significado logotipo, historia, PNG\" width=\"104\" height=\"43\" \/><\/p>\n<h1>VIRTUE-DIVINITY<\/h1>\n<p>Entra en comodidad sin esfuerzo de inmediato con el zapato casual para mujer Skechers Virtue &#8211; Divinity. La tecnolog\u00eda de plantilla acolchada, c\u00f3moda y transpirable Skechers Air Cooled Memory Foam trabaja continuamente para que tus pies respiren y se sientan c\u00f3modos con cada paso. La tecnolog\u00eda Air Cooled Memory Foam permite que tus pies respiren durante todo el d\u00eda y, al mismo tiempo, amortigua y reconforta tus pies desde el tal\u00f3n hasta la punta. El tejido de punto tejido con tecnolog\u00eda Stretch Fit es muy flexible y sujeta tu pie envolvi\u00e9ndolo suavemente como un calcet\u00edn. Das pasos equilibrados y seguros gracias a la suela exterior flexible que proporciona agarre. Gracias a la admirable tecnolog\u00eda Hands Free Slip-Ins de Skechers, puedes usarlo sin esfuerzo sin agacharte. La caracter\u00edstica m\u00e1s llamativa de la tecnolog\u00eda Hands Free Slip-Ins es que se puede poner f\u00e1cilmente sin tocarlo, gracias al panel del tal\u00f3n moldeado de forma \u00fanica.<\/p>\n<ul>\n<li><span>Se utiliza tecnolog\u00eda de plantilla acolchada, c\u00f3moda y transpirable Skechers Air Cooled Memory Foam.<\/span><\/li>\n<li><span>Cuenta con un dise\u00f1o sin cordones Stretch Fit\u00ae para una comodidad similar a la de un calcet\u00edn.<\/span><\/li>\n<li><span>Parte de la colecci\u00f3n Skechers Hands Free Slip-ins f\u00e1ciles de usar.<\/span><\/li>\n<li><span>La almohadilla especial para el tal\u00f3n sostiene el pie de forma segura.<\/span><\/li>\n<li><span>Tiene una suela flexible que proporciona agarre al suelo.<\/span><\/li>\n<li><span>Elaborado con ingredientes 100% veganos.<\/span><\/li>\n<li><span>Tiene una parte superior de punto especialmente dise\u00f1ada con cordones fijos.<\/span><\/li>\n<li><span>La altura del tac\u00f3n es de 3,17 cm.<\/span><\/li>\n<li><span>Lavable en la lavadora.<\/span><\/li>\n<li>Color: Negro.<\/li>\n<li>Modelo: 104421 BBK.<\/li>\n<\/ul>\n","protected":false},"excerpt":{"rendered":"<p>VIRTUE-DIVINITY Entra en comodidad sin esfuerzo de inmediato con el zapato casual para mujer Skechers Virtue &#8211; Divinity. La tecnolog\u00eda<\/p>\n","protected":false},"featured_media":85708,"comment_status":"open","ping_status":"closed","template":"","meta":{"nf_dc_page":""},"product_brand":[],"product_cat":[73],"product_tag":[],"class_list":{"0":"post-85707","1":"product","2":"type-product","3":"status-publish","4":"has-post-thumbnail","6":"product_cat-femenino","8":"first","9":"instock","10":"shipping-taxable","11":"purchasable","12":"product-type-simple"},"_links":{"self":[{"href":"https:\/\/brandss.com.py\/index\/wp-json\/wp\/v2\/product\/85707","targetHints":{"allow":["GET"]}}],"collection":[{"href":"https:\/\/brandss.com.py\/index\/wp-json\/wp\/v2\/product"}],"about":[{"href":"https:\/\/brandss.com.py\/index\/wp-json\/wp\/v2\/types\/product"}],"replies":[{"embeddable":true,"href":"https:\/\/brandss.com.py\/index\/wp-json\/wp\/v2\/comments?post=85707"}],"version-history":[{"count":1,"href":"https:\/\/brandss.com.py\/index\/wp-json\/wp\/v2\/product\/85707\/revisions"}],"predecessor-version":[{"id":85718,"href":"https:\/\/brandss.com.py\/index\/wp-json\/wp\/v2\/product\/85707\/revisions\/85718"}],"wp:featuredmedia":[{"embeddable":true,"href":"https:\/\/brandss.com.py\/index\/wp-json\/wp\/v2\/media\/85708"}],"wp:attachment":[{"href":"https:\/\/brandss.com.py\/index\/wp-json\/wp\/v2\/media?parent=85707"}],"wp:term":[{"taxonomy":"product_brand","embeddable":true,"href":"https:\/\/brandss.com.py\/index\/wp-json\/wp\/v2\/product_brand?post=85707"},{"taxonomy":"product_cat","embeddable":true,"href":"https:\/\/brandss.com.py\/index\/wp-json\/wp\/v2\/product_cat?post=85707"},{"taxonomy":"product_tag","embeddable":true,"href":"https:\/\/brandss.com.py\/index\/wp-json\/wp\/v2\/product_tag?post=85707"}],"curies":[{"name":"wp","href":"https:\/\/api.w.org\/{rel}","templated":true}]}}