{"id":85802,"date":"2025-07-08T10:57:03","date_gmt":"2025-07-08T10:57:03","guid":{"rendered":"https:\/\/brandss.com.py\/index\/?post_type=product&#038;p=85802"},"modified":"2025-07-08T10:59:31","modified_gmt":"2025-07-08T10:59:31","slug":"calzado-deportivo-femenino-skechers-skech-lite-pro-vivid-valley","status":"publish","type":"product","link":"https:\/\/brandss.com.py\/index\/producto\/calzado-deportivo-femenino-skechers-skech-lite-pro-vivid-valley\/","title":{"rendered":"CALZADO DEPORTIVO FEMENINO SKECHERS SKECH-LITE PRO VIVID VALLEY"},"content":{"rendered":"<p><img loading=\"lazy\" decoding=\"async\" class=\"\" src=\"https:\/\/1000marcas.net\/wp-content\/uploads\/2020\/03\/logo-Skecher.png\" alt=\"Skechers Logo - s\u00edmbolo, significado logotipo, historia, PNG\" width=\"126\" height=\"52\" \/><\/p>\n<h1>SKECH-LITE PRO VIVID VALLEY<\/h1>\n<p class=\"product-details-descr product-desc-long\"><span>Estilo deportivo elegante y comodidad se combinan en las Skechers Skech-Lite Pro Vivid Valley. Presentan una parte superior de punto t\u00e9cnico Stretch Fit con cordones ajustables y una plantilla acolchada Skechers Air-Cooled Memory Foam. Fabricadas con materiales 100 % veganos. Entresuela Skech-Lite con amortiguaci\u00f3n para mayor comodidad. Las Skech-Lite Pro Vivid Valley est\u00e1n dise\u00f1adas con una suela exterior con tracci\u00f3n flexible.<\/span><\/p>\n<p class=\"product-details-feature\"><strong>Caracter\u00edsticas y beneficios<\/strong><\/p>\n<ul id=\"features\" class=\"product-details-list\">\n<li><span>Plantilla c\u00f3moda de espuma viscoel\u00e1stica refrigerada por aire de Skechers<\/span><\/li>\n<li><span>Dise\u00f1o Stretch Fit para una comodidad similar a la de un calcet\u00edn<\/span><\/li>\n<li><span>Elaborado con materiales 100% veganos.<\/span><\/li>\n<li><span>Parte superior de punto t\u00e9cnico con cordones ajustables<\/span><\/li>\n<li><span>Entresuela Skech-Lite que absorbe los impactos<\/span><\/li>\n<li><span>Suela de tracci\u00f3n flexible<\/span><\/li>\n<li><span>Lavable en la lavadora<\/span><\/li>\n<\/ul>\n<p class=\"product-details-design\"><strong>Elementos de dise\u00f1o<\/strong><\/p>\n<ul id=\"design-elements\" class=\"product-details-list\">\n<li><span>Espuma viscoel\u00e1stica<\/span><\/li>\n<li><span>Cord\u00f3n<\/span><\/li>\n<li><span>Lavable<\/span><\/li>\n<\/ul>\n<p><strong>Detalles<\/strong><\/p>\n<div class=\"text-sm leading-6 tracking-wide\"><strong>Modelo:<\/strong> 149769BKPK.<\/div>\n<div class=\"flex flex-row justify-between text-xs uppercase lg:contents\">\n<div class=\"text-sm leading-6 tracking-wide\"><strong>Color:<\/strong> Negro\/ Rosa.<\/div>\n<\/div>\n<div class=\"flex flex-row justify-between text-xs uppercase lg:contents\">\n<div class=\"text-sm leading-6 tracking-wide\"><strong>G\u00e9nero:<\/strong> Femenino.<\/div>\n<\/div>\n","protected":false},"excerpt":{"rendered":"<p>SKECH-LITE PRO VIVID VALLEY Estilo deportivo elegante y comodidad se combinan en las Skechers Skech-Lite Pro Vivid Valley. Presentan una<\/p>\n","protected":false},"featured_media":85803,"comment_status":"open","ping_status":"closed","template":"","meta":{"nf_dc_page":""},"product_brand":[],"product_cat":[73],"product_tag":[],"class_list":{"0":"post-85802","1":"product","2":"type-product","3":"status-publish","4":"has-post-thumbnail","6":"product_cat-femenino","8":"first","9":"instock","10":"shipping-taxable","11":"purchasable","12":"product-type-simple"},"_links":{"self":[{"href":"https:\/\/brandss.com.py\/index\/wp-json\/wp\/v2\/product\/85802","targetHints":{"allow":["GET"]}}],"collection":[{"href":"https:\/\/brandss.com.py\/index\/wp-json\/wp\/v2\/product"}],"about":[{"href":"https:\/\/brandss.com.py\/index\/wp-json\/wp\/v2\/types\/product"}],"replies":[{"embeddable":true,"href":"https:\/\/brandss.com.py\/index\/wp-json\/wp\/v2\/comments?post=85802"}],"version-history":[{"count":1,"href":"https:\/\/brandss.com.py\/index\/wp-json\/wp\/v2\/product\/85802\/revisions"}],"predecessor-version":[{"id":85809,"href":"https:\/\/brandss.com.py\/index\/wp-json\/wp\/v2\/product\/85802\/revisions\/85809"}],"wp:featuredmedia":[{"embeddable":true,"href":"https:\/\/brandss.com.py\/index\/wp-json\/wp\/v2\/media\/85803"}],"wp:attachment":[{"href":"https:\/\/brandss.com.py\/index\/wp-json\/wp\/v2\/media?parent=85802"}],"wp:term":[{"taxonomy":"product_brand","embeddable":true,"href":"https:\/\/brandss.com.py\/index\/wp-json\/wp\/v2\/product_brand?post=85802"},{"taxonomy":"product_cat","embeddable":true,"href":"https:\/\/brandss.com.py\/index\/wp-json\/wp\/v2\/product_cat?post=85802"},{"taxonomy":"product_tag","embeddable":true,"href":"https:\/\/brandss.com.py\/index\/wp-json\/wp\/v2\/product_tag?post=85802"}],"curies":[{"name":"wp","href":"https:\/\/api.w.org\/{rel}","templated":true}]}}