{"id":85960,"date":"2025-07-09T16:34:44","date_gmt":"2025-07-09T16:34:44","guid":{"rendered":"https:\/\/brandss.com.py\/index\/?post_type=product&#038;p=85960"},"modified":"2025-07-09T16:35:27","modified_gmt":"2025-07-09T16:35:27","slug":"calzado-casual-masculino-puma-shuffle-2","status":"publish","type":"product","link":"https:\/\/brandss.com.py\/index\/producto\/calzado-casual-masculino-puma-shuffle-2\/","title":{"rendered":"CALZADO CASUAL MASCULINO PUMA SHUFFLE"},"content":{"rendered":"<p><img loading=\"lazy\" decoding=\"async\" class=\"\" src=\"https:\/\/1000marcas.net\/wp-content\/uploads\/2019\/12\/logo-Puma.png\" alt=\"Logo de Puma: la historia y el significado del logotipo, la marca y el  s\u00edmbolo. | png, vector\" width=\"94\" height=\"47\" \/><\/p>\n<h1>SHUFFLER<\/h1>\n<p style=\"font-weight: 400\">Renueva tu armario con un toque de estilo fresco con nuestras zapatillas PUMA Shuffle. Este atractivo modelo luce elegantes detalles cl\u00e1sicos y tecnolog\u00eda de confort, incluyendo nuestra plantilla SOFTFOAM+, para una apariencia que redefinir\u00e1 tu estilo.<\/p>\n<p style=\"font-weight: 400\">\n<p style=\"font-weight: 400\"><strong>CARACTER\u00cdSTICAS Y BENEFICIOS<\/strong><\/p>\n<ul style=\"font-weight: 400\">\n<li>SOFTFOAM+: Plantilla c\u00f3moda de pisar dise\u00f1ada para proporcionar una amortiguaci\u00f3n suave gracias a su tal\u00f3n extra grueso<\/li>\n<\/ul>\n<p style=\"font-weight: 400\">\n<p style=\"font-weight: 400\"><strong>DETALLES<\/strong><\/p>\n<ul style=\"font-weight: 400\">\n<li>Silueta de bota baja.<\/li>\n<li>Parte superior sint\u00e9tica.<\/li>\n<li>Cierre de encaje.<\/li>\n<li>Perforaci\u00f3n en el dedo del pie.<\/li>\n<li>Solapa de tal\u00f3n de ante.<\/li>\n<li>Logotipo PUMA Archive No. 1 en la leng\u00fceta.<\/li>\n<li>Logotipo de PUMA n.\u00ba 2 y franja caracter\u00edstica en el lateral.<\/li>\n<li><strong>Modelo:<\/strong> 309668-38.<\/li>\n<li><strong>Color:\u00a0<\/strong>PUMA White-New Navy-Cast Iron.<\/li>\n<\/ul>\n","protected":false},"excerpt":{"rendered":"<p>SHUFFLER Renueva tu armario con un toque de estilo fresco con nuestras zapatillas PUMA Shuffle. Este atractivo modelo luce elegantes<\/p>\n","protected":false},"featured_media":85961,"comment_status":"open","ping_status":"closed","template":"","meta":{"nf_dc_page":""},"product_brand":[],"product_cat":[76],"product_tag":[],"class_list":{"0":"post-85960","1":"product","2":"type-product","3":"status-publish","4":"has-post-thumbnail","6":"product_cat-masculino","8":"first","9":"instock","10":"shipping-taxable","11":"purchasable","12":"product-type-simple"},"_links":{"self":[{"href":"https:\/\/brandss.com.py\/index\/wp-json\/wp\/v2\/product\/85960","targetHints":{"allow":["GET"]}}],"collection":[{"href":"https:\/\/brandss.com.py\/index\/wp-json\/wp\/v2\/product"}],"about":[{"href":"https:\/\/brandss.com.py\/index\/wp-json\/wp\/v2\/types\/product"}],"replies":[{"embeddable":true,"href":"https:\/\/brandss.com.py\/index\/wp-json\/wp\/v2\/comments?post=85960"}],"version-history":[{"count":1,"href":"https:\/\/brandss.com.py\/index\/wp-json\/wp\/v2\/product\/85960\/revisions"}],"predecessor-version":[{"id":85967,"href":"https:\/\/brandss.com.py\/index\/wp-json\/wp\/v2\/product\/85960\/revisions\/85967"}],"wp:featuredmedia":[{"embeddable":true,"href":"https:\/\/brandss.com.py\/index\/wp-json\/wp\/v2\/media\/85961"}],"wp:attachment":[{"href":"https:\/\/brandss.com.py\/index\/wp-json\/wp\/v2\/media?parent=85960"}],"wp:term":[{"taxonomy":"product_brand","embeddable":true,"href":"https:\/\/brandss.com.py\/index\/wp-json\/wp\/v2\/product_brand?post=85960"},{"taxonomy":"product_cat","embeddable":true,"href":"https:\/\/brandss.com.py\/index\/wp-json\/wp\/v2\/product_cat?post=85960"},{"taxonomy":"product_tag","embeddable":true,"href":"https:\/\/brandss.com.py\/index\/wp-json\/wp\/v2\/product_tag?post=85960"}],"curies":[{"name":"wp","href":"https:\/\/api.w.org\/{rel}","templated":true}]}}