{"id":86025,"date":"2025-07-10T17:09:53","date_gmt":"2025-07-10T17:09:53","guid":{"rendered":"https:\/\/brandss.com.py\/index\/?post_type=product&#038;p=86025"},"modified":"2025-07-10T17:10:51","modified_gmt":"2025-07-10T17:10:51","slug":"calzado-deportivo-masculino-puma-anzarun-lite-bold","status":"publish","type":"product","link":"https:\/\/brandss.com.py\/index\/producto\/calzado-deportivo-masculino-puma-anzarun-lite-bold\/","title":{"rendered":"CALZADO DEPORTIVO MASCULINO PUMA ANZARUN LITE BOLD"},"content":{"rendered":"<p><img loading=\"lazy\" decoding=\"async\" class=\"\" src=\"https:\/\/1000marcas.net\/wp-content\/uploads\/2019\/12\/logo-Puma.png\" alt=\"Logo de Puma: la historia y el significado del logotipo, la marca y el  s\u00edmbolo. | png, vector\" width=\"84\" height=\"42\" \/><\/p>\n<h1>ANZARUN LITE BOLD<\/h1>\n<p>Reg\u00e1late la comodidad y el rendimiento que te ofrecen las Anzarun de PUMA, unas zapatillas progresivas inspiradas en el running y concebidas pensando en los amantes del deporte. Presentan un exterior de malla combinado con una entresuela de EVA que ofrece una amortiguaci\u00f3n y una absorci\u00f3n de los impactos superior. El tal\u00f3n deconstruido de neopreno permite ponerlas y quitarlas como nunca antes has experimentado. Estas zapatillas se convertir\u00e1n en las preferidas de cualquier deportista con estilo.<\/p>\n<h3>\nCaracter\u00edsticas<\/h3>\n<p>SoftFoam+: c\u00f3moda plantilla PUMA para una pisada instant\u00e1nea y una comodidad duradera que proporciona una amortiguaci\u00f3n suave a cada paso<br \/>\nIMEVA: entresuela PUMA que ofrece una sensaci\u00f3n c\u00f3moda y ligera<\/p>\n<h3>Detalles<\/h3>\n<ul>\n<li>Perfil bajo.<\/li>\n<li>Exterior de malla.<\/li>\n<li>Suela de goma.<\/li>\n<li>Logotipo PUMA Cat en la leng\u00fceta.<\/li>\n<li>Identidad gr\u00e1fica PUMA en el empeine.<\/li>\n<li class=\"text-desctipcion-ficha\"><strong>Modelo: <\/strong>372362-01.<\/li>\n<li class=\"text-desctipcion-ficha\"><strong>G\u00e9nero:\u00a0<\/strong><span class=\"cap\">Masculino.<\/span><\/li>\n<li class=\"text-desctipcion-ficha\"><strong>Modalidad:\u00a0<\/strong><span class=\"cap\">running.<\/span><\/li>\n<li class=\"text-desctipcion-ficha\"><strong>Estilo:\u00a0<\/strong>Deportivo.<\/li>\n<\/ul>\n","protected":false},"excerpt":{"rendered":"<p>ANZARUN LITE BOLD Reg\u00e1late la comodidad y el rendimiento que te ofrecen las Anzarun de PUMA, unas zapatillas progresivas inspiradas<\/p>\n","protected":false},"featured_media":86026,"comment_status":"open","ping_status":"closed","template":"","meta":{"nf_dc_page":""},"product_brand":[],"product_cat":[76],"product_tag":[],"class_list":{"0":"post-86025","1":"product","2":"type-product","3":"status-publish","4":"has-post-thumbnail","6":"product_cat-masculino","8":"first","9":"instock","10":"shipping-taxable","11":"purchasable","12":"product-type-simple"},"_links":{"self":[{"href":"https:\/\/brandss.com.py\/index\/wp-json\/wp\/v2\/product\/86025","targetHints":{"allow":["GET"]}}],"collection":[{"href":"https:\/\/brandss.com.py\/index\/wp-json\/wp\/v2\/product"}],"about":[{"href":"https:\/\/brandss.com.py\/index\/wp-json\/wp\/v2\/types\/product"}],"replies":[{"embeddable":true,"href":"https:\/\/brandss.com.py\/index\/wp-json\/wp\/v2\/comments?post=86025"}],"version-history":[{"count":1,"href":"https:\/\/brandss.com.py\/index\/wp-json\/wp\/v2\/product\/86025\/revisions"}],"predecessor-version":[{"id":86034,"href":"https:\/\/brandss.com.py\/index\/wp-json\/wp\/v2\/product\/86025\/revisions\/86034"}],"wp:featuredmedia":[{"embeddable":true,"href":"https:\/\/brandss.com.py\/index\/wp-json\/wp\/v2\/media\/86026"}],"wp:attachment":[{"href":"https:\/\/brandss.com.py\/index\/wp-json\/wp\/v2\/media?parent=86025"}],"wp:term":[{"taxonomy":"product_brand","embeddable":true,"href":"https:\/\/brandss.com.py\/index\/wp-json\/wp\/v2\/product_brand?post=86025"},{"taxonomy":"product_cat","embeddable":true,"href":"https:\/\/brandss.com.py\/index\/wp-json\/wp\/v2\/product_cat?post=86025"},{"taxonomy":"product_tag","embeddable":true,"href":"https:\/\/brandss.com.py\/index\/wp-json\/wp\/v2\/product_tag?post=86025"}],"curies":[{"name":"wp","href":"https:\/\/api.w.org\/{rel}","templated":true}]}}