{"id":86042,"date":"2025-07-10T18:22:55","date_gmt":"2025-07-10T18:22:55","guid":{"rendered":"https:\/\/brandss.com.py\/index\/?post_type=product&#038;p=86042"},"modified":"2025-07-10T18:23:30","modified_gmt":"2025-07-10T18:23:30","slug":"calzado-deportivo-femenino-puma-extend-lite-trail","status":"publish","type":"product","link":"https:\/\/brandss.com.py\/index\/producto\/calzado-deportivo-femenino-puma-extend-lite-trail\/","title":{"rendered":"CALZADO DEPORTIVO FEMENINO PUMA EXTEND LITE TRAIL"},"content":{"rendered":"<p><img loading=\"lazy\" decoding=\"async\" class=\"\" src=\"https:\/\/1000marcas.net\/wp-content\/uploads\/2019\/12\/logo-Puma.png\" alt=\"Logo de Puma: la historia y el significado del logotipo, la marca y el  s\u00edmbolo. | png, vector\" width=\"92\" height=\"46\" \/><\/p>\n<h1>EXTEND LITE TRAIL<\/h1>\n<p>Los calzados de trail Extend Lite cubren tus necesidades de trail running y senderismo. La suela presenta un dise\u00f1o con tacos que ofrece la m\u00e1xima tracci\u00f3n, mientras que el empeine se distingue por las marcas PUMA Trail y el famoso dise\u00f1o PUMA Formstrip<\/p>\n<h5>Especificaciones<\/h5>\n<p>SOFTFOAM+: C\u00f3moda plantilla dise\u00f1ada para proporcionar una suave amortiguaci\u00f3n gracias a su tal\u00f3n extragrueso<br \/>\nPUMAGRIP: compuesto de goma de rendimiento duradero dise\u00f1ado para proporcionar tracci\u00f3n en todas las superficies<br \/>\nEl empeine de los calzados est\u00e1n fabricados con al menos un 20 % de materiales reciclados y la parte inferior con al menos un 10 % de materiales reciclados.<\/p>\n<h5>Detalles<\/h5>\n<ul>\n<li>Suela: integral de goma.<\/li>\n<li>Entresuela: EVA de alto rendimiento.<\/li>\n<li>Empeine: Tal\u00f3n y ojetera moldeados.<\/li>\n<li>Cierre: Cordones.<\/li>\n<li>Puntera redondeada.<\/li>\n<li>Color: P\u00farpura.<\/li>\n<li>Modelo: 379538-25.<\/li>\n<\/ul>\n","protected":false},"excerpt":{"rendered":"<p>EXTEND LITE TRAIL Los calzados de trail Extend Lite cubren tus necesidades de trail running y senderismo. La suela presenta<\/p>\n","protected":false},"featured_media":86043,"comment_status":"open","ping_status":"closed","template":"","meta":{"nf_dc_page":""},"product_brand":[],"product_cat":[73],"product_tag":[],"class_list":{"0":"post-86042","1":"product","2":"type-product","3":"status-publish","4":"has-post-thumbnail","6":"product_cat-femenino","8":"first","9":"instock","10":"shipping-taxable","11":"purchasable","12":"product-type-simple"},"_links":{"self":[{"href":"https:\/\/brandss.com.py\/index\/wp-json\/wp\/v2\/product\/86042","targetHints":{"allow":["GET"]}}],"collection":[{"href":"https:\/\/brandss.com.py\/index\/wp-json\/wp\/v2\/product"}],"about":[{"href":"https:\/\/brandss.com.py\/index\/wp-json\/wp\/v2\/types\/product"}],"replies":[{"embeddable":true,"href":"https:\/\/brandss.com.py\/index\/wp-json\/wp\/v2\/comments?post=86042"}],"version-history":[{"count":1,"href":"https:\/\/brandss.com.py\/index\/wp-json\/wp\/v2\/product\/86042\/revisions"}],"predecessor-version":[{"id":86048,"href":"https:\/\/brandss.com.py\/index\/wp-json\/wp\/v2\/product\/86042\/revisions\/86048"}],"wp:featuredmedia":[{"embeddable":true,"href":"https:\/\/brandss.com.py\/index\/wp-json\/wp\/v2\/media\/86043"}],"wp:attachment":[{"href":"https:\/\/brandss.com.py\/index\/wp-json\/wp\/v2\/media?parent=86042"}],"wp:term":[{"taxonomy":"product_brand","embeddable":true,"href":"https:\/\/brandss.com.py\/index\/wp-json\/wp\/v2\/product_brand?post=86042"},{"taxonomy":"product_cat","embeddable":true,"href":"https:\/\/brandss.com.py\/index\/wp-json\/wp\/v2\/product_cat?post=86042"},{"taxonomy":"product_tag","embeddable":true,"href":"https:\/\/brandss.com.py\/index\/wp-json\/wp\/v2\/product_tag?post=86042"}],"curies":[{"name":"wp","href":"https:\/\/api.w.org\/{rel}","templated":true}]}}